{"id":14732,"date":"2025-03-25T15:55:42","date_gmt":"2025-03-25T15:55:42","guid":{"rendered":"https:\/\/acoi.com.br\/conteudocorp\/construindo-o-futuro-obras-industriais-em-vinhedo-com-a-acoi-2\/"},"modified":"2025-03-25T15:55:42","modified_gmt":"2025-03-25T15:55:42","slug":"construindo-o-futuro-obras-industriais-em-vinhedo-com-a-acoi-2","status":"publish","type":"page","link":"https:\/\/acoi.com.br\/conteudocorp\/construindo-o-futuro-obras-industriais-em-vinhedo-com-a-acoi-2\/","title":{"rendered":"Construindo o Futuro: Obras Industriais em Vinhedo com a Acoi"},"content":{"rendered":"<p><strong>Inova\u00e7\u00e3o e Qualidade<\/strong><\/p>\n<p>A Acoi \u00e9 sin\u00f4nimo de inova\u00e7\u00e3o nas obras industriais em Vinhedo. Com uma abordagem centrada em tecnologia de ponta e um time altamente capacitado, garantimos que cada projeto seja executado com precis\u00e3o e dentro dos padr\u00f5es mais exigentes do mercado.<\/p>\n<p>Com experi\u00eancia de mais de 100 mil m\u00b2 constru\u00eddos, a Acoi se destaca em diversas \u00e1reas, sendo a escolha certa para quem busca confiar na execu\u00e7\u00e3o de obras industriais de alta complexidade. Nossos projetos s\u00e3o planejados com aten\u00e7\u00e3o especial ao cumprimento de prazos e \u00e0 sustentabilidade, refletindo nosso compromisso com a qualidade e a efici\u00eancia.<\/p>\n<p>Na Acoi, n\u00e3o apenas constru\u00edmos estruturas; constru\u00edmos parcerias duradouras. O nosso compromisso com a transpar\u00eancia e seguran\u00e7a no relacionamento com os clientes se traduz em resultados que superam expectativas. Cada obra \u00e9 um reflexo da nossa miss\u00e3o de melhorar a qualidade de vida das pessoas e impulsionar neg\u00f3cios com \u00e9tica e responsabilidade.<\/p>\n<p>Escolher a Acoi \u00e9 optar por um futuro s\u00f3lido e promissor. Se voc\u00ea busca excel\u00eancia em obras industriais, somos a refer\u00eancia em Vinhedo. Transforme sua vis\u00e3o em realidade com a Acoi.<\/p>\n","protected":false},"excerpt":{"rendered":"<p>Inova\u00e7\u00e3o e Qualidade A Acoi \u00e9 sin\u00f4nimo de inova\u00e7\u00e3o nas obras industriais em Vinhedo. Com uma abordagem centrada em tecnologia de ponta e um time altamente capacitado, garantimos que cada projeto seja executado com precis\u00e3o e dentro dos padr\u00f5es mais exigentes do mercado. Com experi\u00eancia de mais de 100 mil m\u00b2 constru\u00eddos, a Acoi se&hellip;&nbsp;<a href=\"https:\/\/acoi.com.br\/conteudocorp\/construindo-o-futuro-obras-industriais-em-vinhedo-com-a-acoi-2\/\" class=\"\" rel=\"bookmark\">Continue a ler &raquo;<span class=\"screen-reader-text\">Construindo o Futuro: Obras Industriais em Vinhedo com a Acoi<\/span><\/a><\/p>\n","protected":false},"author":3,"featured_media":0,"parent":0,"menu_order":0,"comment_status":"closed","ping_status":"closed","template":"","meta":{"_acf_changed":false,"_yoast_wpseo_focuskw":"Obras Industriais em Vinhedo","_yoast_wpseo_title":"Acoi: L\u00edder em Obras Industriais em Vinhedo","_yoast_wpseo_metadesc":"A Acoi \u00e9 a principal empresa de constru\u00e7\u00e3o de obras industriais em Vinhedo, oferecendo qualidade e inova\u00e7\u00e3o em cada projeto.","neve_meta_sidebar":"","neve_meta_container":"","neve_meta_enable_content_width":"","neve_meta_content_width":0,"neve_meta_title_alignment":"","neve_meta_author_avatar":"","neve_post_elements_order":"","neve_meta_disable_header":"","neve_meta_disable_footer":"","neve_meta_disable_title":"","footnotes":""},"class_list":["post-14732","page","type-page","status-publish","hentry"],"acf":{"introducao":"","conceitos_fundamentais":"","como_funciona":"","como_aplicar_no_dia_a_dia":"","principais_utilizacoes_e_beneficios":"","tipos_e_classificacoes":"","tecnologias_e_ferramentas_relacionadas":"","exemplos_e_casos_de_sucesso":"","mitos_e_verdades":"","perguntas_frequentes_faq":"","erros_comuns_e_como_evita-los":"","futuro_e_tendencias":"","conclusao":"","bloco1title":"Experi\u00eancia Comprovada","bloco1text":"Com um portf\u00f3lio extenso, a Acoi constr\u00f3i com excel\u00eancia, assegurando a satisfa\u00e7\u00e3o do cliente em cada projeto industrial realizado.","bloco2title":"Tecnologia de Ponta","bloco2text":"Adotamos tecnologias modernas que garantem efici\u00eancia e seguran\u00e7a nas obras, otimizando recursos e reduzindo prazos.","bloco3title":"Sustentabilidade em Foco","bloco3text":"A Acoi se compromete com pr\u00e1ticas sustent\u00e1veis na constru\u00e7\u00e3o, utilizando materiais ecoeficientes e m\u00e9todos que respeitam o meio ambiente.","insightwidtitle":"Curiosidades sobre Vinhedo","insightwidcontent":"Vinhedo, localizada no interior de S\u00e3o Paulo, \u00e9 conhecida por sua rica cultura e desenvolvimento industrial. A cidade abriga v\u00e1rias empresas de renome e possui uma infraestrutura que favorece a instala\u00e7\u00e3o de novas ind\u00fastrias. Al\u00e9m disso, Vinhedo conta com um bel\u00edssimo cen\u00e1rio natural, o que a torna um lugar atrativo n\u00e3o apenas para neg\u00f3cios, mas tamb\u00e9m para a qualidade de vida de seus moradores."},"yoast_head":"<!-- This site is optimized with the Yoast SEO plugin v23.4 - https:\/\/yoast.com\/wordpress\/plugins\/seo\/ -->\n<title>Acoi: L\u00edder em Obras Industriais em Vinhedo<\/title>\n<meta name=\"description\" content=\"A Acoi \u00e9 a principal empresa de constru\u00e7\u00e3o de obras industriais em Vinhedo, oferecendo qualidade e inova\u00e7\u00e3o em cada projeto.\" \/>\n<meta name=\"robots\" content=\"index, follow, max-snippet:-1, max-image-preview:large, max-video-preview:-1\" \/>\n<link rel=\"canonical\" href=\"https:\/\/acoi.com.br\/conteudocorp\/construindo-o-futuro-obras-industriais-em-vinhedo-com-a-acoi-2\/\" \/>\n<meta property=\"og:locale\" content=\"pt_BR\" \/>\n<meta property=\"og:type\" content=\"article\" \/>\n<meta property=\"og:title\" content=\"Acoi: L\u00edder em Obras Industriais em Vinhedo\" \/>\n<meta property=\"og:description\" content=\"A Acoi \u00e9 a principal empresa de constru\u00e7\u00e3o de obras industriais em Vinhedo, oferecendo qualidade e inova\u00e7\u00e3o em cada projeto.\" \/>\n<meta property=\"og:url\" content=\"https:\/\/acoi.com.br\/conteudocorp\/construindo-o-futuro-obras-industriais-em-vinhedo-com-a-acoi-2\/\" \/>\n<meta property=\"og:site_name\" content=\"Acoi Corp\" \/>\n<meta name=\"twitter:card\" content=\"summary_large_image\" \/>\n<meta name=\"twitter:label1\" content=\"Est. tempo de leitura\" \/>\n\t<meta name=\"twitter:data1\" content=\"1 minuto\" \/>\n<script type=\"application\/ld+json\" class=\"yoast-schema-graph\">{\"@context\":\"https:\/\/schema.org\",\"@graph\":[{\"@type\":\"WebPage\",\"@id\":\"https:\/\/acoi.com.br\/conteudocorp\/construindo-o-futuro-obras-industriais-em-vinhedo-com-a-acoi-2\/\",\"url\":\"https:\/\/acoi.com.br\/conteudocorp\/construindo-o-futuro-obras-industriais-em-vinhedo-com-a-acoi-2\/\",\"name\":\"Acoi: L\u00edder em Obras Industriais em Vinhedo\",\"isPartOf\":{\"@id\":\"https:\/\/acoi.com.br\/conteudocorp\/#website\"},\"datePublished\":\"2025-03-25T15:55:42+00:00\",\"dateModified\":\"2025-03-25T15:55:42+00:00\",\"description\":\"A Acoi \u00e9 a principal empresa de constru\u00e7\u00e3o de obras industriais em Vinhedo, oferecendo qualidade e inova\u00e7\u00e3o em cada projeto.\",\"breadcrumb\":{\"@id\":\"https:\/\/acoi.com.br\/conteudocorp\/construindo-o-futuro-obras-industriais-em-vinhedo-com-a-acoi-2\/#breadcrumb\"},\"inLanguage\":\"pt-BR\",\"potentialAction\":[{\"@type\":\"ReadAction\",\"target\":[\"https:\/\/acoi.com.br\/conteudocorp\/construindo-o-futuro-obras-industriais-em-vinhedo-com-a-acoi-2\/\"]}]},{\"@type\":\"BreadcrumbList\",\"@id\":\"https:\/\/acoi.com.br\/conteudocorp\/construindo-o-futuro-obras-industriais-em-vinhedo-com-a-acoi-2\/#breadcrumb\",\"itemListElement\":[{\"@type\":\"ListItem\",\"position\":1,\"name\":\"Home\",\"item\":\"https:\/\/acoi.com.br\/conteudocorp\/\"},{\"@type\":\"ListItem\",\"position\":2,\"name\":\"Construindo o Futuro: Obras Industriais em Vinhedo com a Acoi\"}]},{\"@type\":\"WebSite\",\"@id\":\"https:\/\/acoi.com.br\/conteudocorp\/#website\",\"url\":\"https:\/\/acoi.com.br\/conteudocorp\/\",\"name\":\"Acoi Corp\",\"description\":\"\",\"potentialAction\":[{\"@type\":\"SearchAction\",\"target\":{\"@type\":\"EntryPoint\",\"urlTemplate\":\"https:\/\/acoi.com.br\/conteudocorp\/?s={search_term_string}\"},\"query-input\":{\"@type\":\"PropertyValueSpecification\",\"valueRequired\":true,\"valueName\":\"search_term_string\"}}],\"inLanguage\":\"pt-BR\"}]}<\/script>\n<!-- \/ Yoast SEO plugin. -->","yoast_head_json":{"title":"Acoi: L\u00edder em Obras Industriais em Vinhedo","description":"A Acoi \u00e9 a principal empresa de constru\u00e7\u00e3o de obras industriais em Vinhedo, oferecendo qualidade e inova\u00e7\u00e3o em cada projeto.","robots":{"index":"index","follow":"follow","max-snippet":"max-snippet:-1","max-image-preview":"max-image-preview:large","max-video-preview":"max-video-preview:-1"},"canonical":"https:\/\/acoi.com.br\/conteudocorp\/construindo-o-futuro-obras-industriais-em-vinhedo-com-a-acoi-2\/","og_locale":"pt_BR","og_type":"article","og_title":"Acoi: L\u00edder em Obras Industriais em Vinhedo","og_description":"A Acoi \u00e9 a principal empresa de constru\u00e7\u00e3o de obras industriais em Vinhedo, oferecendo qualidade e inova\u00e7\u00e3o em cada projeto.","og_url":"https:\/\/acoi.com.br\/conteudocorp\/construindo-o-futuro-obras-industriais-em-vinhedo-com-a-acoi-2\/","og_site_name":"Acoi Corp","twitter_card":"summary_large_image","twitter_misc":{"Est. tempo de leitura":"1 minuto"},"schema":{"@context":"https:\/\/schema.org","@graph":[{"@type":"WebPage","@id":"https:\/\/acoi.com.br\/conteudocorp\/construindo-o-futuro-obras-industriais-em-vinhedo-com-a-acoi-2\/","url":"https:\/\/acoi.com.br\/conteudocorp\/construindo-o-futuro-obras-industriais-em-vinhedo-com-a-acoi-2\/","name":"Acoi: L\u00edder em Obras Industriais em Vinhedo","isPartOf":{"@id":"https:\/\/acoi.com.br\/conteudocorp\/#website"},"datePublished":"2025-03-25T15:55:42+00:00","dateModified":"2025-03-25T15:55:42+00:00","description":"A Acoi \u00e9 a principal empresa de constru\u00e7\u00e3o de obras industriais em Vinhedo, oferecendo qualidade e inova\u00e7\u00e3o em cada projeto.","breadcrumb":{"@id":"https:\/\/acoi.com.br\/conteudocorp\/construindo-o-futuro-obras-industriais-em-vinhedo-com-a-acoi-2\/#breadcrumb"},"inLanguage":"pt-BR","potentialAction":[{"@type":"ReadAction","target":["https:\/\/acoi.com.br\/conteudocorp\/construindo-o-futuro-obras-industriais-em-vinhedo-com-a-acoi-2\/"]}]},{"@type":"BreadcrumbList","@id":"https:\/\/acoi.com.br\/conteudocorp\/construindo-o-futuro-obras-industriais-em-vinhedo-com-a-acoi-2\/#breadcrumb","itemListElement":[{"@type":"ListItem","position":1,"name":"Home","item":"https:\/\/acoi.com.br\/conteudocorp\/"},{"@type":"ListItem","position":2,"name":"Construindo o Futuro: Obras Industriais em Vinhedo com a Acoi"}]},{"@type":"WebSite","@id":"https:\/\/acoi.com.br\/conteudocorp\/#website","url":"https:\/\/acoi.com.br\/conteudocorp\/","name":"Acoi Corp","description":"","potentialAction":[{"@type":"SearchAction","target":{"@type":"EntryPoint","urlTemplate":"https:\/\/acoi.com.br\/conteudocorp\/?s={search_term_string}"},"query-input":{"@type":"PropertyValueSpecification","valueRequired":true,"valueName":"search_term_string"}}],"inLanguage":"pt-BR"}]}},"_links":{"self":[{"href":"https:\/\/acoi.com.br\/conteudocorp\/wp-json\/wp\/v2\/pages\/14732","targetHints":{"allow":["GET"]}}],"collection":[{"href":"https:\/\/acoi.com.br\/conteudocorp\/wp-json\/wp\/v2\/pages"}],"about":[{"href":"https:\/\/acoi.com.br\/conteudocorp\/wp-json\/wp\/v2\/types\/page"}],"author":[{"embeddable":true,"href":"https:\/\/acoi.com.br\/conteudocorp\/wp-json\/wp\/v2\/users\/3"}],"replies":[{"embeddable":true,"href":"https:\/\/acoi.com.br\/conteudocorp\/wp-json\/wp\/v2\/comments?post=14732"}],"version-history":[{"count":0,"href":"https:\/\/acoi.com.br\/conteudocorp\/wp-json\/wp\/v2\/pages\/14732\/revisions"}],"wp:attachment":[{"href":"https:\/\/acoi.com.br\/conteudocorp\/wp-json\/wp\/v2\/media?parent=14732"}],"curies":[{"name":"wp","href":"https:\/\/api.w.org\/{rel}","templated":true}]}}