{"id":16030,"date":"2025-03-28T21:56:01","date_gmt":"2025-03-28T21:56:01","guid":{"rendered":"https:\/\/acoi.com.br\/conteudocorp\/transformando-itatiba-obras-comerciais-que-impulsionam-negocios\/"},"modified":"2025-03-28T21:56:01","modified_gmt":"2025-03-28T21:56:01","slug":"transformando-itatiba-obras-comerciais-que-impulsionam-negocios","status":"publish","type":"page","link":"https:\/\/acoi.com.br\/conteudocorp\/transformando-itatiba-obras-comerciais-que-impulsionam-negocios\/","title":{"rendered":"Transformando Itatiba: Obras Comerciais que Impulsionam Neg\u00f3cios"},"content":{"rendered":"<p><strong>O Crescimento de Itatiba<\/strong> em termos de infraestrutura \u00e9 not\u00e1vel, e as obras comerciais s\u00e3o o cora\u00e7\u00e3o desse processo. A Acoi se destaca por desenvolver projetos que se adaptam \u00e0s necessidades \u00fanicas de cada cliente, priorizando sustentabilidade e inova\u00e7\u00e3o. <\/p>\n<p><strong>Transformando Vis\u00f5es em Realidade<\/strong>, cada empreendimento que a Acoi realiza \u00e9 mais do que uma constru\u00e7\u00e3o; \u00e9 uma oportunidade de crescimento. Nossa equipe, composta por engenheiros e arquitetos especializados, trabalha em conjunto com nossos clientes para garantir que cada aspecto do projeto seja meticulosamente planejado. <\/p>\n<p><strong>Compromisso com a Qualidade<\/strong> \u00e9 nosso lema. Desde o in\u00edcio at\u00e9 a finaliza\u00e7\u00e3o, dedicamo-nos a cumprir prazos e entrega de servi\u00e7os de excel\u00eancia. Os nossos 100 mil m\u00b2 constru\u00eddos s\u00e3o reflexo do nosso compromisso com qualidade e inova\u00e7\u00e3o. <\/p>\n<p><strong>Obras que Transformam Vidas<\/strong> s\u00e3o aquelas que oferecem mais do que espa\u00e7o f\u00edsico, mas que trazem conforto e funcionalidade para neg\u00f3cios. Na Acoi, acreditamos que cada obra deve contribuir para o desenvolvimento do com\u00e9rcio e da economia local, levando em considera\u00e7\u00e3o n\u00e3o apenas a est\u00e9tica, mas tamb\u00e9m a funcionalidade e a sustentabilidade. <\/p>\n<p><span>A Acoi,a melhor op\u00e7\u00e3o, garante fazer parte deste crescimento em Itatiba. Transforme seu sonho em realidade conosco!<\/span><\/p>\n","protected":false},"excerpt":{"rendered":"<p>O Crescimento de Itatiba em termos de infraestrutura \u00e9 not\u00e1vel, e as obras comerciais s\u00e3o o cora\u00e7\u00e3o desse processo. A Acoi se destaca por desenvolver projetos que se adaptam \u00e0s necessidades \u00fanicas de cada cliente, priorizando sustentabilidade e inova\u00e7\u00e3o. Transformando Vis\u00f5es em Realidade, cada empreendimento que a Acoi realiza \u00e9 mais do que uma constru\u00e7\u00e3o;&hellip;&nbsp;<a href=\"https:\/\/acoi.com.br\/conteudocorp\/transformando-itatiba-obras-comerciais-que-impulsionam-negocios\/\" class=\"\" rel=\"bookmark\">Continue a ler &raquo;<span class=\"screen-reader-text\">Transformando Itatiba: Obras Comerciais que Impulsionam Neg\u00f3cios<\/span><\/a><\/p>\n","protected":false},"author":3,"featured_media":0,"parent":0,"menu_order":0,"comment_status":"closed","ping_status":"closed","template":"","meta":{"_acf_changed":false,"_yoast_wpseo_focuskw":"Obras Comerciais em Itatiba","_yoast_wpseo_title":"Obras Comerciais em Itatiba: A Acoi Como Refer\u00eancia em Constru\u00e7\u00e3o","_yoast_wpseo_metadesc":"Descubra como a Acoi est\u00e1 transformando Itatiba atrav\u00e9s de obras comerciais inovadoras e sustent\u00e1veis, contribuindo para o crescimento econ\u00f4mico local.","neve_meta_sidebar":"","neve_meta_container":"","neve_meta_enable_content_width":"","neve_meta_content_width":0,"neve_meta_title_alignment":"","neve_meta_author_avatar":"","neve_post_elements_order":"","neve_meta_disable_header":"","neve_meta_disable_footer":"","neve_meta_disable_title":"","footnotes":""},"class_list":["post-16030","page","type-page","status-publish","hentry"],"acf":{"introducao":"","conceitos_fundamentais":"","como_funciona":"","como_aplicar_no_dia_a_dia":"","principais_utilizacoes_e_beneficios":"","tipos_e_classificacoes":"","tecnologias_e_ferramentas_relacionadas":"","exemplos_e_casos_de_sucesso":"","mitos_e_verdades":"","perguntas_frequentes_faq":"","erros_comuns_e_como_evita-los":"","futuro_e_tendencias":"","conclusao":"","bloco1title":"Qualidade Comprovada","bloco1text":"Na Acoi, nossas obras comerciais s\u00e3o sin\u00f4nimo de qualidade, seguran\u00e7a e inova\u00e7\u00e3o, alicer\u00e7adas por nossa extensa experi\u00eancia no setor.","bloco2title":"Equipe Especializada","bloco2text":"Contamos com profissionais altamente qualificados, garantindo um planejamento eficaz e resultados que atendem aos mais altos padr\u00f5es.","bloco3title":"Impacto no Com\u00e9rcio","bloco3text":"As obras comerciais realizadas pela Acoi em Itatiba n\u00e3o s\u00f3 embelezam a cidade, mas tamb\u00e9m geram empregos e fomentam a economia local, beneficiando a comunidade.","insightwidtitle":"Curiosidades sobre Obras Comerciais","insightwidcontent":"Voc\u00ea sabia que as obras comerciais contribuem significativamente para o crescimento da economia local? Em Itatiba, essas constru\u00e7\u00f5es n\u00e3o apenas criam novos neg\u00f3cios, mas tamb\u00e9m geram empregos e aumentam a receita tribut\u00e1ria, ajudando o munic\u00edpio a se desenvolver e prosperar."},"yoast_head":"<!-- This site is optimized with the Yoast SEO plugin v23.4 - https:\/\/yoast.com\/wordpress\/plugins\/seo\/ -->\n<title>Obras Comerciais em Itatiba: A Acoi Como Refer\u00eancia em Constru\u00e7\u00e3o<\/title>\n<meta name=\"description\" content=\"Descubra como a Acoi est\u00e1 transformando Itatiba atrav\u00e9s de obras comerciais inovadoras e sustent\u00e1veis, contribuindo para o crescimento econ\u00f4mico local.\" \/>\n<meta name=\"robots\" content=\"index, follow, max-snippet:-1, max-image-preview:large, max-video-preview:-1\" \/>\n<link rel=\"canonical\" href=\"https:\/\/acoi.com.br\/conteudocorp\/transformando-itatiba-obras-comerciais-que-impulsionam-negocios\/\" \/>\n<meta property=\"og:locale\" content=\"pt_BR\" \/>\n<meta property=\"og:type\" content=\"article\" \/>\n<meta property=\"og:title\" content=\"Obras Comerciais em Itatiba: A Acoi Como Refer\u00eancia em Constru\u00e7\u00e3o\" \/>\n<meta property=\"og:description\" content=\"Descubra como a Acoi est\u00e1 transformando Itatiba atrav\u00e9s de obras comerciais inovadoras e sustent\u00e1veis, contribuindo para o crescimento econ\u00f4mico local.\" \/>\n<meta property=\"og:url\" content=\"https:\/\/acoi.com.br\/conteudocorp\/transformando-itatiba-obras-comerciais-que-impulsionam-negocios\/\" \/>\n<meta property=\"og:site_name\" content=\"Acoi Corp\" \/>\n<meta name=\"twitter:card\" content=\"summary_large_image\" \/>\n<meta name=\"twitter:label1\" content=\"Est. tempo de leitura\" \/>\n\t<meta name=\"twitter:data1\" content=\"1 minuto\" \/>\n<script type=\"application\/ld+json\" class=\"yoast-schema-graph\">{\"@context\":\"https:\/\/schema.org\",\"@graph\":[{\"@type\":\"WebPage\",\"@id\":\"https:\/\/acoi.com.br\/conteudocorp\/transformando-itatiba-obras-comerciais-que-impulsionam-negocios\/\",\"url\":\"https:\/\/acoi.com.br\/conteudocorp\/transformando-itatiba-obras-comerciais-que-impulsionam-negocios\/\",\"name\":\"Obras Comerciais em Itatiba: A Acoi Como Refer\u00eancia em Constru\u00e7\u00e3o\",\"isPartOf\":{\"@id\":\"https:\/\/acoi.com.br\/conteudocorp\/#website\"},\"datePublished\":\"2025-03-28T21:56:01+00:00\",\"dateModified\":\"2025-03-28T21:56:01+00:00\",\"description\":\"Descubra como a Acoi est\u00e1 transformando Itatiba atrav\u00e9s de obras comerciais inovadoras e sustent\u00e1veis, contribuindo para o crescimento econ\u00f4mico local.\",\"breadcrumb\":{\"@id\":\"https:\/\/acoi.com.br\/conteudocorp\/transformando-itatiba-obras-comerciais-que-impulsionam-negocios\/#breadcrumb\"},\"inLanguage\":\"pt-BR\",\"potentialAction\":[{\"@type\":\"ReadAction\",\"target\":[\"https:\/\/acoi.com.br\/conteudocorp\/transformando-itatiba-obras-comerciais-que-impulsionam-negocios\/\"]}]},{\"@type\":\"BreadcrumbList\",\"@id\":\"https:\/\/acoi.com.br\/conteudocorp\/transformando-itatiba-obras-comerciais-que-impulsionam-negocios\/#breadcrumb\",\"itemListElement\":[{\"@type\":\"ListItem\",\"position\":1,\"name\":\"Home\",\"item\":\"https:\/\/acoi.com.br\/conteudocorp\/\"},{\"@type\":\"ListItem\",\"position\":2,\"name\":\"Transformando Itatiba: Obras Comerciais que Impulsionam Neg\u00f3cios\"}]},{\"@type\":\"WebSite\",\"@id\":\"https:\/\/acoi.com.br\/conteudocorp\/#website\",\"url\":\"https:\/\/acoi.com.br\/conteudocorp\/\",\"name\":\"Acoi Corp\",\"description\":\"\",\"potentialAction\":[{\"@type\":\"SearchAction\",\"target\":{\"@type\":\"EntryPoint\",\"urlTemplate\":\"https:\/\/acoi.com.br\/conteudocorp\/?s={search_term_string}\"},\"query-input\":{\"@type\":\"PropertyValueSpecification\",\"valueRequired\":true,\"valueName\":\"search_term_string\"}}],\"inLanguage\":\"pt-BR\"}]}<\/script>\n<!-- \/ Yoast SEO plugin. -->","yoast_head_json":{"title":"Obras Comerciais em Itatiba: A Acoi Como Refer\u00eancia em Constru\u00e7\u00e3o","description":"Descubra como a Acoi est\u00e1 transformando Itatiba atrav\u00e9s de obras comerciais inovadoras e sustent\u00e1veis, contribuindo para o crescimento econ\u00f4mico local.","robots":{"index":"index","follow":"follow","max-snippet":"max-snippet:-1","max-image-preview":"max-image-preview:large","max-video-preview":"max-video-preview:-1"},"canonical":"https:\/\/acoi.com.br\/conteudocorp\/transformando-itatiba-obras-comerciais-que-impulsionam-negocios\/","og_locale":"pt_BR","og_type":"article","og_title":"Obras Comerciais em Itatiba: A Acoi Como Refer\u00eancia em Constru\u00e7\u00e3o","og_description":"Descubra como a Acoi est\u00e1 transformando Itatiba atrav\u00e9s de obras comerciais inovadoras e sustent\u00e1veis, contribuindo para o crescimento econ\u00f4mico local.","og_url":"https:\/\/acoi.com.br\/conteudocorp\/transformando-itatiba-obras-comerciais-que-impulsionam-negocios\/","og_site_name":"Acoi Corp","twitter_card":"summary_large_image","twitter_misc":{"Est. tempo de leitura":"1 minuto"},"schema":{"@context":"https:\/\/schema.org","@graph":[{"@type":"WebPage","@id":"https:\/\/acoi.com.br\/conteudocorp\/transformando-itatiba-obras-comerciais-que-impulsionam-negocios\/","url":"https:\/\/acoi.com.br\/conteudocorp\/transformando-itatiba-obras-comerciais-que-impulsionam-negocios\/","name":"Obras Comerciais em Itatiba: A Acoi Como Refer\u00eancia em Constru\u00e7\u00e3o","isPartOf":{"@id":"https:\/\/acoi.com.br\/conteudocorp\/#website"},"datePublished":"2025-03-28T21:56:01+00:00","dateModified":"2025-03-28T21:56:01+00:00","description":"Descubra como a Acoi est\u00e1 transformando Itatiba atrav\u00e9s de obras comerciais inovadoras e sustent\u00e1veis, contribuindo para o crescimento econ\u00f4mico local.","breadcrumb":{"@id":"https:\/\/acoi.com.br\/conteudocorp\/transformando-itatiba-obras-comerciais-que-impulsionam-negocios\/#breadcrumb"},"inLanguage":"pt-BR","potentialAction":[{"@type":"ReadAction","target":["https:\/\/acoi.com.br\/conteudocorp\/transformando-itatiba-obras-comerciais-que-impulsionam-negocios\/"]}]},{"@type":"BreadcrumbList","@id":"https:\/\/acoi.com.br\/conteudocorp\/transformando-itatiba-obras-comerciais-que-impulsionam-negocios\/#breadcrumb","itemListElement":[{"@type":"ListItem","position":1,"name":"Home","item":"https:\/\/acoi.com.br\/conteudocorp\/"},{"@type":"ListItem","position":2,"name":"Transformando Itatiba: Obras Comerciais que Impulsionam Neg\u00f3cios"}]},{"@type":"WebSite","@id":"https:\/\/acoi.com.br\/conteudocorp\/#website","url":"https:\/\/acoi.com.br\/conteudocorp\/","name":"Acoi Corp","description":"","potentialAction":[{"@type":"SearchAction","target":{"@type":"EntryPoint","urlTemplate":"https:\/\/acoi.com.br\/conteudocorp\/?s={search_term_string}"},"query-input":{"@type":"PropertyValueSpecification","valueRequired":true,"valueName":"search_term_string"}}],"inLanguage":"pt-BR"}]}},"_links":{"self":[{"href":"https:\/\/acoi.com.br\/conteudocorp\/wp-json\/wp\/v2\/pages\/16030","targetHints":{"allow":["GET"]}}],"collection":[{"href":"https:\/\/acoi.com.br\/conteudocorp\/wp-json\/wp\/v2\/pages"}],"about":[{"href":"https:\/\/acoi.com.br\/conteudocorp\/wp-json\/wp\/v2\/types\/page"}],"author":[{"embeddable":true,"href":"https:\/\/acoi.com.br\/conteudocorp\/wp-json\/wp\/v2\/users\/3"}],"replies":[{"embeddable":true,"href":"https:\/\/acoi.com.br\/conteudocorp\/wp-json\/wp\/v2\/comments?post=16030"}],"version-history":[{"count":0,"href":"https:\/\/acoi.com.br\/conteudocorp\/wp-json\/wp\/v2\/pages\/16030\/revisions"}],"wp:attachment":[{"href":"https:\/\/acoi.com.br\/conteudocorp\/wp-json\/wp\/v2\/media?parent=16030"}],"curies":[{"name":"wp","href":"https:\/\/api.w.org\/{rel}","templated":true}]}}