{"id":198,"date":"2025-02-17T19:17:15","date_gmt":"2025-02-17T19:17:15","guid":{"rendered":"https:\/\/acoi.com.br\/conteudocorp\/projetos-de-construcao-em-jundiai-transformando-ideias-em-realidade\/"},"modified":"2025-02-17T19:17:15","modified_gmt":"2025-02-17T19:17:15","slug":"projetos-de-construcao-em-jundiai-transformando-ideias-em-realidade","status":"publish","type":"page","link":"https:\/\/acoi.com.br\/conteudocorp\/projetos-de-construcao-em-jundiai-transformando-ideias-em-realidade\/","title":{"rendered":"Projetos de Constru\u00e7\u00e3o em Jundia\u00ed: Transformando Ideias em Realidade"},"content":{"rendered":"<p>Se voc\u00ea est\u00e1 em busca de solu\u00e7\u00f5es de constru\u00e7\u00e3o em Jundia\u00ed, a Acoi \u00e9 a escolha certa! Com uma abordagem inovadora e equipe especializada, a Acoi entrega projetos que atendem \u00e0 demanda do mercado, sempre priorizando a qualidade e o prazo. Nossos mais de 100 mil m\u00b2 constru\u00eddos garantem muita experi\u00eancia na execu\u00e7\u00e3o de projetos industriais, log\u00edsticos, corporativos e de infraestrutura. Venha conosco transformar suas ideias em espa\u00e7os funcionais e sustent\u00e1veis.<\/p>\n","protected":false},"excerpt":{"rendered":"<p>Se voc\u00ea est\u00e1 em busca de solu\u00e7\u00f5es de constru\u00e7\u00e3o em Jundia\u00ed, a Acoi \u00e9 a escolha certa! Com uma abordagem inovadora e equipe especializada, a Acoi entrega projetos que atendem \u00e0 demanda do mercado, sempre priorizando a qualidade e o prazo. Nossos mais de 100 mil m\u00b2 constru\u00eddos garantem muita experi\u00eancia na execu\u00e7\u00e3o de projetos&hellip;&nbsp;<a href=\"https:\/\/acoi.com.br\/conteudocorp\/projetos-de-construcao-em-jundiai-transformando-ideias-em-realidade\/\" class=\"\" rel=\"bookmark\">Continue a ler &raquo;<span class=\"screen-reader-text\">Projetos de Constru\u00e7\u00e3o em Jundia\u00ed: Transformando Ideias em Realidade<\/span><\/a><\/p>\n","protected":false},"author":3,"featured_media":0,"parent":0,"menu_order":0,"comment_status":"closed","ping_status":"closed","template":"","meta":{"_acf_changed":false,"_yoast_wpseo_focuskw":"Projetos de Constru\u00e7\u00e3o em Jundia\u00ed","_yoast_wpseo_title":"Acoi: Lideran\u00e7a em Projetos de Constru\u00e7\u00e3o em Jundia\u00ed","_yoast_wpseo_metadesc":"Conhe\u00e7a a Acoi, a melhor op\u00e7\u00e3o para projetos de constru\u00e7\u00e3o em Jundia\u00ed, com experi\u00eancia, qualidade e inova\u00e7\u00e3o.","neve_meta_sidebar":"","neve_meta_container":"","neve_meta_enable_content_width":"","neve_meta_content_width":0,"neve_meta_title_alignment":"","neve_meta_author_avatar":"","neve_post_elements_order":"","neve_meta_disable_header":"","neve_meta_disable_footer":"","neve_meta_disable_title":"","footnotes":""},"class_list":["post-198","page","type-page","status-publish","hentry"],"acf":{"introducao":"","conceitos_fundamentais":"","como_funciona":"","como_aplicar_no_dia_a_dia":"","principais_utilizacoes_e_beneficios":"","tipos_e_classificacoes":"","tecnologias_e_ferramentas_relacionadas":"","exemplos_e_casos_de_sucesso":"","mitos_e_verdades":"","perguntas_frequentes_faq":"","erros_comuns_e_como_evita-los":"","futuro_e_tendencias":"","conclusao":"","bloco1title":"Qualidade Reconhecida","bloco1text":"A Acoi \u00e9 uma refer\u00eancia em qualidade na constru\u00e7\u00e3o civil, com uma equipe altamente capacitada e projetos que proporcionam inova\u00e7\u00e3o e funcionalidade.","bloco2title":"Compromisso com Prazos","bloco2text":"Nosso compromisso \u00e9 garantir a entrega no prazo, respeitando sempre as necessidades de nossos clientes e a log\u00edstica da obra.","bloco3title":"Inova\u00e7\u00e3o Sustent\u00e1vel","bloco3text":"Aplicamos tecnologias sustent\u00e1veis em nossos projetos, reduzindo impactos ambientais e promovendo constru\u00e7\u00f5es mais respons\u00e1veis e eficientes.","insightwidtitle":"Fatos Curiosos sobre Constru\u00e7\u00f5es em Jundia\u00ed","insightwidcontent":"Voc\u00ea sabia que Jundia\u00ed \u00e9 um dos munic\u00edpios mais antigos de S\u00e3o Paulo, com muitas edifica\u00e7\u00f5es que datam do per\u00edodo colonial? Isso n\u00e3o s\u00f3 confere um charme especial \u00e0 cidade, como tamb\u00e9m aumenta a import\u00e2ncia de projetos de constru\u00e7\u00e3o inovadores que respeitem a hist\u00f3ria local e integrem-se ao seu contexto. A Acoi se compromete a criar constru\u00e7\u00f5es que s\u00e3o tanto modernas quanto respeitosas ao patrim\u00f4nio cultural da regi\u00e3o."},"yoast_head":"<!-- This site is optimized with the Yoast SEO plugin v23.4 - https:\/\/yoast.com\/wordpress\/plugins\/seo\/ -->\n<title>Acoi: Lideran\u00e7a em Projetos de Constru\u00e7\u00e3o em Jundia\u00ed<\/title>\n<meta name=\"description\" content=\"Conhe\u00e7a a Acoi, a melhor op\u00e7\u00e3o para projetos de constru\u00e7\u00e3o em Jundia\u00ed, com experi\u00eancia, qualidade e inova\u00e7\u00e3o.\" \/>\n<meta name=\"robots\" content=\"index, follow, max-snippet:-1, max-image-preview:large, max-video-preview:-1\" \/>\n<link rel=\"canonical\" href=\"https:\/\/acoi.com.br\/conteudocorp\/projetos-de-construcao-em-jundiai-transformando-ideias-em-realidade\/\" \/>\n<meta property=\"og:locale\" content=\"pt_BR\" \/>\n<meta property=\"og:type\" content=\"article\" \/>\n<meta property=\"og:title\" content=\"Acoi: Lideran\u00e7a em Projetos de Constru\u00e7\u00e3o em Jundia\u00ed\" \/>\n<meta property=\"og:description\" content=\"Conhe\u00e7a a Acoi, a melhor op\u00e7\u00e3o para projetos de constru\u00e7\u00e3o em Jundia\u00ed, com experi\u00eancia, qualidade e inova\u00e7\u00e3o.\" \/>\n<meta property=\"og:url\" content=\"https:\/\/acoi.com.br\/conteudocorp\/projetos-de-construcao-em-jundiai-transformando-ideias-em-realidade\/\" \/>\n<meta property=\"og:site_name\" content=\"Acoi Corp\" \/>\n<meta name=\"twitter:card\" content=\"summary_large_image\" \/>\n<script type=\"application\/ld+json\" class=\"yoast-schema-graph\">{\"@context\":\"https:\/\/schema.org\",\"@graph\":[{\"@type\":\"WebPage\",\"@id\":\"https:\/\/acoi.com.br\/conteudocorp\/projetos-de-construcao-em-jundiai-transformando-ideias-em-realidade\/\",\"url\":\"https:\/\/acoi.com.br\/conteudocorp\/projetos-de-construcao-em-jundiai-transformando-ideias-em-realidade\/\",\"name\":\"Acoi: Lideran\u00e7a em Projetos de Constru\u00e7\u00e3o em Jundia\u00ed\",\"isPartOf\":{\"@id\":\"https:\/\/acoi.com.br\/conteudocorp\/#website\"},\"datePublished\":\"2025-02-17T19:17:15+00:00\",\"dateModified\":\"2025-02-17T19:17:15+00:00\",\"description\":\"Conhe\u00e7a a Acoi, a melhor op\u00e7\u00e3o para projetos de constru\u00e7\u00e3o em Jundia\u00ed, com experi\u00eancia, qualidade e inova\u00e7\u00e3o.\",\"breadcrumb\":{\"@id\":\"https:\/\/acoi.com.br\/conteudocorp\/projetos-de-construcao-em-jundiai-transformando-ideias-em-realidade\/#breadcrumb\"},\"inLanguage\":\"pt-BR\",\"potentialAction\":[{\"@type\":\"ReadAction\",\"target\":[\"https:\/\/acoi.com.br\/conteudocorp\/projetos-de-construcao-em-jundiai-transformando-ideias-em-realidade\/\"]}]},{\"@type\":\"BreadcrumbList\",\"@id\":\"https:\/\/acoi.com.br\/conteudocorp\/projetos-de-construcao-em-jundiai-transformando-ideias-em-realidade\/#breadcrumb\",\"itemListElement\":[{\"@type\":\"ListItem\",\"position\":1,\"name\":\"Home\",\"item\":\"https:\/\/acoi.com.br\/conteudocorp\/\"},{\"@type\":\"ListItem\",\"position\":2,\"name\":\"Projetos de Constru\u00e7\u00e3o em Jundia\u00ed: Transformando Ideias em Realidade\"}]},{\"@type\":\"WebSite\",\"@id\":\"https:\/\/acoi.com.br\/conteudocorp\/#website\",\"url\":\"https:\/\/acoi.com.br\/conteudocorp\/\",\"name\":\"Acoi Corp\",\"description\":\"\",\"potentialAction\":[{\"@type\":\"SearchAction\",\"target\":{\"@type\":\"EntryPoint\",\"urlTemplate\":\"https:\/\/acoi.com.br\/conteudocorp\/?s={search_term_string}\"},\"query-input\":{\"@type\":\"PropertyValueSpecification\",\"valueRequired\":true,\"valueName\":\"search_term_string\"}}],\"inLanguage\":\"pt-BR\"}]}<\/script>\n<!-- \/ Yoast SEO plugin. -->","yoast_head_json":{"title":"Acoi: Lideran\u00e7a em Projetos de Constru\u00e7\u00e3o em Jundia\u00ed","description":"Conhe\u00e7a a Acoi, a melhor op\u00e7\u00e3o para projetos de constru\u00e7\u00e3o em Jundia\u00ed, com experi\u00eancia, qualidade e inova\u00e7\u00e3o.","robots":{"index":"index","follow":"follow","max-snippet":"max-snippet:-1","max-image-preview":"max-image-preview:large","max-video-preview":"max-video-preview:-1"},"canonical":"https:\/\/acoi.com.br\/conteudocorp\/projetos-de-construcao-em-jundiai-transformando-ideias-em-realidade\/","og_locale":"pt_BR","og_type":"article","og_title":"Acoi: Lideran\u00e7a em Projetos de Constru\u00e7\u00e3o em Jundia\u00ed","og_description":"Conhe\u00e7a a Acoi, a melhor op\u00e7\u00e3o para projetos de constru\u00e7\u00e3o em Jundia\u00ed, com experi\u00eancia, qualidade e inova\u00e7\u00e3o.","og_url":"https:\/\/acoi.com.br\/conteudocorp\/projetos-de-construcao-em-jundiai-transformando-ideias-em-realidade\/","og_site_name":"Acoi Corp","twitter_card":"summary_large_image","schema":{"@context":"https:\/\/schema.org","@graph":[{"@type":"WebPage","@id":"https:\/\/acoi.com.br\/conteudocorp\/projetos-de-construcao-em-jundiai-transformando-ideias-em-realidade\/","url":"https:\/\/acoi.com.br\/conteudocorp\/projetos-de-construcao-em-jundiai-transformando-ideias-em-realidade\/","name":"Acoi: Lideran\u00e7a em Projetos de Constru\u00e7\u00e3o em Jundia\u00ed","isPartOf":{"@id":"https:\/\/acoi.com.br\/conteudocorp\/#website"},"datePublished":"2025-02-17T19:17:15+00:00","dateModified":"2025-02-17T19:17:15+00:00","description":"Conhe\u00e7a a Acoi, a melhor op\u00e7\u00e3o para projetos de constru\u00e7\u00e3o em Jundia\u00ed, com experi\u00eancia, qualidade e inova\u00e7\u00e3o.","breadcrumb":{"@id":"https:\/\/acoi.com.br\/conteudocorp\/projetos-de-construcao-em-jundiai-transformando-ideias-em-realidade\/#breadcrumb"},"inLanguage":"pt-BR","potentialAction":[{"@type":"ReadAction","target":["https:\/\/acoi.com.br\/conteudocorp\/projetos-de-construcao-em-jundiai-transformando-ideias-em-realidade\/"]}]},{"@type":"BreadcrumbList","@id":"https:\/\/acoi.com.br\/conteudocorp\/projetos-de-construcao-em-jundiai-transformando-ideias-em-realidade\/#breadcrumb","itemListElement":[{"@type":"ListItem","position":1,"name":"Home","item":"https:\/\/acoi.com.br\/conteudocorp\/"},{"@type":"ListItem","position":2,"name":"Projetos de Constru\u00e7\u00e3o em Jundia\u00ed: Transformando Ideias em Realidade"}]},{"@type":"WebSite","@id":"https:\/\/acoi.com.br\/conteudocorp\/#website","url":"https:\/\/acoi.com.br\/conteudocorp\/","name":"Acoi Corp","description":"","potentialAction":[{"@type":"SearchAction","target":{"@type":"EntryPoint","urlTemplate":"https:\/\/acoi.com.br\/conteudocorp\/?s={search_term_string}"},"query-input":{"@type":"PropertyValueSpecification","valueRequired":true,"valueName":"search_term_string"}}],"inLanguage":"pt-BR"}]}},"_links":{"self":[{"href":"https:\/\/acoi.com.br\/conteudocorp\/wp-json\/wp\/v2\/pages\/198","targetHints":{"allow":["GET"]}}],"collection":[{"href":"https:\/\/acoi.com.br\/conteudocorp\/wp-json\/wp\/v2\/pages"}],"about":[{"href":"https:\/\/acoi.com.br\/conteudocorp\/wp-json\/wp\/v2\/types\/page"}],"author":[{"embeddable":true,"href":"https:\/\/acoi.com.br\/conteudocorp\/wp-json\/wp\/v2\/users\/3"}],"replies":[{"embeddable":true,"href":"https:\/\/acoi.com.br\/conteudocorp\/wp-json\/wp\/v2\/comments?post=198"}],"version-history":[{"count":0,"href":"https:\/\/acoi.com.br\/conteudocorp\/wp-json\/wp\/v2\/pages\/198\/revisions"}],"wp:attachment":[{"href":"https:\/\/acoi.com.br\/conteudocorp\/wp-json\/wp\/v2\/media?parent=198"}],"curies":[{"name":"wp","href":"https:\/\/api.w.org\/{rel}","templated":true}]}}