{"id":20346,"date":"2025-04-10T17:34:01","date_gmt":"2025-04-10T17:34:01","guid":{"rendered":"https:\/\/acoi.com.br\/conteudocorp\/galpoes-industriais-em-itatiba-a-escolha-certa-para-seu-negocio-6\/"},"modified":"2025-04-10T17:34:01","modified_gmt":"2025-04-10T17:34:01","slug":"galpoes-industriais-em-itatiba-a-escolha-certa-para-seu-negocio-6","status":"publish","type":"page","link":"https:\/\/acoi.com.br\/conteudocorp\/galpoes-industriais-em-itatiba-a-escolha-certa-para-seu-negocio-6\/","title":{"rendered":"Galp\u00f5es Industriais em Itatiba: a Escolha Certa para Seu Neg\u00f3cio"},"content":{"rendered":"<p><strong>Itatiba: Um Polo Industrial em Ascens\u00e3o<\/strong><br \/>Itatiba \u00e9 uma cidade em excel\u00eancia quando se trata de localiza\u00e7\u00e3o e infraestrutura. Com acesso a grandes rodovias, a regi\u00e3o oferece uma estrutura que facilita o escoamento de produtos e servi\u00e7os, ideal para empresas que buscam crescer.<\/p>\n<p><strong>Conhe\u00e7a os Galp\u00f5es da Acoi<\/strong><br \/>A Acoi \u00e9 refer\u00eancia na constru\u00e7\u00e3o de galp\u00f5es industriais, com um compromisso em entregar projetos que n\u00e3o s\u00f3 atendem \u00e0s necessidades dos clientes, mas que tamb\u00e9m s\u00e3o sustent\u00e1veis e inovadores. Nossos galp\u00f5es s\u00e3o projetados para facilitar a opera\u00e7\u00e3o do seu neg\u00f3cio, com instala\u00e7\u00f5es modernas e funcionais.<\/p>\n<p><strong>Por que Escolher Itatiba?<\/strong><br \/>Al\u00e9m da localiza\u00e7\u00e3o, Itatiba \u00e9 uma cidade com um cen\u00e1rio econ\u00f4mico crescente, fazendo dela um lugar ideal para investir. A demanda por galp\u00f5es industriais \u00e9 cada vez maior, o que significa que sua empresa ter\u00e1 um espa\u00e7o valorizado e estrat\u00e9gico para operar.<\/p>\n<p><strong>Compromisso com a Qualidade<\/strong><br \/>Com mais de 100 mil m\u00b2 constru\u00eddos, a Acoi preza pela qualidade em todos os seus projetos. Nossa equipe possui experi\u00eancia e autoridade no segmento, fator essencial para o sucesso de obras que transformam espa\u00e7os e vidas.<\/p>\n","protected":false},"excerpt":{"rendered":"<p>Itatiba: Um Polo Industrial em Ascens\u00e3oItatiba \u00e9 uma cidade em excel\u00eancia quando se trata de localiza\u00e7\u00e3o e infraestrutura. Com acesso a grandes rodovias, a regi\u00e3o oferece uma estrutura que facilita o escoamento de produtos e servi\u00e7os, ideal para empresas que buscam crescer. Conhe\u00e7a os Galp\u00f5es da AcoiA Acoi \u00e9 refer\u00eancia na constru\u00e7\u00e3o de galp\u00f5es industriais,&hellip;&nbsp;<a href=\"https:\/\/acoi.com.br\/conteudocorp\/galpoes-industriais-em-itatiba-a-escolha-certa-para-seu-negocio-6\/\" class=\"\" rel=\"bookmark\">Continue a ler &raquo;<span class=\"screen-reader-text\">Galp\u00f5es Industriais em Itatiba: a Escolha Certa para Seu Neg\u00f3cio<\/span><\/a><\/p>\n","protected":false},"author":3,"featured_media":0,"parent":0,"menu_order":0,"comment_status":"closed","ping_status":"closed","template":"","meta":{"_acf_changed":false,"_yoast_wpseo_focuskw":"Galp\u00f5es Industriais em Itatiba","_yoast_wpseo_title":"Galp\u00f5es Industriais em Itatiba: qualidade e inova\u00e7\u00e3o da Acoi","_yoast_wpseo_metadesc":"Conhe\u00e7a os galp\u00f5es industriais em Itatiba e descubra como a Acoi pode transformar seu neg\u00f3cio com qualidade e inova\u00e7\u00e3o.","neve_meta_sidebar":"","neve_meta_container":"","neve_meta_enable_content_width":"","neve_meta_content_width":0,"neve_meta_title_alignment":"","neve_meta_author_avatar":"","neve_post_elements_order":"","neve_meta_disable_header":"","neve_meta_disable_footer":"","neve_meta_disable_title":"","footnotes":""},"class_list":["post-20346","page","type-page","status-publish","hentry"],"acf":{"introducao":"","conceitos_fundamentais":"","como_funciona":"","como_aplicar_no_dia_a_dia":"","principais_utilizacoes_e_beneficios":"","tipos_e_classificacoes":"","tecnologias_e_ferramentas_relacionadas":"","exemplos_e_casos_de_sucesso":"","mitos_e_verdades":"","perguntas_frequentes_faq":"","erros_comuns_e_como_evita-los":"","futuro_e_tendencias":"","conclusao":"","bloco1title":"Localiza\u00e7\u00e3o Estrat\u00e9gica","bloco1text":"Itatiba possui acesso facilitado a importantes rodovias, tornando a log\u00edstica da sua empresa mais eficiente.","bloco2title":"Constru\u00e7\u00e3o Sustent\u00e1vel","bloco2text":"Os galp\u00f5es da Acoi s\u00e3o projetados com foco na sustentabilidade e inova\u00e7\u00e3o tecnol\u00f3gica.","bloco3title":"Valoriza\u00e7\u00e3o do Im\u00f3vel","bloco3text":"Investir em galp\u00f5es industriais em Itatiba \u00e9 garantir valoriza\u00e7\u00e3o no longo prazo, com aumento de demanda no setor.","insightwidtitle":"Curiosidades sobre Itatiba","insightwidcontent":"Itatiba \u00e9 um dos locais mais promissores do interior paulista para a instala\u00e7\u00e3o de ind\u00fastrias, proporcionando incentivos fiscais que atraem novos investidores. A proximidade com Campinas e S\u00e3o Paulo torna a cidade ainda mais atrativa para o setor log\u00edstico e industrial."},"yoast_head":"<!-- This site is optimized with the Yoast SEO plugin v23.4 - https:\/\/yoast.com\/wordpress\/plugins\/seo\/ -->\n<title>Galp\u00f5es Industriais em Itatiba: qualidade e inova\u00e7\u00e3o da Acoi<\/title>\n<meta name=\"description\" content=\"Conhe\u00e7a os galp\u00f5es industriais em Itatiba e descubra como a Acoi pode transformar seu neg\u00f3cio com qualidade e inova\u00e7\u00e3o.\" \/>\n<meta name=\"robots\" content=\"index, follow, max-snippet:-1, max-image-preview:large, max-video-preview:-1\" \/>\n<link rel=\"canonical\" href=\"https:\/\/acoi.com.br\/conteudocorp\/galpoes-industriais-em-itatiba-a-escolha-certa-para-seu-negocio-6\/\" \/>\n<meta property=\"og:locale\" content=\"pt_BR\" \/>\n<meta property=\"og:type\" content=\"article\" \/>\n<meta property=\"og:title\" content=\"Galp\u00f5es Industriais em Itatiba: qualidade e inova\u00e7\u00e3o da Acoi\" \/>\n<meta property=\"og:description\" content=\"Conhe\u00e7a os galp\u00f5es industriais em Itatiba e descubra como a Acoi pode transformar seu neg\u00f3cio com qualidade e inova\u00e7\u00e3o.\" \/>\n<meta property=\"og:url\" content=\"https:\/\/acoi.com.br\/conteudocorp\/galpoes-industriais-em-itatiba-a-escolha-certa-para-seu-negocio-6\/\" \/>\n<meta property=\"og:site_name\" content=\"Acoi Corp\" \/>\n<meta name=\"twitter:card\" content=\"summary_large_image\" \/>\n<meta name=\"twitter:label1\" content=\"Est. tempo de leitura\" \/>\n\t<meta name=\"twitter:data1\" content=\"1 minuto\" \/>\n<script type=\"application\/ld+json\" class=\"yoast-schema-graph\">{\"@context\":\"https:\/\/schema.org\",\"@graph\":[{\"@type\":\"WebPage\",\"@id\":\"https:\/\/acoi.com.br\/conteudocorp\/galpoes-industriais-em-itatiba-a-escolha-certa-para-seu-negocio-6\/\",\"url\":\"https:\/\/acoi.com.br\/conteudocorp\/galpoes-industriais-em-itatiba-a-escolha-certa-para-seu-negocio-6\/\",\"name\":\"Galp\u00f5es Industriais em Itatiba: qualidade e inova\u00e7\u00e3o da Acoi\",\"isPartOf\":{\"@id\":\"https:\/\/acoi.com.br\/conteudocorp\/#website\"},\"datePublished\":\"2025-04-10T17:34:01+00:00\",\"dateModified\":\"2025-04-10T17:34:01+00:00\",\"description\":\"Conhe\u00e7a os galp\u00f5es industriais em Itatiba e descubra como a Acoi pode transformar seu neg\u00f3cio com qualidade e inova\u00e7\u00e3o.\",\"breadcrumb\":{\"@id\":\"https:\/\/acoi.com.br\/conteudocorp\/galpoes-industriais-em-itatiba-a-escolha-certa-para-seu-negocio-6\/#breadcrumb\"},\"inLanguage\":\"pt-BR\",\"potentialAction\":[{\"@type\":\"ReadAction\",\"target\":[\"https:\/\/acoi.com.br\/conteudocorp\/galpoes-industriais-em-itatiba-a-escolha-certa-para-seu-negocio-6\/\"]}]},{\"@type\":\"BreadcrumbList\",\"@id\":\"https:\/\/acoi.com.br\/conteudocorp\/galpoes-industriais-em-itatiba-a-escolha-certa-para-seu-negocio-6\/#breadcrumb\",\"itemListElement\":[{\"@type\":\"ListItem\",\"position\":1,\"name\":\"Home\",\"item\":\"https:\/\/acoi.com.br\/conteudocorp\/\"},{\"@type\":\"ListItem\",\"position\":2,\"name\":\"Galp\u00f5es Industriais em Itatiba: a Escolha Certa para Seu Neg\u00f3cio\"}]},{\"@type\":\"WebSite\",\"@id\":\"https:\/\/acoi.com.br\/conteudocorp\/#website\",\"url\":\"https:\/\/acoi.com.br\/conteudocorp\/\",\"name\":\"Acoi Corp\",\"description\":\"\",\"potentialAction\":[{\"@type\":\"SearchAction\",\"target\":{\"@type\":\"EntryPoint\",\"urlTemplate\":\"https:\/\/acoi.com.br\/conteudocorp\/?s={search_term_string}\"},\"query-input\":{\"@type\":\"PropertyValueSpecification\",\"valueRequired\":true,\"valueName\":\"search_term_string\"}}],\"inLanguage\":\"pt-BR\"}]}<\/script>\n<!-- \/ Yoast SEO plugin. -->","yoast_head_json":{"title":"Galp\u00f5es Industriais em Itatiba: qualidade e inova\u00e7\u00e3o da Acoi","description":"Conhe\u00e7a os galp\u00f5es industriais em Itatiba e descubra como a Acoi pode transformar seu neg\u00f3cio com qualidade e inova\u00e7\u00e3o.","robots":{"index":"index","follow":"follow","max-snippet":"max-snippet:-1","max-image-preview":"max-image-preview:large","max-video-preview":"max-video-preview:-1"},"canonical":"https:\/\/acoi.com.br\/conteudocorp\/galpoes-industriais-em-itatiba-a-escolha-certa-para-seu-negocio-6\/","og_locale":"pt_BR","og_type":"article","og_title":"Galp\u00f5es Industriais em Itatiba: qualidade e inova\u00e7\u00e3o da Acoi","og_description":"Conhe\u00e7a os galp\u00f5es industriais em Itatiba e descubra como a Acoi pode transformar seu neg\u00f3cio com qualidade e inova\u00e7\u00e3o.","og_url":"https:\/\/acoi.com.br\/conteudocorp\/galpoes-industriais-em-itatiba-a-escolha-certa-para-seu-negocio-6\/","og_site_name":"Acoi Corp","twitter_card":"summary_large_image","twitter_misc":{"Est. tempo de leitura":"1 minuto"},"schema":{"@context":"https:\/\/schema.org","@graph":[{"@type":"WebPage","@id":"https:\/\/acoi.com.br\/conteudocorp\/galpoes-industriais-em-itatiba-a-escolha-certa-para-seu-negocio-6\/","url":"https:\/\/acoi.com.br\/conteudocorp\/galpoes-industriais-em-itatiba-a-escolha-certa-para-seu-negocio-6\/","name":"Galp\u00f5es Industriais em Itatiba: qualidade e inova\u00e7\u00e3o da Acoi","isPartOf":{"@id":"https:\/\/acoi.com.br\/conteudocorp\/#website"},"datePublished":"2025-04-10T17:34:01+00:00","dateModified":"2025-04-10T17:34:01+00:00","description":"Conhe\u00e7a os galp\u00f5es industriais em Itatiba e descubra como a Acoi pode transformar seu neg\u00f3cio com qualidade e inova\u00e7\u00e3o.","breadcrumb":{"@id":"https:\/\/acoi.com.br\/conteudocorp\/galpoes-industriais-em-itatiba-a-escolha-certa-para-seu-negocio-6\/#breadcrumb"},"inLanguage":"pt-BR","potentialAction":[{"@type":"ReadAction","target":["https:\/\/acoi.com.br\/conteudocorp\/galpoes-industriais-em-itatiba-a-escolha-certa-para-seu-negocio-6\/"]}]},{"@type":"BreadcrumbList","@id":"https:\/\/acoi.com.br\/conteudocorp\/galpoes-industriais-em-itatiba-a-escolha-certa-para-seu-negocio-6\/#breadcrumb","itemListElement":[{"@type":"ListItem","position":1,"name":"Home","item":"https:\/\/acoi.com.br\/conteudocorp\/"},{"@type":"ListItem","position":2,"name":"Galp\u00f5es Industriais em Itatiba: a Escolha Certa para Seu Neg\u00f3cio"}]},{"@type":"WebSite","@id":"https:\/\/acoi.com.br\/conteudocorp\/#website","url":"https:\/\/acoi.com.br\/conteudocorp\/","name":"Acoi Corp","description":"","potentialAction":[{"@type":"SearchAction","target":{"@type":"EntryPoint","urlTemplate":"https:\/\/acoi.com.br\/conteudocorp\/?s={search_term_string}"},"query-input":{"@type":"PropertyValueSpecification","valueRequired":true,"valueName":"search_term_string"}}],"inLanguage":"pt-BR"}]}},"_links":{"self":[{"href":"https:\/\/acoi.com.br\/conteudocorp\/wp-json\/wp\/v2\/pages\/20346","targetHints":{"allow":["GET"]}}],"collection":[{"href":"https:\/\/acoi.com.br\/conteudocorp\/wp-json\/wp\/v2\/pages"}],"about":[{"href":"https:\/\/acoi.com.br\/conteudocorp\/wp-json\/wp\/v2\/types\/page"}],"author":[{"embeddable":true,"href":"https:\/\/acoi.com.br\/conteudocorp\/wp-json\/wp\/v2\/users\/3"}],"replies":[{"embeddable":true,"href":"https:\/\/acoi.com.br\/conteudocorp\/wp-json\/wp\/v2\/comments?post=20346"}],"version-history":[{"count":0,"href":"https:\/\/acoi.com.br\/conteudocorp\/wp-json\/wp\/v2\/pages\/20346\/revisions"}],"wp:attachment":[{"href":"https:\/\/acoi.com.br\/conteudocorp\/wp-json\/wp\/v2\/media?parent=20346"}],"curies":[{"name":"wp","href":"https:\/\/api.w.org\/{rel}","templated":true}]}}