{"id":26905,"date":"2025-04-29T07:34:09","date_gmt":"2025-04-29T07:34:09","guid":{"rendered":"https:\/\/acoi.com.br\/conteudocorp\/descubra-o-seu-novo-lar-condominio-residencial-em-itatiba-4\/"},"modified":"2025-04-29T07:34:09","modified_gmt":"2025-04-29T07:34:09","slug":"descubra-o-seu-novo-lar-condominio-residencial-em-itatiba-4","status":"publish","type":"page","link":"https:\/\/acoi.com.br\/conteudocorp\/descubra-o-seu-novo-lar-condominio-residencial-em-itatiba-4\/","title":{"rendered":"Descubra o Seu Novo Lar: Condom\u00ednio Residencial em Itatiba"},"content":{"rendered":"<p><strong>Um Estilo de Vida que Transforma<\/strong><\/p>\n<p>Viver em um condom\u00ednio residencial em Itatiba \u00e9 experimentar um novo padr\u00e3o de qualidade de vida. A cidade, rodeada por belas paisagens naturais e uma atmosfera tranquila, torna-se o local perfeito para fam\u00edlias e profissionais em busca de um lar equilibrado.<\/p>\n<p><strong>Estrutura e Comodidade<\/strong><\/p>\n<p>Os condom\u00ednios oferecidos pela Acoi contam com infraestrutura moderna, que inclui acesso a \u00e1reas de lazer, seguran\u00e7a 24 horas, e servi\u00e7os de manuten\u00e7\u00e3o que garantem a conserva\u00e7\u00e3o dos espa\u00e7os. Al\u00e9m disso, a localiza\u00e7\u00e3o estrat\u00e9gica facilita o acesso a escolas, supermercados e servi\u00e7os essenciais, proporcionando comodidade no seu dia a dia.<\/p>\n<p><strong>Sustentabilidade em Primeiro Lugar<\/strong><\/p>\n<p>A Acoi acredita que o futuro \u00e9 verde. Por isso, todos os nossos projetos incluem solu\u00e7\u00f5es sustent\u00e1veis, visando a preserva\u00e7\u00e3o do meio ambiente, como sistemas de reaproveitamento de \u00e1gua e utiliza\u00e7\u00e3o de materiais ecol\u00f3gicos. Ao escolher um condom\u00ednio Acoi, voc\u00ea n\u00e3o apenas garante uma resid\u00eancia confort\u00e1vel, mas tamb\u00e9m colabora para um planeta mais sustent\u00e1vel.<\/p>\n<p><strong>Vis\u00e3o de Futuro<\/strong><\/p>\n<p>Al\u00e9m de um lar, voc\u00ea est\u00e1 investindo em uma comunidade. Os condom\u00ednios Acoi em Itatiba promovem intera\u00e7\u00e3o entre vizinhos e criam la\u00e7os que duram para toda a vida. Viver aqui \u00e9 mais do que ter uma casa; \u00e9 fazer parte de um local que valoriza o bem-estar e a felicidade de seus moradores.<\/p>\n","protected":false},"excerpt":{"rendered":"<p>Um Estilo de Vida que Transforma Viver em um condom\u00ednio residencial em Itatiba \u00e9 experimentar um novo padr\u00e3o de qualidade de vida. A cidade, rodeada por belas paisagens naturais e uma atmosfera tranquila, torna-se o local perfeito para fam\u00edlias e profissionais em busca de um lar equilibrado. Estrutura e Comodidade Os condom\u00ednios oferecidos pela Acoi&hellip;&nbsp;<a href=\"https:\/\/acoi.com.br\/conteudocorp\/descubra-o-seu-novo-lar-condominio-residencial-em-itatiba-4\/\" class=\"\" rel=\"bookmark\">Continue a ler &raquo;<span class=\"screen-reader-text\">Descubra o Seu Novo Lar: Condom\u00ednio Residencial em Itatiba<\/span><\/a><\/p>\n","protected":false},"author":3,"featured_media":0,"parent":0,"menu_order":0,"comment_status":"closed","ping_status":"closed","template":"","meta":{"_acf_changed":false,"_yoast_wpseo_focuskw":"Condom\u00ednio Residencial em Itatiba","_yoast_wpseo_title":"Condom\u00ednio Residencial em Itatiba - Qualidade e Seguran\u00e7a com Acoi","_yoast_wpseo_metadesc":"Descubra o melhor condom\u00ednio residencial em Itatiba com a Acoi. Estrutura moderna, seguran\u00e7a e conforto esperam por voc\u00ea.","neve_meta_sidebar":"","neve_meta_container":"","neve_meta_enable_content_width":"","neve_meta_content_width":0,"neve_meta_title_alignment":"","neve_meta_author_avatar":"","neve_post_elements_order":"","neve_meta_disable_header":"","neve_meta_disable_footer":"","neve_meta_disable_title":"","footnotes":""},"class_list":["post-26905","page","type-page","status-publish","hentry"],"acf":{"introducao":"","conceitos_fundamentais":"","como_funciona":"","como_aplicar_no_dia_a_dia":"","principais_utilizacoes_e_beneficios":"","tipos_e_classificacoes":"","tecnologias_e_ferramentas_relacionadas":"","exemplos_e_casos_de_sucesso":"","mitos_e_verdades":"","perguntas_frequentes_faq":"","erros_comuns_e_como_evita-los":"","futuro_e_tendencias":"","conclusao":"","bloco1title":"O\u00e1sis de Lazer","bloco1text":"Nossos condom\u00ednios oferecem \u00e1reas de lazer completas, com piscinas, quadras esportivas e parques que promovem a conviv\u00eancia e a sa\u00fade dos moradores.","bloco2title":"Seguran\u00e7a 24h","bloco2text":"Ambientes seguros com monitoramento e controle de acesso, proporcionando tranquilidade para voc\u00ea e sua fam\u00edlia.","bloco3title":"Conforto e Praticidade","bloco3text":"Cada projeto \u00e9 pensado para oferecer ambientes que favorecem a praticidade do dia a dia, desde a planta at\u00e9 os acabamentos, sempre com qualidade e estilo.","insightwidtitle":"Curiosidades sobre Itatiba","insightwidcontent":"Itatiba \u00e9 conhecida como a 'Cidade das Rosas', famosa por suas paisagens floridas e eventos culturais que atraem visitantes durante todo o ano. Al\u00e9m disso, a cidade conta com um dos melhores climas do Brasil, tornando o viver aqui ainda mais agrad\u00e1vel. O local \u00e9 bem servido de \u00e1reas verdes e parques, oferecendo op\u00e7\u00f5es para lazer e pr\u00e1ticas esportivas ao ar livre."},"yoast_head":"<!-- This site is optimized with the Yoast SEO plugin v23.4 - https:\/\/yoast.com\/wordpress\/plugins\/seo\/ -->\n<title>Condom\u00ednio Residencial em Itatiba - Qualidade e Seguran\u00e7a com Acoi<\/title>\n<meta name=\"description\" content=\"Descubra o melhor condom\u00ednio residencial em Itatiba com a Acoi. Estrutura moderna, seguran\u00e7a e conforto esperam por voc\u00ea.\" \/>\n<meta name=\"robots\" content=\"index, follow, max-snippet:-1, max-image-preview:large, max-video-preview:-1\" \/>\n<link rel=\"canonical\" href=\"https:\/\/acoi.com.br\/conteudocorp\/descubra-o-seu-novo-lar-condominio-residencial-em-itatiba-4\/\" \/>\n<meta property=\"og:locale\" content=\"pt_BR\" \/>\n<meta property=\"og:type\" content=\"article\" \/>\n<meta property=\"og:title\" content=\"Condom\u00ednio Residencial em Itatiba - Qualidade e Seguran\u00e7a com Acoi\" \/>\n<meta property=\"og:description\" content=\"Descubra o melhor condom\u00ednio residencial em Itatiba com a Acoi. Estrutura moderna, seguran\u00e7a e conforto esperam por voc\u00ea.\" \/>\n<meta property=\"og:url\" content=\"https:\/\/acoi.com.br\/conteudocorp\/descubra-o-seu-novo-lar-condominio-residencial-em-itatiba-4\/\" \/>\n<meta property=\"og:site_name\" content=\"Acoi Corp\" \/>\n<meta name=\"twitter:card\" content=\"summary_large_image\" \/>\n<meta name=\"twitter:label1\" content=\"Est. tempo de leitura\" \/>\n\t<meta name=\"twitter:data1\" content=\"1 minuto\" \/>\n<script type=\"application\/ld+json\" class=\"yoast-schema-graph\">{\"@context\":\"https:\/\/schema.org\",\"@graph\":[{\"@type\":\"WebPage\",\"@id\":\"https:\/\/acoi.com.br\/conteudocorp\/descubra-o-seu-novo-lar-condominio-residencial-em-itatiba-4\/\",\"url\":\"https:\/\/acoi.com.br\/conteudocorp\/descubra-o-seu-novo-lar-condominio-residencial-em-itatiba-4\/\",\"name\":\"Condom\u00ednio Residencial em Itatiba - Qualidade e Seguran\u00e7a com Acoi\",\"isPartOf\":{\"@id\":\"https:\/\/acoi.com.br\/conteudocorp\/#website\"},\"datePublished\":\"2025-04-29T07:34:09+00:00\",\"dateModified\":\"2025-04-29T07:34:09+00:00\",\"description\":\"Descubra o melhor condom\u00ednio residencial em Itatiba com a Acoi. Estrutura moderna, seguran\u00e7a e conforto esperam por voc\u00ea.\",\"breadcrumb\":{\"@id\":\"https:\/\/acoi.com.br\/conteudocorp\/descubra-o-seu-novo-lar-condominio-residencial-em-itatiba-4\/#breadcrumb\"},\"inLanguage\":\"pt-BR\",\"potentialAction\":[{\"@type\":\"ReadAction\",\"target\":[\"https:\/\/acoi.com.br\/conteudocorp\/descubra-o-seu-novo-lar-condominio-residencial-em-itatiba-4\/\"]}]},{\"@type\":\"BreadcrumbList\",\"@id\":\"https:\/\/acoi.com.br\/conteudocorp\/descubra-o-seu-novo-lar-condominio-residencial-em-itatiba-4\/#breadcrumb\",\"itemListElement\":[{\"@type\":\"ListItem\",\"position\":1,\"name\":\"Home\",\"item\":\"https:\/\/acoi.com.br\/conteudocorp\/\"},{\"@type\":\"ListItem\",\"position\":2,\"name\":\"Descubra o Seu Novo Lar: Condom\u00ednio Residencial em Itatiba\"}]},{\"@type\":\"WebSite\",\"@id\":\"https:\/\/acoi.com.br\/conteudocorp\/#website\",\"url\":\"https:\/\/acoi.com.br\/conteudocorp\/\",\"name\":\"Acoi Corp\",\"description\":\"\",\"potentialAction\":[{\"@type\":\"SearchAction\",\"target\":{\"@type\":\"EntryPoint\",\"urlTemplate\":\"https:\/\/acoi.com.br\/conteudocorp\/?s={search_term_string}\"},\"query-input\":{\"@type\":\"PropertyValueSpecification\",\"valueRequired\":true,\"valueName\":\"search_term_string\"}}],\"inLanguage\":\"pt-BR\"}]}<\/script>\n<!-- \/ Yoast SEO plugin. -->","yoast_head_json":{"title":"Condom\u00ednio Residencial em Itatiba - Qualidade e Seguran\u00e7a com Acoi","description":"Descubra o melhor condom\u00ednio residencial em Itatiba com a Acoi. Estrutura moderna, seguran\u00e7a e conforto esperam por voc\u00ea.","robots":{"index":"index","follow":"follow","max-snippet":"max-snippet:-1","max-image-preview":"max-image-preview:large","max-video-preview":"max-video-preview:-1"},"canonical":"https:\/\/acoi.com.br\/conteudocorp\/descubra-o-seu-novo-lar-condominio-residencial-em-itatiba-4\/","og_locale":"pt_BR","og_type":"article","og_title":"Condom\u00ednio Residencial em Itatiba - Qualidade e Seguran\u00e7a com Acoi","og_description":"Descubra o melhor condom\u00ednio residencial em Itatiba com a Acoi. Estrutura moderna, seguran\u00e7a e conforto esperam por voc\u00ea.","og_url":"https:\/\/acoi.com.br\/conteudocorp\/descubra-o-seu-novo-lar-condominio-residencial-em-itatiba-4\/","og_site_name":"Acoi Corp","twitter_card":"summary_large_image","twitter_misc":{"Est. tempo de leitura":"1 minuto"},"schema":{"@context":"https:\/\/schema.org","@graph":[{"@type":"WebPage","@id":"https:\/\/acoi.com.br\/conteudocorp\/descubra-o-seu-novo-lar-condominio-residencial-em-itatiba-4\/","url":"https:\/\/acoi.com.br\/conteudocorp\/descubra-o-seu-novo-lar-condominio-residencial-em-itatiba-4\/","name":"Condom\u00ednio Residencial em Itatiba - Qualidade e Seguran\u00e7a com Acoi","isPartOf":{"@id":"https:\/\/acoi.com.br\/conteudocorp\/#website"},"datePublished":"2025-04-29T07:34:09+00:00","dateModified":"2025-04-29T07:34:09+00:00","description":"Descubra o melhor condom\u00ednio residencial em Itatiba com a Acoi. Estrutura moderna, seguran\u00e7a e conforto esperam por voc\u00ea.","breadcrumb":{"@id":"https:\/\/acoi.com.br\/conteudocorp\/descubra-o-seu-novo-lar-condominio-residencial-em-itatiba-4\/#breadcrumb"},"inLanguage":"pt-BR","potentialAction":[{"@type":"ReadAction","target":["https:\/\/acoi.com.br\/conteudocorp\/descubra-o-seu-novo-lar-condominio-residencial-em-itatiba-4\/"]}]},{"@type":"BreadcrumbList","@id":"https:\/\/acoi.com.br\/conteudocorp\/descubra-o-seu-novo-lar-condominio-residencial-em-itatiba-4\/#breadcrumb","itemListElement":[{"@type":"ListItem","position":1,"name":"Home","item":"https:\/\/acoi.com.br\/conteudocorp\/"},{"@type":"ListItem","position":2,"name":"Descubra o Seu Novo Lar: Condom\u00ednio Residencial em Itatiba"}]},{"@type":"WebSite","@id":"https:\/\/acoi.com.br\/conteudocorp\/#website","url":"https:\/\/acoi.com.br\/conteudocorp\/","name":"Acoi Corp","description":"","potentialAction":[{"@type":"SearchAction","target":{"@type":"EntryPoint","urlTemplate":"https:\/\/acoi.com.br\/conteudocorp\/?s={search_term_string}"},"query-input":{"@type":"PropertyValueSpecification","valueRequired":true,"valueName":"search_term_string"}}],"inLanguage":"pt-BR"}]}},"_links":{"self":[{"href":"https:\/\/acoi.com.br\/conteudocorp\/wp-json\/wp\/v2\/pages\/26905","targetHints":{"allow":["GET"]}}],"collection":[{"href":"https:\/\/acoi.com.br\/conteudocorp\/wp-json\/wp\/v2\/pages"}],"about":[{"href":"https:\/\/acoi.com.br\/conteudocorp\/wp-json\/wp\/v2\/types\/page"}],"author":[{"embeddable":true,"href":"https:\/\/acoi.com.br\/conteudocorp\/wp-json\/wp\/v2\/users\/3"}],"replies":[{"embeddable":true,"href":"https:\/\/acoi.com.br\/conteudocorp\/wp-json\/wp\/v2\/comments?post=26905"}],"version-history":[{"count":0,"href":"https:\/\/acoi.com.br\/conteudocorp\/wp-json\/wp\/v2\/pages\/26905\/revisions"}],"wp:attachment":[{"href":"https:\/\/acoi.com.br\/conteudocorp\/wp-json\/wp\/v2\/media?parent=26905"}],"curies":[{"name":"wp","href":"https:\/\/api.w.org\/{rel}","templated":true}]}}