{"id":3052,"date":"2025-02-27T02:35:36","date_gmt":"2025-02-27T02:35:36","guid":{"rendered":"https:\/\/acoi.com.br\/conteudocorp\/construcao-de-supermercados-em-americana-inovacao-e-qualidade-com-a-acoi\/"},"modified":"2025-02-27T02:35:36","modified_gmt":"2025-02-27T02:35:36","slug":"construcao-de-supermercados-em-americana-inovacao-e-qualidade-com-a-acoi","status":"publish","type":"page","link":"https:\/\/acoi.com.br\/conteudocorp\/construcao-de-supermercados-em-americana-inovacao-e-qualidade-com-a-acoi\/","title":{"rendered":"Constru\u00e7\u00e3o de Supermercados em Americana: Inova\u00e7\u00e3o e Qualidade com a Acoi"},"content":{"rendered":"<p><strong>Oportunidade de Mercado<\/strong> &#8211; Americana tem se mostrado um polo comercial relevante no interior de S\u00e3o Paulo, com crescimento constante no setor de supermercados. A demanda por espa\u00e7os bem projetados e funcionais \u00e9 cada vez maior, destacando a import\u00e2ncia de contar com a experi\u00eancia de uma empresa especializada como a Acoi. N\u00f3s utilizamos abordagens inovadoras para maximizar o espa\u00e7o e a efici\u00eancia das opera\u00e7\u00f5es do mercado, garantindo a satisfa\u00e7\u00e3o dos clientes e dos empres\u00e1rios. Al\u00e9m disso, a Acoi est\u00e1 atenta \u00e0s tend\u00eancias de sustentabilidade e bem-estar, proporcionando constru\u00e7\u00f5es que n\u00e3o s\u00f3 atendem \u00e0s necessidades funcionais, mas que tamb\u00e9m respeitam o meio ambiente. Somos uma empresa de confian\u00e7a, com uma trajet\u00f3ria de sucesso, cuja miss\u00e3o \u00e9 transformar a experi\u00eancia de consumo com constru\u00e7\u00f5es que promovem qualidade e funcionalidade. Escolher a Acoi para a constru\u00e7\u00e3o de supermercados \u00e9 garantir um parceiro comprometido com excel\u00eancia e resultados duradouros.<\/p>\n","protected":false},"excerpt":{"rendered":"<p>Oportunidade de Mercado &#8211; Americana tem se mostrado um polo comercial relevante no interior de S\u00e3o Paulo, com crescimento constante no setor de supermercados. A demanda por espa\u00e7os bem projetados e funcionais \u00e9 cada vez maior, destacando a import\u00e2ncia de contar com a experi\u00eancia de uma empresa especializada como a Acoi. N\u00f3s utilizamos abordagens inovadoras&hellip;&nbsp;<a href=\"https:\/\/acoi.com.br\/conteudocorp\/construcao-de-supermercados-em-americana-inovacao-e-qualidade-com-a-acoi\/\" class=\"\" rel=\"bookmark\">Continue a ler &raquo;<span class=\"screen-reader-text\">Constru\u00e7\u00e3o de Supermercados em Americana: Inova\u00e7\u00e3o e Qualidade com a Acoi<\/span><\/a><\/p>\n","protected":false},"author":3,"featured_media":0,"parent":0,"menu_order":0,"comment_status":"closed","ping_status":"closed","template":"","meta":{"_acf_changed":false,"_yoast_wpseo_focuskw":"Constru\u00e7\u00e3o de Supermercados em Americana","_yoast_wpseo_title":"Constru\u00e7\u00e3o de Supermercados em Americana | Acoi","_yoast_wpseo_metadesc":"Descubra como a Acoi \u00e9 a melhor escolha para a constru\u00e7\u00e3o de supermercados em Americana, com inova\u00e7\u00e3o e qualidade.","neve_meta_sidebar":"","neve_meta_container":"","neve_meta_enable_content_width":"","neve_meta_content_width":0,"neve_meta_title_alignment":"","neve_meta_author_avatar":"","neve_post_elements_order":"","neve_meta_disable_header":"","neve_meta_disable_footer":"","neve_meta_disable_title":"","footnotes":""},"class_list":["post-3052","page","type-page","status-publish","hentry"],"acf":{"introducao":"","conceitos_fundamentais":"","como_funciona":"","como_aplicar_no_dia_a_dia":"","principais_utilizacoes_e_beneficios":"","tipos_e_classificacoes":"","tecnologias_e_ferramentas_relacionadas":"","exemplos_e_casos_de_sucesso":"","mitos_e_verdades":"","perguntas_frequentes_faq":"","erros_comuns_e_como_evita-los":"","futuro_e_tendencias":"","conclusao":"","bloco1title":"Inova\u00e7\u00e3o em Design","bloco1text":"Utilizamos tecnologia de ponta para criar layouts otimizados que facilitam a melhor fluidez e experi\u00eancia de compra para os clientes.","bloco2title":"Sustentabilidade","bloco2text":"Nossos projetos priorizam pr\u00e1ticas sustent\u00e1veis, minimizando impactos ambientais e reduzindo custos operacionais.","bloco3title":"Setor em Crescimento","bloco3text":"O setor de supermercados est\u00e1 em plena expans\u00e3o em Americana. Escolher a Acoi significa estar \u00e0 frente com projetos que atendem a esta demanda crescente e exigente.","insightwidtitle":"Curiosidades sobre Supermercados","insightwidcontent":"Voc\u00ea sabia que a disposi\u00e7\u00e3o dos produtos em supermercados pode influenciar o comportamento de compra? Estudos mostram que os consumidores tendem a favoritar \u00e1reas espec\u00edficas, e entender isso \u00e9 crucial para o projeto de constru\u00e7\u00e3o. A Acoi aplica esse conhecimento nas suas constru\u00e7\u00f5es, ajudando a otimizar a experi\u00eancia do comprador e o fluxo de vendas."},"yoast_head":"<!-- This site is optimized with the Yoast SEO plugin v23.4 - https:\/\/yoast.com\/wordpress\/plugins\/seo\/ -->\n<title>Constru\u00e7\u00e3o de Supermercados em Americana | Acoi<\/title>\n<meta name=\"description\" content=\"Descubra como a Acoi \u00e9 a melhor escolha para a constru\u00e7\u00e3o de supermercados em Americana, com inova\u00e7\u00e3o e qualidade.\" \/>\n<meta name=\"robots\" content=\"index, follow, max-snippet:-1, max-image-preview:large, max-video-preview:-1\" \/>\n<link rel=\"canonical\" href=\"https:\/\/acoi.com.br\/conteudocorp\/construcao-de-supermercados-em-americana-inovacao-e-qualidade-com-a-acoi\/\" \/>\n<meta property=\"og:locale\" content=\"pt_BR\" \/>\n<meta property=\"og:type\" content=\"article\" \/>\n<meta property=\"og:title\" content=\"Constru\u00e7\u00e3o de Supermercados em Americana | Acoi\" \/>\n<meta property=\"og:description\" content=\"Descubra como a Acoi \u00e9 a melhor escolha para a constru\u00e7\u00e3o de supermercados em Americana, com inova\u00e7\u00e3o e qualidade.\" \/>\n<meta property=\"og:url\" content=\"https:\/\/acoi.com.br\/conteudocorp\/construcao-de-supermercados-em-americana-inovacao-e-qualidade-com-a-acoi\/\" \/>\n<meta property=\"og:site_name\" content=\"Acoi Corp\" \/>\n<meta name=\"twitter:card\" content=\"summary_large_image\" \/>\n<meta name=\"twitter:label1\" content=\"Est. tempo de leitura\" \/>\n\t<meta name=\"twitter:data1\" content=\"1 minuto\" \/>\n<script type=\"application\/ld+json\" class=\"yoast-schema-graph\">{\"@context\":\"https:\/\/schema.org\",\"@graph\":[{\"@type\":\"WebPage\",\"@id\":\"https:\/\/acoi.com.br\/conteudocorp\/construcao-de-supermercados-em-americana-inovacao-e-qualidade-com-a-acoi\/\",\"url\":\"https:\/\/acoi.com.br\/conteudocorp\/construcao-de-supermercados-em-americana-inovacao-e-qualidade-com-a-acoi\/\",\"name\":\"Constru\u00e7\u00e3o de Supermercados em Americana | Acoi\",\"isPartOf\":{\"@id\":\"https:\/\/acoi.com.br\/conteudocorp\/#website\"},\"datePublished\":\"2025-02-27T02:35:36+00:00\",\"dateModified\":\"2025-02-27T02:35:36+00:00\",\"description\":\"Descubra como a Acoi \u00e9 a melhor escolha para a constru\u00e7\u00e3o de supermercados em Americana, com inova\u00e7\u00e3o e qualidade.\",\"breadcrumb\":{\"@id\":\"https:\/\/acoi.com.br\/conteudocorp\/construcao-de-supermercados-em-americana-inovacao-e-qualidade-com-a-acoi\/#breadcrumb\"},\"inLanguage\":\"pt-BR\",\"potentialAction\":[{\"@type\":\"ReadAction\",\"target\":[\"https:\/\/acoi.com.br\/conteudocorp\/construcao-de-supermercados-em-americana-inovacao-e-qualidade-com-a-acoi\/\"]}]},{\"@type\":\"BreadcrumbList\",\"@id\":\"https:\/\/acoi.com.br\/conteudocorp\/construcao-de-supermercados-em-americana-inovacao-e-qualidade-com-a-acoi\/#breadcrumb\",\"itemListElement\":[{\"@type\":\"ListItem\",\"position\":1,\"name\":\"Home\",\"item\":\"https:\/\/acoi.com.br\/conteudocorp\/\"},{\"@type\":\"ListItem\",\"position\":2,\"name\":\"Constru\u00e7\u00e3o de Supermercados em Americana: Inova\u00e7\u00e3o e Qualidade com a Acoi\"}]},{\"@type\":\"WebSite\",\"@id\":\"https:\/\/acoi.com.br\/conteudocorp\/#website\",\"url\":\"https:\/\/acoi.com.br\/conteudocorp\/\",\"name\":\"Acoi Corp\",\"description\":\"\",\"potentialAction\":[{\"@type\":\"SearchAction\",\"target\":{\"@type\":\"EntryPoint\",\"urlTemplate\":\"https:\/\/acoi.com.br\/conteudocorp\/?s={search_term_string}\"},\"query-input\":{\"@type\":\"PropertyValueSpecification\",\"valueRequired\":true,\"valueName\":\"search_term_string\"}}],\"inLanguage\":\"pt-BR\"}]}<\/script>\n<!-- \/ Yoast SEO plugin. -->","yoast_head_json":{"title":"Constru\u00e7\u00e3o de Supermercados em Americana | Acoi","description":"Descubra como a Acoi \u00e9 a melhor escolha para a constru\u00e7\u00e3o de supermercados em Americana, com inova\u00e7\u00e3o e qualidade.","robots":{"index":"index","follow":"follow","max-snippet":"max-snippet:-1","max-image-preview":"max-image-preview:large","max-video-preview":"max-video-preview:-1"},"canonical":"https:\/\/acoi.com.br\/conteudocorp\/construcao-de-supermercados-em-americana-inovacao-e-qualidade-com-a-acoi\/","og_locale":"pt_BR","og_type":"article","og_title":"Constru\u00e7\u00e3o de Supermercados em Americana | Acoi","og_description":"Descubra como a Acoi \u00e9 a melhor escolha para a constru\u00e7\u00e3o de supermercados em Americana, com inova\u00e7\u00e3o e qualidade.","og_url":"https:\/\/acoi.com.br\/conteudocorp\/construcao-de-supermercados-em-americana-inovacao-e-qualidade-com-a-acoi\/","og_site_name":"Acoi Corp","twitter_card":"summary_large_image","twitter_misc":{"Est. tempo de leitura":"1 minuto"},"schema":{"@context":"https:\/\/schema.org","@graph":[{"@type":"WebPage","@id":"https:\/\/acoi.com.br\/conteudocorp\/construcao-de-supermercados-em-americana-inovacao-e-qualidade-com-a-acoi\/","url":"https:\/\/acoi.com.br\/conteudocorp\/construcao-de-supermercados-em-americana-inovacao-e-qualidade-com-a-acoi\/","name":"Constru\u00e7\u00e3o de Supermercados em Americana | Acoi","isPartOf":{"@id":"https:\/\/acoi.com.br\/conteudocorp\/#website"},"datePublished":"2025-02-27T02:35:36+00:00","dateModified":"2025-02-27T02:35:36+00:00","description":"Descubra como a Acoi \u00e9 a melhor escolha para a constru\u00e7\u00e3o de supermercados em Americana, com inova\u00e7\u00e3o e qualidade.","breadcrumb":{"@id":"https:\/\/acoi.com.br\/conteudocorp\/construcao-de-supermercados-em-americana-inovacao-e-qualidade-com-a-acoi\/#breadcrumb"},"inLanguage":"pt-BR","potentialAction":[{"@type":"ReadAction","target":["https:\/\/acoi.com.br\/conteudocorp\/construcao-de-supermercados-em-americana-inovacao-e-qualidade-com-a-acoi\/"]}]},{"@type":"BreadcrumbList","@id":"https:\/\/acoi.com.br\/conteudocorp\/construcao-de-supermercados-em-americana-inovacao-e-qualidade-com-a-acoi\/#breadcrumb","itemListElement":[{"@type":"ListItem","position":1,"name":"Home","item":"https:\/\/acoi.com.br\/conteudocorp\/"},{"@type":"ListItem","position":2,"name":"Constru\u00e7\u00e3o de Supermercados em Americana: Inova\u00e7\u00e3o e Qualidade com a Acoi"}]},{"@type":"WebSite","@id":"https:\/\/acoi.com.br\/conteudocorp\/#website","url":"https:\/\/acoi.com.br\/conteudocorp\/","name":"Acoi Corp","description":"","potentialAction":[{"@type":"SearchAction","target":{"@type":"EntryPoint","urlTemplate":"https:\/\/acoi.com.br\/conteudocorp\/?s={search_term_string}"},"query-input":{"@type":"PropertyValueSpecification","valueRequired":true,"valueName":"search_term_string"}}],"inLanguage":"pt-BR"}]}},"_links":{"self":[{"href":"https:\/\/acoi.com.br\/conteudocorp\/wp-json\/wp\/v2\/pages\/3052","targetHints":{"allow":["GET"]}}],"collection":[{"href":"https:\/\/acoi.com.br\/conteudocorp\/wp-json\/wp\/v2\/pages"}],"about":[{"href":"https:\/\/acoi.com.br\/conteudocorp\/wp-json\/wp\/v2\/types\/page"}],"author":[{"embeddable":true,"href":"https:\/\/acoi.com.br\/conteudocorp\/wp-json\/wp\/v2\/users\/3"}],"replies":[{"embeddable":true,"href":"https:\/\/acoi.com.br\/conteudocorp\/wp-json\/wp\/v2\/comments?post=3052"}],"version-history":[{"count":0,"href":"https:\/\/acoi.com.br\/conteudocorp\/wp-json\/wp\/v2\/pages\/3052\/revisions"}],"wp:attachment":[{"href":"https:\/\/acoi.com.br\/conteudocorp\/wp-json\/wp\/v2\/media?parent=3052"}],"curies":[{"name":"wp","href":"https:\/\/api.w.org\/{rel}","templated":true}]}}