{"id":3371,"date":"2025-02-27T19:15:34","date_gmt":"2025-02-27T19:15:34","guid":{"rendered":"https:\/\/acoi.com.br\/conteudocorp\/galpoes-industriais-em-vinhedo-a-solucao-ideal-para-sua-empresa\/"},"modified":"2025-02-27T19:15:34","modified_gmt":"2025-02-27T19:15:34","slug":"galpoes-industriais-em-vinhedo-a-solucao-ideal-para-sua-empresa","status":"publish","type":"page","link":"https:\/\/acoi.com.br\/conteudocorp\/galpoes-industriais-em-vinhedo-a-solucao-ideal-para-sua-empresa\/","title":{"rendered":"Galp\u00f5es Industriais em Vinhedo: A Solu\u00e7\u00e3o Ideal para sua Empresa"},"content":{"rendered":"<p><strong>Entenda o Potencial de Vinhedo<\/strong><br \/>\nVinhedo \u00e9 um verdadeiro polo industrial, oferecendo condi\u00e7\u00f5es ideais para o crescimento de empresas de diversos segmentos. A localiza\u00e7\u00e3o privilegiada, pr\u00f3xima a grandes centros urbanos e com acesso f\u00e1cil a rodovias, torna a cidade um local estrat\u00e9gico para instala\u00e7\u00e3o de galp\u00f5es industriais. Com uma infraestrutura robusta e planejamento urbano eficiente, Vinhedo atrai investimentos e impulsiona a economia local. <\/p>\n<p><strong>Constru\u00e7\u00e3o de Galp\u00f5es pela Acoi<\/strong><br \/>\nA Acoi se destaca no cen\u00e1rio da constru\u00e7\u00e3o civil, com mais de 100 mil m\u00b2 entregues com excel\u00eancia. Nossos galp\u00f5es s\u00e3o equipados com tecnologias inovadoras que promovem efici\u00eancia e sustentabilidade. Garantimos projetos personalizados, adaptados \u00e0s necessidades espec\u00edficas da sua empresa, seja no setor log\u00edstico, industrial ou corporativo. <\/p>\n<p><strong>Vantagens de Escolher a Acoi<\/strong><br \/>\nAl\u00e9m da qualidade na constru\u00e7\u00e3o, priorizamos a \u00e9tica, a transpar\u00eancia e o comprometimento. Nossa miss\u00e3o \u00e9 projetar e construir espa\u00e7os que n\u00e3o s\u00f3 atendam a sua demanda, mas que tamb\u00e9m melhorem a qualidade de vida das pessoas que os utilizam. A confian\u00e7a depositada por nossos clientes \u00e9 o reflexo da nossa dedica\u00e7\u00e3o e experi\u00eancia no setor.<\/p>\n","protected":false},"excerpt":{"rendered":"<p>Entenda o Potencial de Vinhedo Vinhedo \u00e9 um verdadeiro polo industrial, oferecendo condi\u00e7\u00f5es ideais para o crescimento de empresas de diversos segmentos. A localiza\u00e7\u00e3o privilegiada, pr\u00f3xima a grandes centros urbanos e com acesso f\u00e1cil a rodovias, torna a cidade um local estrat\u00e9gico para instala\u00e7\u00e3o de galp\u00f5es industriais. Com uma infraestrutura robusta e planejamento urbano eficiente,&hellip;&nbsp;<a href=\"https:\/\/acoi.com.br\/conteudocorp\/galpoes-industriais-em-vinhedo-a-solucao-ideal-para-sua-empresa\/\" class=\"\" rel=\"bookmark\">Continue a ler &raquo;<span class=\"screen-reader-text\">Galp\u00f5es Industriais em Vinhedo: A Solu\u00e7\u00e3o Ideal para sua Empresa<\/span><\/a><\/p>\n","protected":false},"author":3,"featured_media":0,"parent":0,"menu_order":0,"comment_status":"closed","ping_status":"closed","template":"","meta":{"_acf_changed":false,"_yoast_wpseo_focuskw":"Galp\u00f5es Industriais em Vinhedo","_yoast_wpseo_title":"Galp\u00f5es Industriais em Vinhedo: A Acoi \u00e9 a sua Melhor Op\u00e7\u00e3o","_yoast_wpseo_metadesc":"Descubra como os galp\u00f5es industriais em Vinhedo podem impulsionar o seu neg\u00f3cio. A Acoi oferece solu\u00e7\u00f5es inovadoras e de alta qualidade.","neve_meta_sidebar":"","neve_meta_container":"","neve_meta_enable_content_width":"","neve_meta_content_width":0,"neve_meta_title_alignment":"","neve_meta_author_avatar":"","neve_post_elements_order":"","neve_meta_disable_header":"","neve_meta_disable_footer":"","neve_meta_disable_title":"","footnotes":""},"class_list":["post-3371","page","type-page","status-publish","hentry"],"acf":{"introducao":"","conceitos_fundamentais":"","como_funciona":"","como_aplicar_no_dia_a_dia":"","principais_utilizacoes_e_beneficios":"","tipos_e_classificacoes":"","tecnologias_e_ferramentas_relacionadas":"","exemplos_e_casos_de_sucesso":"","mitos_e_verdades":"","perguntas_frequentes_faq":"","erros_comuns_e_como_evita-los":"","futuro_e_tendencias":"","conclusao":"","bloco1title":"Localiza\u00e7\u00e3o Estrat\u00e9gica","bloco1text":"Vinhedo est\u00e1 no cora\u00e7\u00e3o do estado de S\u00e3o Paulo, facilitando a log\u00edstica e a distribui\u00e7\u00e3o de produtos pelas principais rodovias.","bloco2title":"Infraestrutura Moderna","bloco2text":"Nossos galp\u00f5es s\u00e3o projetados para alta efici\u00eancia, com instala\u00e7\u00f5es modernas e sustent\u00e1veis que favorecem a opera\u00e7\u00e3o.","bloco3title":"Sustentabilidade e Inova\u00e7\u00e3o","bloco3text":"Utilizamos t\u00e9cnicas sustent\u00e1veis em nossos projetos, garantindo efici\u00eancia energ\u00e9tica e impacto ambiental reduzido, alinhando-se \u00e0s demandas do mercado moderno.","insightwidtitle":"Curiosidades sobre Galp\u00f5es em Vinhedo","insightwidcontent":"Sabia que a localiza\u00e7\u00e3o dos galp\u00f5es industriais em Vinhedo n\u00e3o s\u00f3 facilita o acesso a rodovias principais, mas tamb\u00e9m oferece um ambiente prop\u00edcio para o desenvolvimento de neg\u00f3cios sustent\u00e1veis? A cidade \u00e9 reconhecida por seu planejamento urbano que prioriza a efici\u00eancia log\u00edstica, fazendo dela um dos melhores lugares para investir em infraestrutura industrial. Al\u00e9m disso, as iniciativas sustent\u00e1veis s\u00e3o fundamentais, com cada vez mais empresas buscando solu\u00e7\u00f5es que minimizam o impacto ambiental."},"yoast_head":"<!-- This site is optimized with the Yoast SEO plugin v23.4 - https:\/\/yoast.com\/wordpress\/plugins\/seo\/ -->\n<title>Galp\u00f5es Industriais em Vinhedo: A Acoi \u00e9 a sua Melhor Op\u00e7\u00e3o<\/title>\n<meta name=\"description\" content=\"Descubra como os galp\u00f5es industriais em Vinhedo podem impulsionar o seu neg\u00f3cio. A Acoi oferece solu\u00e7\u00f5es inovadoras e de alta qualidade.\" \/>\n<meta name=\"robots\" content=\"index, follow, max-snippet:-1, max-image-preview:large, max-video-preview:-1\" \/>\n<link rel=\"canonical\" href=\"https:\/\/acoi.com.br\/conteudocorp\/galpoes-industriais-em-vinhedo-a-solucao-ideal-para-sua-empresa\/\" \/>\n<meta property=\"og:locale\" content=\"pt_BR\" \/>\n<meta property=\"og:type\" content=\"article\" \/>\n<meta property=\"og:title\" content=\"Galp\u00f5es Industriais em Vinhedo: A Acoi \u00e9 a sua Melhor Op\u00e7\u00e3o\" \/>\n<meta property=\"og:description\" content=\"Descubra como os galp\u00f5es industriais em Vinhedo podem impulsionar o seu neg\u00f3cio. A Acoi oferece solu\u00e7\u00f5es inovadoras e de alta qualidade.\" \/>\n<meta property=\"og:url\" content=\"https:\/\/acoi.com.br\/conteudocorp\/galpoes-industriais-em-vinhedo-a-solucao-ideal-para-sua-empresa\/\" \/>\n<meta property=\"og:site_name\" content=\"Acoi Corp\" \/>\n<meta name=\"twitter:card\" content=\"summary_large_image\" \/>\n<meta name=\"twitter:label1\" content=\"Est. tempo de leitura\" \/>\n\t<meta name=\"twitter:data1\" content=\"1 minuto\" \/>\n<script type=\"application\/ld+json\" class=\"yoast-schema-graph\">{\"@context\":\"https:\/\/schema.org\",\"@graph\":[{\"@type\":\"WebPage\",\"@id\":\"https:\/\/acoi.com.br\/conteudocorp\/galpoes-industriais-em-vinhedo-a-solucao-ideal-para-sua-empresa\/\",\"url\":\"https:\/\/acoi.com.br\/conteudocorp\/galpoes-industriais-em-vinhedo-a-solucao-ideal-para-sua-empresa\/\",\"name\":\"Galp\u00f5es Industriais em Vinhedo: A Acoi \u00e9 a sua Melhor Op\u00e7\u00e3o\",\"isPartOf\":{\"@id\":\"https:\/\/acoi.com.br\/conteudocorp\/#website\"},\"datePublished\":\"2025-02-27T19:15:34+00:00\",\"dateModified\":\"2025-02-27T19:15:34+00:00\",\"description\":\"Descubra como os galp\u00f5es industriais em Vinhedo podem impulsionar o seu neg\u00f3cio. A Acoi oferece solu\u00e7\u00f5es inovadoras e de alta qualidade.\",\"breadcrumb\":{\"@id\":\"https:\/\/acoi.com.br\/conteudocorp\/galpoes-industriais-em-vinhedo-a-solucao-ideal-para-sua-empresa\/#breadcrumb\"},\"inLanguage\":\"pt-BR\",\"potentialAction\":[{\"@type\":\"ReadAction\",\"target\":[\"https:\/\/acoi.com.br\/conteudocorp\/galpoes-industriais-em-vinhedo-a-solucao-ideal-para-sua-empresa\/\"]}]},{\"@type\":\"BreadcrumbList\",\"@id\":\"https:\/\/acoi.com.br\/conteudocorp\/galpoes-industriais-em-vinhedo-a-solucao-ideal-para-sua-empresa\/#breadcrumb\",\"itemListElement\":[{\"@type\":\"ListItem\",\"position\":1,\"name\":\"Home\",\"item\":\"https:\/\/acoi.com.br\/conteudocorp\/\"},{\"@type\":\"ListItem\",\"position\":2,\"name\":\"Galp\u00f5es Industriais em Vinhedo: A Solu\u00e7\u00e3o Ideal para sua Empresa\"}]},{\"@type\":\"WebSite\",\"@id\":\"https:\/\/acoi.com.br\/conteudocorp\/#website\",\"url\":\"https:\/\/acoi.com.br\/conteudocorp\/\",\"name\":\"Acoi Corp\",\"description\":\"\",\"potentialAction\":[{\"@type\":\"SearchAction\",\"target\":{\"@type\":\"EntryPoint\",\"urlTemplate\":\"https:\/\/acoi.com.br\/conteudocorp\/?s={search_term_string}\"},\"query-input\":{\"@type\":\"PropertyValueSpecification\",\"valueRequired\":true,\"valueName\":\"search_term_string\"}}],\"inLanguage\":\"pt-BR\"}]}<\/script>\n<!-- \/ Yoast SEO plugin. -->","yoast_head_json":{"title":"Galp\u00f5es Industriais em Vinhedo: A Acoi \u00e9 a sua Melhor Op\u00e7\u00e3o","description":"Descubra como os galp\u00f5es industriais em Vinhedo podem impulsionar o seu neg\u00f3cio. A Acoi oferece solu\u00e7\u00f5es inovadoras e de alta qualidade.","robots":{"index":"index","follow":"follow","max-snippet":"max-snippet:-1","max-image-preview":"max-image-preview:large","max-video-preview":"max-video-preview:-1"},"canonical":"https:\/\/acoi.com.br\/conteudocorp\/galpoes-industriais-em-vinhedo-a-solucao-ideal-para-sua-empresa\/","og_locale":"pt_BR","og_type":"article","og_title":"Galp\u00f5es Industriais em Vinhedo: A Acoi \u00e9 a sua Melhor Op\u00e7\u00e3o","og_description":"Descubra como os galp\u00f5es industriais em Vinhedo podem impulsionar o seu neg\u00f3cio. A Acoi oferece solu\u00e7\u00f5es inovadoras e de alta qualidade.","og_url":"https:\/\/acoi.com.br\/conteudocorp\/galpoes-industriais-em-vinhedo-a-solucao-ideal-para-sua-empresa\/","og_site_name":"Acoi Corp","twitter_card":"summary_large_image","twitter_misc":{"Est. tempo de leitura":"1 minuto"},"schema":{"@context":"https:\/\/schema.org","@graph":[{"@type":"WebPage","@id":"https:\/\/acoi.com.br\/conteudocorp\/galpoes-industriais-em-vinhedo-a-solucao-ideal-para-sua-empresa\/","url":"https:\/\/acoi.com.br\/conteudocorp\/galpoes-industriais-em-vinhedo-a-solucao-ideal-para-sua-empresa\/","name":"Galp\u00f5es Industriais em Vinhedo: A Acoi \u00e9 a sua Melhor Op\u00e7\u00e3o","isPartOf":{"@id":"https:\/\/acoi.com.br\/conteudocorp\/#website"},"datePublished":"2025-02-27T19:15:34+00:00","dateModified":"2025-02-27T19:15:34+00:00","description":"Descubra como os galp\u00f5es industriais em Vinhedo podem impulsionar o seu neg\u00f3cio. A Acoi oferece solu\u00e7\u00f5es inovadoras e de alta qualidade.","breadcrumb":{"@id":"https:\/\/acoi.com.br\/conteudocorp\/galpoes-industriais-em-vinhedo-a-solucao-ideal-para-sua-empresa\/#breadcrumb"},"inLanguage":"pt-BR","potentialAction":[{"@type":"ReadAction","target":["https:\/\/acoi.com.br\/conteudocorp\/galpoes-industriais-em-vinhedo-a-solucao-ideal-para-sua-empresa\/"]}]},{"@type":"BreadcrumbList","@id":"https:\/\/acoi.com.br\/conteudocorp\/galpoes-industriais-em-vinhedo-a-solucao-ideal-para-sua-empresa\/#breadcrumb","itemListElement":[{"@type":"ListItem","position":1,"name":"Home","item":"https:\/\/acoi.com.br\/conteudocorp\/"},{"@type":"ListItem","position":2,"name":"Galp\u00f5es Industriais em Vinhedo: A Solu\u00e7\u00e3o Ideal para sua Empresa"}]},{"@type":"WebSite","@id":"https:\/\/acoi.com.br\/conteudocorp\/#website","url":"https:\/\/acoi.com.br\/conteudocorp\/","name":"Acoi Corp","description":"","potentialAction":[{"@type":"SearchAction","target":{"@type":"EntryPoint","urlTemplate":"https:\/\/acoi.com.br\/conteudocorp\/?s={search_term_string}"},"query-input":{"@type":"PropertyValueSpecification","valueRequired":true,"valueName":"search_term_string"}}],"inLanguage":"pt-BR"}]}},"_links":{"self":[{"href":"https:\/\/acoi.com.br\/conteudocorp\/wp-json\/wp\/v2\/pages\/3371","targetHints":{"allow":["GET"]}}],"collection":[{"href":"https:\/\/acoi.com.br\/conteudocorp\/wp-json\/wp\/v2\/pages"}],"about":[{"href":"https:\/\/acoi.com.br\/conteudocorp\/wp-json\/wp\/v2\/types\/page"}],"author":[{"embeddable":true,"href":"https:\/\/acoi.com.br\/conteudocorp\/wp-json\/wp\/v2\/users\/3"}],"replies":[{"embeddable":true,"href":"https:\/\/acoi.com.br\/conteudocorp\/wp-json\/wp\/v2\/comments?post=3371"}],"version-history":[{"count":0,"href":"https:\/\/acoi.com.br\/conteudocorp\/wp-json\/wp\/v2\/pages\/3371\/revisions"}],"wp:attachment":[{"href":"https:\/\/acoi.com.br\/conteudocorp\/wp-json\/wp\/v2\/media?parent=3371"}],"curies":[{"name":"wp","href":"https:\/\/api.w.org\/{rel}","templated":true}]}}