{"id":50380,"date":"2025-06-09T00:00:34","date_gmt":"2025-06-09T00:00:34","guid":{"rendered":"https:\/\/acoi.com.br\/conteudocorp\/galpoes-industriais-em-itatiba-a-solucao-perfeita-para-sua-empresa\/"},"modified":"2025-06-09T00:00:34","modified_gmt":"2025-06-09T00:00:34","slug":"galpoes-industriais-em-itatiba-a-solucao-perfeita-para-sua-empresa","status":"publish","type":"page","link":"https:\/\/acoi.com.br\/conteudocorp\/galpoes-industriais-em-itatiba-a-solucao-perfeita-para-sua-empresa\/","title":{"rendered":"Galp\u00f5es Industriais em Itatiba: A Solu\u00e7\u00e3o Perfeita para sua Empresa"},"content":{"rendered":"<p><strong>Localiza\u00e7\u00e3o estrat\u00e9gica<\/strong><br \/>\nItatiba \u00e9 uma cidade com infraestrutura excelente, acesso a principais rodovias e proximidade de grandes centros urbanos, facilitando a log\u00edstica e a distribui\u00e7\u00e3o.<\/p>\n<p><strong>Personaliza\u00e7\u00e3o dos projetos<\/strong><br \/>\nNa Acoi, cada galp\u00e3o \u00e9 projetado de acordo com as especifica\u00e7\u00f5es do cliente, garantindo funcionalidade e adaptabilidade para diferentes setores da ind\u00fastria. <\/p>\n<p><strong>Qualidade garantida<\/strong><br \/>\nCom mais de 100 mil m\u00b2 constru\u00eddos, a Acoi \u00e9 sin\u00f4nimo de qualidade na constru\u00e7\u00e3o civil. Nossa equipe \u00e9 composta por especialistas, prontos para transformar sua vis\u00e3o em realidade. <\/p>\n<p><strong>Investimento em tecnologia<\/strong><br \/>\nUtilizamos as melhores pr\u00e1ticas e inova\u00e7\u00f5es tecnol\u00f3gicas para otimizar processos e reduzir custos, sempre com foco na qualidade final da obra. <\/p>\n<p><strong>Experi\u00eancia reconhecida<\/strong><br \/>\nA confian\u00e7a que temos recebido de nossos clientes \u00e9 fruto de nosso comprometimento com a \u00e9tica e a transpar\u00eancia. Na Acoi, cada galp\u00e3o industrial \u00e9 mais do que uma constru\u00e7\u00e3o, \u00e9 um espa\u00e7o que promove oportunidades de crescimento.<\/p>\n","protected":false},"excerpt":{"rendered":"<p>Localiza\u00e7\u00e3o estrat\u00e9gica Itatiba \u00e9 uma cidade com infraestrutura excelente, acesso a principais rodovias e proximidade de grandes centros urbanos, facilitando a log\u00edstica e a distribui\u00e7\u00e3o. Personaliza\u00e7\u00e3o dos projetos Na Acoi, cada galp\u00e3o \u00e9 projetado de acordo com as especifica\u00e7\u00f5es do cliente, garantindo funcionalidade e adaptabilidade para diferentes setores da ind\u00fastria. Qualidade garantida Com mais de&hellip;&nbsp;<a href=\"https:\/\/acoi.com.br\/conteudocorp\/galpoes-industriais-em-itatiba-a-solucao-perfeita-para-sua-empresa\/\" class=\"\" rel=\"bookmark\">Continue a ler &raquo;<span class=\"screen-reader-text\">Galp\u00f5es Industriais em Itatiba: A Solu\u00e7\u00e3o Perfeita para sua Empresa<\/span><\/a><\/p>\n","protected":false},"author":3,"featured_media":0,"parent":0,"menu_order":0,"comment_status":"closed","ping_status":"closed","template":"","meta":{"_acf_changed":false,"_yoast_wpseo_focuskw":"Galp\u00f5es Industriais em Itatiba","_yoast_wpseo_title":"Acoi: Galp\u00f5es Industriais em Itatiba, Inova\u00e7\u00e3o e Qualidade.","_yoast_wpseo_metadesc":"Descubra porque a Acoi \u00e9 a melhor op\u00e7\u00e3o para galp\u00f5es industriais em Itatiba. Projetos especiais, qualidade e inova\u00e7\u00e3o para sua empresa.","neve_meta_sidebar":"","neve_meta_container":"","neve_meta_enable_content_width":"","neve_meta_content_width":0,"neve_meta_title_alignment":"","neve_meta_author_avatar":"","neve_post_elements_order":"","neve_meta_disable_header":"","neve_meta_disable_footer":"","neve_meta_disable_title":"","footnotes":""},"class_list":["post-50380","page","type-page","status-publish","hentry"],"acf":{"introducao":"","conceitos_fundamentais":"","como_funciona":"","como_aplicar_no_dia_a_dia":"","principais_utilizacoes_e_beneficios":"","tipos_e_classificacoes":"","tecnologias_e_ferramentas_relacionadas":"","exemplos_e_casos_de_sucesso":"","mitos_e_verdades":"","perguntas_frequentes_faq":"","erros_comuns_e_como_evita-los":"","futuro_e_tendencias":"","conclusao":"","bloco1title":"Inova\u00e7\u00e3o constante","bloco1text":"Na Acoi, aplicamos tecnologias de ponta em todos os projetos, garantindo inova\u00e7\u00e3o e efici\u00eancia.","bloco2title":"Compromisso com prazos","bloco2text":"Entregamos seus galp\u00f5es industriais dentro dos prazos estabelecidos, respeitando seu cronograma.","bloco3title":"Sustentabilidade em foco","bloco3text":"Projetamos galp\u00f5es com solu\u00e7\u00f5es sustent\u00e1veis, reduzindo o impacto ambiental e otimizando recursos em cada etapa da constru\u00e7\u00e3o.","insightwidtitle":"Curiosidades sobre Itatiba","insightwidcontent":"Itatiba, al\u00e9m de ser um importante polo industrial, \u00e9 conhecida por sua rica hist\u00f3ria e diversos atrativos tur\u00edsticos, como parques e festas culturais. Essa cidade combina tradi\u00e7\u00e3o e inova\u00e7\u00e3o, oferecendo uma localiza\u00e7\u00e3o ideal para empresas que buscam crescer e se destacar. Voc\u00ea sabia que a cidade j\u00e1 foi eleita como uma das melhores para se viver em S\u00e3o Paulo? Isso demonstra n\u00e3o s\u00f3 sua qualidade de vida como tamb\u00e9m a for\u00e7a de seu mercado comercial."},"yoast_head":"<!-- This site is optimized with the Yoast SEO plugin v23.4 - https:\/\/yoast.com\/wordpress\/plugins\/seo\/ -->\n<title>Acoi: Galp\u00f5es Industriais em Itatiba, Inova\u00e7\u00e3o e Qualidade.<\/title>\n<meta name=\"description\" content=\"Descubra porque a Acoi \u00e9 a melhor op\u00e7\u00e3o para galp\u00f5es industriais em Itatiba. Projetos especiais, qualidade e inova\u00e7\u00e3o para sua empresa.\" \/>\n<meta name=\"robots\" content=\"index, follow, max-snippet:-1, max-image-preview:large, max-video-preview:-1\" \/>\n<link rel=\"canonical\" href=\"https:\/\/acoi.com.br\/conteudocorp\/galpoes-industriais-em-itatiba-a-solucao-perfeita-para-sua-empresa\/\" \/>\n<meta property=\"og:locale\" content=\"pt_BR\" \/>\n<meta property=\"og:type\" content=\"article\" \/>\n<meta property=\"og:title\" content=\"Acoi: Galp\u00f5es Industriais em Itatiba, Inova\u00e7\u00e3o e Qualidade.\" \/>\n<meta property=\"og:description\" content=\"Descubra porque a Acoi \u00e9 a melhor op\u00e7\u00e3o para galp\u00f5es industriais em Itatiba. Projetos especiais, qualidade e inova\u00e7\u00e3o para sua empresa.\" \/>\n<meta property=\"og:url\" content=\"https:\/\/acoi.com.br\/conteudocorp\/galpoes-industriais-em-itatiba-a-solucao-perfeita-para-sua-empresa\/\" \/>\n<meta property=\"og:site_name\" content=\"Acoi Corp\" \/>\n<meta name=\"twitter:card\" content=\"summary_large_image\" \/>\n<meta name=\"twitter:label1\" content=\"Est. tempo de leitura\" \/>\n\t<meta name=\"twitter:data1\" content=\"1 minuto\" \/>\n<script type=\"application\/ld+json\" class=\"yoast-schema-graph\">{\"@context\":\"https:\/\/schema.org\",\"@graph\":[{\"@type\":\"WebPage\",\"@id\":\"https:\/\/acoi.com.br\/conteudocorp\/galpoes-industriais-em-itatiba-a-solucao-perfeita-para-sua-empresa\/\",\"url\":\"https:\/\/acoi.com.br\/conteudocorp\/galpoes-industriais-em-itatiba-a-solucao-perfeita-para-sua-empresa\/\",\"name\":\"Acoi: Galp\u00f5es Industriais em Itatiba, Inova\u00e7\u00e3o e Qualidade.\",\"isPartOf\":{\"@id\":\"https:\/\/acoi.com.br\/conteudocorp\/#website\"},\"datePublished\":\"2025-06-09T00:00:34+00:00\",\"dateModified\":\"2025-06-09T00:00:34+00:00\",\"description\":\"Descubra porque a Acoi \u00e9 a melhor op\u00e7\u00e3o para galp\u00f5es industriais em Itatiba. Projetos especiais, qualidade e inova\u00e7\u00e3o para sua empresa.\",\"breadcrumb\":{\"@id\":\"https:\/\/acoi.com.br\/conteudocorp\/galpoes-industriais-em-itatiba-a-solucao-perfeita-para-sua-empresa\/#breadcrumb\"},\"inLanguage\":\"pt-BR\",\"potentialAction\":[{\"@type\":\"ReadAction\",\"target\":[\"https:\/\/acoi.com.br\/conteudocorp\/galpoes-industriais-em-itatiba-a-solucao-perfeita-para-sua-empresa\/\"]}]},{\"@type\":\"BreadcrumbList\",\"@id\":\"https:\/\/acoi.com.br\/conteudocorp\/galpoes-industriais-em-itatiba-a-solucao-perfeita-para-sua-empresa\/#breadcrumb\",\"itemListElement\":[{\"@type\":\"ListItem\",\"position\":1,\"name\":\"Home\",\"item\":\"https:\/\/acoi.com.br\/conteudocorp\/\"},{\"@type\":\"ListItem\",\"position\":2,\"name\":\"Galp\u00f5es Industriais em Itatiba: A Solu\u00e7\u00e3o Perfeita para sua Empresa\"}]},{\"@type\":\"WebSite\",\"@id\":\"https:\/\/acoi.com.br\/conteudocorp\/#website\",\"url\":\"https:\/\/acoi.com.br\/conteudocorp\/\",\"name\":\"Acoi Corp\",\"description\":\"\",\"potentialAction\":[{\"@type\":\"SearchAction\",\"target\":{\"@type\":\"EntryPoint\",\"urlTemplate\":\"https:\/\/acoi.com.br\/conteudocorp\/?s={search_term_string}\"},\"query-input\":{\"@type\":\"PropertyValueSpecification\",\"valueRequired\":true,\"valueName\":\"search_term_string\"}}],\"inLanguage\":\"pt-BR\"}]}<\/script>\n<!-- \/ Yoast SEO plugin. -->","yoast_head_json":{"title":"Acoi: Galp\u00f5es Industriais em Itatiba, Inova\u00e7\u00e3o e Qualidade.","description":"Descubra porque a Acoi \u00e9 a melhor op\u00e7\u00e3o para galp\u00f5es industriais em Itatiba. Projetos especiais, qualidade e inova\u00e7\u00e3o para sua empresa.","robots":{"index":"index","follow":"follow","max-snippet":"max-snippet:-1","max-image-preview":"max-image-preview:large","max-video-preview":"max-video-preview:-1"},"canonical":"https:\/\/acoi.com.br\/conteudocorp\/galpoes-industriais-em-itatiba-a-solucao-perfeita-para-sua-empresa\/","og_locale":"pt_BR","og_type":"article","og_title":"Acoi: Galp\u00f5es Industriais em Itatiba, Inova\u00e7\u00e3o e Qualidade.","og_description":"Descubra porque a Acoi \u00e9 a melhor op\u00e7\u00e3o para galp\u00f5es industriais em Itatiba. Projetos especiais, qualidade e inova\u00e7\u00e3o para sua empresa.","og_url":"https:\/\/acoi.com.br\/conteudocorp\/galpoes-industriais-em-itatiba-a-solucao-perfeita-para-sua-empresa\/","og_site_name":"Acoi Corp","twitter_card":"summary_large_image","twitter_misc":{"Est. tempo de leitura":"1 minuto"},"schema":{"@context":"https:\/\/schema.org","@graph":[{"@type":"WebPage","@id":"https:\/\/acoi.com.br\/conteudocorp\/galpoes-industriais-em-itatiba-a-solucao-perfeita-para-sua-empresa\/","url":"https:\/\/acoi.com.br\/conteudocorp\/galpoes-industriais-em-itatiba-a-solucao-perfeita-para-sua-empresa\/","name":"Acoi: Galp\u00f5es Industriais em Itatiba, Inova\u00e7\u00e3o e Qualidade.","isPartOf":{"@id":"https:\/\/acoi.com.br\/conteudocorp\/#website"},"datePublished":"2025-06-09T00:00:34+00:00","dateModified":"2025-06-09T00:00:34+00:00","description":"Descubra porque a Acoi \u00e9 a melhor op\u00e7\u00e3o para galp\u00f5es industriais em Itatiba. Projetos especiais, qualidade e inova\u00e7\u00e3o para sua empresa.","breadcrumb":{"@id":"https:\/\/acoi.com.br\/conteudocorp\/galpoes-industriais-em-itatiba-a-solucao-perfeita-para-sua-empresa\/#breadcrumb"},"inLanguage":"pt-BR","potentialAction":[{"@type":"ReadAction","target":["https:\/\/acoi.com.br\/conteudocorp\/galpoes-industriais-em-itatiba-a-solucao-perfeita-para-sua-empresa\/"]}]},{"@type":"BreadcrumbList","@id":"https:\/\/acoi.com.br\/conteudocorp\/galpoes-industriais-em-itatiba-a-solucao-perfeita-para-sua-empresa\/#breadcrumb","itemListElement":[{"@type":"ListItem","position":1,"name":"Home","item":"https:\/\/acoi.com.br\/conteudocorp\/"},{"@type":"ListItem","position":2,"name":"Galp\u00f5es Industriais em Itatiba: A Solu\u00e7\u00e3o Perfeita para sua Empresa"}]},{"@type":"WebSite","@id":"https:\/\/acoi.com.br\/conteudocorp\/#website","url":"https:\/\/acoi.com.br\/conteudocorp\/","name":"Acoi Corp","description":"","potentialAction":[{"@type":"SearchAction","target":{"@type":"EntryPoint","urlTemplate":"https:\/\/acoi.com.br\/conteudocorp\/?s={search_term_string}"},"query-input":{"@type":"PropertyValueSpecification","valueRequired":true,"valueName":"search_term_string"}}],"inLanguage":"pt-BR"}]}},"_links":{"self":[{"href":"https:\/\/acoi.com.br\/conteudocorp\/wp-json\/wp\/v2\/pages\/50380","targetHints":{"allow":["GET"]}}],"collection":[{"href":"https:\/\/acoi.com.br\/conteudocorp\/wp-json\/wp\/v2\/pages"}],"about":[{"href":"https:\/\/acoi.com.br\/conteudocorp\/wp-json\/wp\/v2\/types\/page"}],"author":[{"embeddable":true,"href":"https:\/\/acoi.com.br\/conteudocorp\/wp-json\/wp\/v2\/users\/3"}],"replies":[{"embeddable":true,"href":"https:\/\/acoi.com.br\/conteudocorp\/wp-json\/wp\/v2\/comments?post=50380"}],"version-history":[{"count":0,"href":"https:\/\/acoi.com.br\/conteudocorp\/wp-json\/wp\/v2\/pages\/50380\/revisions"}],"wp:attachment":[{"href":"https:\/\/acoi.com.br\/conteudocorp\/wp-json\/wp\/v2\/media?parent=50380"}],"curies":[{"name":"wp","href":"https:\/\/api.w.org\/{rel}","templated":true}]}}