{"id":62628,"date":"2025-07-03T15:45:17","date_gmt":"2025-07-03T15:45:17","guid":{"rendered":"https:\/\/acoi.com.br\/conteudocorp\/galpoes-industriais-em-itatiba-a-escolha-certa-para-o-seu-negocio-5\/"},"modified":"2025-07-03T15:45:17","modified_gmt":"2025-07-03T15:45:17","slug":"galpoes-industriais-em-itatiba-a-escolha-certa-para-o-seu-negocio-5","status":"publish","type":"page","link":"https:\/\/acoi.com.br\/conteudocorp\/galpoes-industriais-em-itatiba-a-escolha-certa-para-o-seu-negocio-5\/","title":{"rendered":"Galp\u00f5es Industriais em Itatiba: A Escolha Certa para o Seu Neg\u00f3cio"},"content":{"rendered":"<p><strong>A Import\u00e2ncia da Localiza\u00e7\u00e3o<\/strong><br \/>Itatiba \u00e9 uma cidade que oferece uma localiza\u00e7\u00e3o privilegiada no interior de S\u00e3o Paulo, acess\u00edvel por rodovias importantes como a Fern\u00e3o Dias e a Dom Pedro I. Essa vantagem reduz o tempo de transporte e facilita a distribui\u00e7\u00e3o de produtos, tornando a cidade uma excelente escolha para a instala\u00e7\u00e3o de galp\u00f5es industriais.<\/p>\n<p><strong>Infraestrutura Modernizada<\/strong><br \/>Os galp\u00f5es industriais na regi\u00e3o s\u00e3o projetados com tecnologia de ponta, garantindo espa\u00e7os adequados para armazenamento, produ\u00e7\u00e3o e log\u00edstica. A qualidade das constru\u00e7\u00f5es \u00e9 um diferencial que impacta diretamente na produtividade das empresas.<\/p>\n<p><strong>Compromisso com a Sustentabilidade<\/strong><br \/>A Acoi integra solu\u00e7\u00f5es sustent\u00e1veis em seus projetos, refletindo uma preocupa\u00e7\u00e3o com o meio ambiente e a efici\u00eancia energ\u00e9tica. Isso n\u00e3o s\u00f3 se alinha \u00e0s normas ambientais, mas tamb\u00e9m promove uma imagem positiva da empresa para clientes e parceiros. <\/p>\n<p><strong>Qualidade e Confian\u00e7a<\/strong><br \/>A Acoi \u00e9 reconhecida pela sua atua\u00e7\u00e3o \u00e9tica e transparente, garantindo prazos e padr\u00f5es elevados em todas suas obras. Com mais de 100 mil m\u00b2 constru\u00eddos, a Acoi traz confian\u00e7a e qualidade para quem busca expandir ou come\u00e7ar suas opera\u00e7\u00f5es industriais em Itatiba.<\/p>\n","protected":false},"excerpt":{"rendered":"<p>A Import\u00e2ncia da Localiza\u00e7\u00e3oItatiba \u00e9 uma cidade que oferece uma localiza\u00e7\u00e3o privilegiada no interior de S\u00e3o Paulo, acess\u00edvel por rodovias importantes como a Fern\u00e3o Dias e a Dom Pedro I. Essa vantagem reduz o tempo de transporte e facilita a distribui\u00e7\u00e3o de produtos, tornando a cidade uma excelente escolha para a instala\u00e7\u00e3o de galp\u00f5es industriais.&hellip;&nbsp;<a href=\"https:\/\/acoi.com.br\/conteudocorp\/galpoes-industriais-em-itatiba-a-escolha-certa-para-o-seu-negocio-5\/\" class=\"\" rel=\"bookmark\">Continue a ler &raquo;<span class=\"screen-reader-text\">Galp\u00f5es Industriais em Itatiba: A Escolha Certa para o Seu Neg\u00f3cio<\/span><\/a><\/p>\n","protected":false},"author":3,"featured_media":0,"parent":0,"menu_order":0,"comment_status":"closed","ping_status":"closed","template":"","meta":{"_acf_changed":false,"_yoast_wpseo_focuskw":"Galp\u00f5es Industriais em Itatiba","_yoast_wpseo_title":"Galp\u00f5es Industriais em Itatiba: Construa com a Acoi","_yoast_wpseo_metadesc":"Descubra os principais benef\u00edcios e diferenciais dos galp\u00f5es industriais em Itatiba. A Acoi \u00e9 a sua melhor op\u00e7\u00e3o para construir espa\u00e7os de qualidade.","neve_meta_sidebar":"","neve_meta_container":"","neve_meta_enable_content_width":"","neve_meta_content_width":0,"neve_meta_title_alignment":"","neve_meta_author_avatar":"","neve_post_elements_order":"","neve_meta_disable_header":"","neve_meta_disable_footer":"","neve_meta_disable_title":"","footnotes":""},"class_list":["post-62628","page","type-page","status-publish","hentry"],"acf":{"introducao":"","conceitos_fundamentais":"","como_funciona":"","como_aplicar_no_dia_a_dia":"","principais_utilizacoes_e_beneficios":"","tipos_e_classificacoes":"","tecnologias_e_ferramentas_relacionadas":"","exemplos_e_casos_de_sucesso":"","mitos_e_verdades":"","perguntas_frequentes_faq":"","erros_comuns_e_como_evita-los":"","futuro_e_tendencias":"","conclusao":"","bloco1title":"Localiza\u00e7\u00e3o Estrat\u00e9gica","bloco1text":"Itatiba se destaca por sua proximidade a grandes centros, otimizando a log\u00edstica e reduzindo custos de transporte.","bloco2title":"Infraestrutura Moderna","bloco2text":"Os galp\u00f5es contam com infraestrutura de ponta, proporcionando efici\u00eancia e funcionalidade \u00e0s empresas.","bloco3title":"Sustentabilidade em Foco","bloco3text":"A Acoi se preocupa com a sustentabilidade, integrando solu\u00e7\u00f5es ecol\u00f3gicas nas constru\u00e7\u00f5es, minimizando o impacto ambiental.","insightwidtitle":"Curiosidades sobre Itatiba","insightwidcontent":"Itatiba \u00e9 conhecida por suas belezas naturais e pelo clima ameno, o que a torna um local agrad\u00e1vel para viver e trabalhar. Al\u00e9m disso, a cidade possui uma rica hist\u00f3ria e foi fundada em 1645, originalmente como um centro agr\u00edcola. Hoje, ela se destaca no setor industrial e log\u00edstico, atraindo empresas de diversos segmentos."},"yoast_head":"<!-- This site is optimized with the Yoast SEO plugin v23.4 - https:\/\/yoast.com\/wordpress\/plugins\/seo\/ -->\n<title>Galp\u00f5es Industriais em Itatiba: Construa com a Acoi<\/title>\n<meta name=\"description\" content=\"Descubra os principais benef\u00edcios e diferenciais dos galp\u00f5es industriais em Itatiba. A Acoi \u00e9 a sua melhor op\u00e7\u00e3o para construir espa\u00e7os de qualidade.\" \/>\n<meta name=\"robots\" content=\"index, follow, max-snippet:-1, max-image-preview:large, max-video-preview:-1\" \/>\n<link rel=\"canonical\" href=\"https:\/\/acoi.com.br\/conteudocorp\/galpoes-industriais-em-itatiba-a-escolha-certa-para-o-seu-negocio-5\/\" \/>\n<meta property=\"og:locale\" content=\"pt_BR\" \/>\n<meta property=\"og:type\" content=\"article\" \/>\n<meta property=\"og:title\" content=\"Galp\u00f5es Industriais em Itatiba: Construa com a Acoi\" \/>\n<meta property=\"og:description\" content=\"Descubra os principais benef\u00edcios e diferenciais dos galp\u00f5es industriais em Itatiba. A Acoi \u00e9 a sua melhor op\u00e7\u00e3o para construir espa\u00e7os de qualidade.\" \/>\n<meta property=\"og:url\" content=\"https:\/\/acoi.com.br\/conteudocorp\/galpoes-industriais-em-itatiba-a-escolha-certa-para-o-seu-negocio-5\/\" \/>\n<meta property=\"og:site_name\" content=\"Acoi Corp\" \/>\n<meta name=\"twitter:card\" content=\"summary_large_image\" \/>\n<meta name=\"twitter:label1\" content=\"Est. tempo de leitura\" \/>\n\t<meta name=\"twitter:data1\" content=\"1 minuto\" \/>\n<script type=\"application\/ld+json\" class=\"yoast-schema-graph\">{\"@context\":\"https:\/\/schema.org\",\"@graph\":[{\"@type\":\"WebPage\",\"@id\":\"https:\/\/acoi.com.br\/conteudocorp\/galpoes-industriais-em-itatiba-a-escolha-certa-para-o-seu-negocio-5\/\",\"url\":\"https:\/\/acoi.com.br\/conteudocorp\/galpoes-industriais-em-itatiba-a-escolha-certa-para-o-seu-negocio-5\/\",\"name\":\"Galp\u00f5es Industriais em Itatiba: Construa com a Acoi\",\"isPartOf\":{\"@id\":\"https:\/\/acoi.com.br\/conteudocorp\/#website\"},\"datePublished\":\"2025-07-03T15:45:17+00:00\",\"dateModified\":\"2025-07-03T15:45:17+00:00\",\"description\":\"Descubra os principais benef\u00edcios e diferenciais dos galp\u00f5es industriais em Itatiba. A Acoi \u00e9 a sua melhor op\u00e7\u00e3o para construir espa\u00e7os de qualidade.\",\"breadcrumb\":{\"@id\":\"https:\/\/acoi.com.br\/conteudocorp\/galpoes-industriais-em-itatiba-a-escolha-certa-para-o-seu-negocio-5\/#breadcrumb\"},\"inLanguage\":\"pt-BR\",\"potentialAction\":[{\"@type\":\"ReadAction\",\"target\":[\"https:\/\/acoi.com.br\/conteudocorp\/galpoes-industriais-em-itatiba-a-escolha-certa-para-o-seu-negocio-5\/\"]}]},{\"@type\":\"BreadcrumbList\",\"@id\":\"https:\/\/acoi.com.br\/conteudocorp\/galpoes-industriais-em-itatiba-a-escolha-certa-para-o-seu-negocio-5\/#breadcrumb\",\"itemListElement\":[{\"@type\":\"ListItem\",\"position\":1,\"name\":\"Home\",\"item\":\"https:\/\/acoi.com.br\/conteudocorp\/\"},{\"@type\":\"ListItem\",\"position\":2,\"name\":\"Galp\u00f5es Industriais em Itatiba: A Escolha Certa para o Seu Neg\u00f3cio\"}]},{\"@type\":\"WebSite\",\"@id\":\"https:\/\/acoi.com.br\/conteudocorp\/#website\",\"url\":\"https:\/\/acoi.com.br\/conteudocorp\/\",\"name\":\"Acoi Corp\",\"description\":\"\",\"potentialAction\":[{\"@type\":\"SearchAction\",\"target\":{\"@type\":\"EntryPoint\",\"urlTemplate\":\"https:\/\/acoi.com.br\/conteudocorp\/?s={search_term_string}\"},\"query-input\":{\"@type\":\"PropertyValueSpecification\",\"valueRequired\":true,\"valueName\":\"search_term_string\"}}],\"inLanguage\":\"pt-BR\"}]}<\/script>\n<!-- \/ Yoast SEO plugin. -->","yoast_head_json":{"title":"Galp\u00f5es Industriais em Itatiba: Construa com a Acoi","description":"Descubra os principais benef\u00edcios e diferenciais dos galp\u00f5es industriais em Itatiba. A Acoi \u00e9 a sua melhor op\u00e7\u00e3o para construir espa\u00e7os de qualidade.","robots":{"index":"index","follow":"follow","max-snippet":"max-snippet:-1","max-image-preview":"max-image-preview:large","max-video-preview":"max-video-preview:-1"},"canonical":"https:\/\/acoi.com.br\/conteudocorp\/galpoes-industriais-em-itatiba-a-escolha-certa-para-o-seu-negocio-5\/","og_locale":"pt_BR","og_type":"article","og_title":"Galp\u00f5es Industriais em Itatiba: Construa com a Acoi","og_description":"Descubra os principais benef\u00edcios e diferenciais dos galp\u00f5es industriais em Itatiba. A Acoi \u00e9 a sua melhor op\u00e7\u00e3o para construir espa\u00e7os de qualidade.","og_url":"https:\/\/acoi.com.br\/conteudocorp\/galpoes-industriais-em-itatiba-a-escolha-certa-para-o-seu-negocio-5\/","og_site_name":"Acoi Corp","twitter_card":"summary_large_image","twitter_misc":{"Est. tempo de leitura":"1 minuto"},"schema":{"@context":"https:\/\/schema.org","@graph":[{"@type":"WebPage","@id":"https:\/\/acoi.com.br\/conteudocorp\/galpoes-industriais-em-itatiba-a-escolha-certa-para-o-seu-negocio-5\/","url":"https:\/\/acoi.com.br\/conteudocorp\/galpoes-industriais-em-itatiba-a-escolha-certa-para-o-seu-negocio-5\/","name":"Galp\u00f5es Industriais em Itatiba: Construa com a Acoi","isPartOf":{"@id":"https:\/\/acoi.com.br\/conteudocorp\/#website"},"datePublished":"2025-07-03T15:45:17+00:00","dateModified":"2025-07-03T15:45:17+00:00","description":"Descubra os principais benef\u00edcios e diferenciais dos galp\u00f5es industriais em Itatiba. A Acoi \u00e9 a sua melhor op\u00e7\u00e3o para construir espa\u00e7os de qualidade.","breadcrumb":{"@id":"https:\/\/acoi.com.br\/conteudocorp\/galpoes-industriais-em-itatiba-a-escolha-certa-para-o-seu-negocio-5\/#breadcrumb"},"inLanguage":"pt-BR","potentialAction":[{"@type":"ReadAction","target":["https:\/\/acoi.com.br\/conteudocorp\/galpoes-industriais-em-itatiba-a-escolha-certa-para-o-seu-negocio-5\/"]}]},{"@type":"BreadcrumbList","@id":"https:\/\/acoi.com.br\/conteudocorp\/galpoes-industriais-em-itatiba-a-escolha-certa-para-o-seu-negocio-5\/#breadcrumb","itemListElement":[{"@type":"ListItem","position":1,"name":"Home","item":"https:\/\/acoi.com.br\/conteudocorp\/"},{"@type":"ListItem","position":2,"name":"Galp\u00f5es Industriais em Itatiba: A Escolha Certa para o Seu Neg\u00f3cio"}]},{"@type":"WebSite","@id":"https:\/\/acoi.com.br\/conteudocorp\/#website","url":"https:\/\/acoi.com.br\/conteudocorp\/","name":"Acoi Corp","description":"","potentialAction":[{"@type":"SearchAction","target":{"@type":"EntryPoint","urlTemplate":"https:\/\/acoi.com.br\/conteudocorp\/?s={search_term_string}"},"query-input":{"@type":"PropertyValueSpecification","valueRequired":true,"valueName":"search_term_string"}}],"inLanguage":"pt-BR"}]}},"_links":{"self":[{"href":"https:\/\/acoi.com.br\/conteudocorp\/wp-json\/wp\/v2\/pages\/62628","targetHints":{"allow":["GET"]}}],"collection":[{"href":"https:\/\/acoi.com.br\/conteudocorp\/wp-json\/wp\/v2\/pages"}],"about":[{"href":"https:\/\/acoi.com.br\/conteudocorp\/wp-json\/wp\/v2\/types\/page"}],"author":[{"embeddable":true,"href":"https:\/\/acoi.com.br\/conteudocorp\/wp-json\/wp\/v2\/users\/3"}],"replies":[{"embeddable":true,"href":"https:\/\/acoi.com.br\/conteudocorp\/wp-json\/wp\/v2\/comments?post=62628"}],"version-history":[{"count":0,"href":"https:\/\/acoi.com.br\/conteudocorp\/wp-json\/wp\/v2\/pages\/62628\/revisions"}],"wp:attachment":[{"href":"https:\/\/acoi.com.br\/conteudocorp\/wp-json\/wp\/v2\/media?parent=62628"}],"curies":[{"name":"wp","href":"https:\/\/api.w.org\/{rel}","templated":true}]}}