{"id":91433,"date":"2025-09-27T21:22:33","date_gmt":"2025-09-27T21:22:33","guid":{"rendered":"https:\/\/acoi.com.br\/conteudocorp\/construindo-o-futuro-projetos-de-construcao-em-itatiba-com-a-acoi-23\/"},"modified":"2025-09-27T21:22:33","modified_gmt":"2025-09-27T21:22:33","slug":"construindo-o-futuro-projetos-de-construcao-em-itatiba-com-a-acoi-23","status":"publish","type":"page","link":"https:\/\/acoi.com.br\/conteudocorp\/construindo-o-futuro-projetos-de-construcao-em-itatiba-com-a-acoi-23\/","title":{"rendered":"Construindo o Futuro: Projetos de Constru\u00e7\u00e3o em Itatiba com a Acoi"},"content":{"rendered":"<p><strong>Conhe\u00e7a os Projetos<\/strong> em Itatiba com a Acoi, uma refer\u00eancia em constru\u00e7\u00e3o civil. Nossos projetos s\u00e3o pensados para atender \u00e0s necessidades espec\u00edficas de cada cliente, sempre priorizando a qualidade e sustentabilidade. Em Itatiba, nossas obras n\u00e3o s\u00e3o apenas estruturas; s\u00e3o espa\u00e7os que transformam realidades e potencializam neg\u00f3cios. Com mais de 100 mil m\u00b2 constru\u00eddos, temos a experi\u00eancia necess\u00e1ria para lidar com projetos de diferentes escalas. Nosso time altamente qualificado trabalha de forma colaborativa, garantindo um processo construtivo \u00e1gil e eficiente. Com um portf\u00f3lio que inclui desde edifica\u00e7\u00f5es industriais at\u00e9 corporativas, a Acoi se destaca pela inova\u00e7\u00e3o aplicada em cada projeto. Sabemos que construir \u00e9 mais do que erguer paredes; \u00e9 criar lares, impulsionar carreiras e fomentar o desenvolvimento regional. N\u00f3s acreditamos na \u00e9tica e transpar\u00eancia em todas as rela\u00e7\u00f5es, garantindo que nossos clientes se sintam seguros durante todo o processo. Por isso, ao escolher a Acoi, voc\u00ea pode ter certeza de que est\u00e1 optando pela melhor solu\u00e7\u00e3o no segmento.<\/p>\n","protected":false},"excerpt":{"rendered":"<p>Conhe\u00e7a os Projetos em Itatiba com a Acoi, uma refer\u00eancia em constru\u00e7\u00e3o civil. Nossos projetos s\u00e3o pensados para atender \u00e0s necessidades espec\u00edficas de cada cliente, sempre priorizando a qualidade e sustentabilidade. Em Itatiba, nossas obras n\u00e3o s\u00e3o apenas estruturas; s\u00e3o espa\u00e7os que transformam realidades e potencializam neg\u00f3cios. Com mais de 100 mil m\u00b2 constru\u00eddos, temos&hellip;&nbsp;<a href=\"https:\/\/acoi.com.br\/conteudocorp\/construindo-o-futuro-projetos-de-construcao-em-itatiba-com-a-acoi-23\/\" class=\"\" rel=\"bookmark\">Continue a ler &raquo;<span class=\"screen-reader-text\">Construindo o Futuro: Projetos de Constru\u00e7\u00e3o em Itatiba com a Acoi<\/span><\/a><\/p>\n","protected":false},"author":3,"featured_media":0,"parent":0,"menu_order":0,"comment_status":"closed","ping_status":"closed","template":"","meta":{"_acf_changed":false,"_yoast_wpseo_focuskw":"Projetos de Constru\u00e7\u00e3o em Itatiba","_yoast_wpseo_title":"Projetos de Constru\u00e7\u00e3o em Itatiba com a Excellence da Acoi","_yoast_wpseo_metadesc":"Descubra como a Acoi est\u00e1 transformando Itatiba com projetos de constru\u00e7\u00e3o inovadores, de alta qualidade e sustent\u00e1veis.","neve_meta_sidebar":"","neve_meta_container":"","neve_meta_enable_content_width":"","neve_meta_content_width":0,"neve_meta_title_alignment":"","neve_meta_author_avatar":"","neve_post_elements_order":"","neve_meta_disable_header":"","neve_meta_disable_footer":"","neve_meta_disable_title":"","footnotes":""},"class_list":["post-91433","page","type-page","status-publish","hentry"],"acf":{"introducao":"","conceitos_fundamentais":"","como_funciona":"","como_aplicar_no_dia_a_dia":"","principais_utilizacoes_e_beneficios":"","tipos_e_classificacoes":"","tecnologias_e_ferramentas_relacionadas":"","exemplos_e_casos_de_sucesso":"","mitos_e_verdades":"","perguntas_frequentes_faq":"","erros_comuns_e_como_evita-los":"","futuro_e_tendencias":"","conclusao":"","bloco1title":"Qualidade Incompar\u00e1vel","bloco1text":"A Acoi se destaca pela qualidade de seus projetos e a excel\u00eancia na execu\u00e7\u00e3o, sempre respeitando prazos e or\u00e7amentos.","bloco2title":"Equipe Especializada","bloco2text":"Nossos profissionais s\u00e3o altamente capacitados, garantindo que cada projeto atenda \u00e0s expectativas dos nossos clientes.","bloco3title":"Inova\u00e7\u00e3o e Sustentabilidade","bloco3text":"Incorporamos solu\u00e7\u00f5es sustent\u00e1veis em nossos projetos, contribuindo para um futuro mais verde e equilibrado.","insightwidtitle":"Curiosidades sobre Itatiba","insightwidcontent":"Voc\u00ea sabia que Itatiba \u00e9 conhecida como a 'Cidade das Flores'? Sua beleza natural e os projetos de constru\u00e7\u00e3o que respeitam o meio ambiente fazem dela um lugar ideal para viver e trabalhar. A Acoi contribui para essa harmonia, criando edifica\u00e7\u00f5es que se integram \u00e0 paisagem local."},"yoast_head":"<!-- This site is optimized with the Yoast SEO plugin v23.4 - https:\/\/yoast.com\/wordpress\/plugins\/seo\/ -->\n<title>Projetos de Constru\u00e7\u00e3o em Itatiba com a Excellence da Acoi<\/title>\n<meta name=\"description\" content=\"Descubra como a Acoi est\u00e1 transformando Itatiba com projetos de constru\u00e7\u00e3o inovadores, de alta qualidade e sustent\u00e1veis.\" \/>\n<meta name=\"robots\" content=\"index, follow, max-snippet:-1, max-image-preview:large, max-video-preview:-1\" \/>\n<link rel=\"canonical\" href=\"https:\/\/acoi.com.br\/conteudocorp\/construindo-o-futuro-projetos-de-construcao-em-itatiba-com-a-acoi-23\/\" \/>\n<meta property=\"og:locale\" content=\"pt_BR\" \/>\n<meta property=\"og:type\" content=\"article\" \/>\n<meta property=\"og:title\" content=\"Projetos de Constru\u00e7\u00e3o em Itatiba com a Excellence da Acoi\" \/>\n<meta property=\"og:description\" content=\"Descubra como a Acoi est\u00e1 transformando Itatiba com projetos de constru\u00e7\u00e3o inovadores, de alta qualidade e sustent\u00e1veis.\" \/>\n<meta property=\"og:url\" content=\"https:\/\/acoi.com.br\/conteudocorp\/construindo-o-futuro-projetos-de-construcao-em-itatiba-com-a-acoi-23\/\" \/>\n<meta property=\"og:site_name\" content=\"Acoi Corp\" \/>\n<meta name=\"twitter:card\" content=\"summary_large_image\" \/>\n<meta name=\"twitter:label1\" content=\"Est. tempo de leitura\" \/>\n\t<meta name=\"twitter:data1\" content=\"1 minuto\" \/>\n<script type=\"application\/ld+json\" class=\"yoast-schema-graph\">{\"@context\":\"https:\/\/schema.org\",\"@graph\":[{\"@type\":\"WebPage\",\"@id\":\"https:\/\/acoi.com.br\/conteudocorp\/construindo-o-futuro-projetos-de-construcao-em-itatiba-com-a-acoi-23\/\",\"url\":\"https:\/\/acoi.com.br\/conteudocorp\/construindo-o-futuro-projetos-de-construcao-em-itatiba-com-a-acoi-23\/\",\"name\":\"Projetos de Constru\u00e7\u00e3o em Itatiba com a Excellence da Acoi\",\"isPartOf\":{\"@id\":\"https:\/\/acoi.com.br\/conteudocorp\/#website\"},\"datePublished\":\"2025-09-27T21:22:33+00:00\",\"dateModified\":\"2025-09-27T21:22:33+00:00\",\"description\":\"Descubra como a Acoi est\u00e1 transformando Itatiba com projetos de constru\u00e7\u00e3o inovadores, de alta qualidade e sustent\u00e1veis.\",\"breadcrumb\":{\"@id\":\"https:\/\/acoi.com.br\/conteudocorp\/construindo-o-futuro-projetos-de-construcao-em-itatiba-com-a-acoi-23\/#breadcrumb\"},\"inLanguage\":\"pt-BR\",\"potentialAction\":[{\"@type\":\"ReadAction\",\"target\":[\"https:\/\/acoi.com.br\/conteudocorp\/construindo-o-futuro-projetos-de-construcao-em-itatiba-com-a-acoi-23\/\"]}]},{\"@type\":\"BreadcrumbList\",\"@id\":\"https:\/\/acoi.com.br\/conteudocorp\/construindo-o-futuro-projetos-de-construcao-em-itatiba-com-a-acoi-23\/#breadcrumb\",\"itemListElement\":[{\"@type\":\"ListItem\",\"position\":1,\"name\":\"Home\",\"item\":\"https:\/\/acoi.com.br\/conteudocorp\/\"},{\"@type\":\"ListItem\",\"position\":2,\"name\":\"Construindo o Futuro: Projetos de Constru\u00e7\u00e3o em Itatiba com a Acoi\"}]},{\"@type\":\"WebSite\",\"@id\":\"https:\/\/acoi.com.br\/conteudocorp\/#website\",\"url\":\"https:\/\/acoi.com.br\/conteudocorp\/\",\"name\":\"Acoi Corp\",\"description\":\"\",\"potentialAction\":[{\"@type\":\"SearchAction\",\"target\":{\"@type\":\"EntryPoint\",\"urlTemplate\":\"https:\/\/acoi.com.br\/conteudocorp\/?s={search_term_string}\"},\"query-input\":{\"@type\":\"PropertyValueSpecification\",\"valueRequired\":true,\"valueName\":\"search_term_string\"}}],\"inLanguage\":\"pt-BR\"}]}<\/script>\n<!-- \/ Yoast SEO plugin. -->","yoast_head_json":{"title":"Projetos de Constru\u00e7\u00e3o em Itatiba com a Excellence da Acoi","description":"Descubra como a Acoi est\u00e1 transformando Itatiba com projetos de constru\u00e7\u00e3o inovadores, de alta qualidade e sustent\u00e1veis.","robots":{"index":"index","follow":"follow","max-snippet":"max-snippet:-1","max-image-preview":"max-image-preview:large","max-video-preview":"max-video-preview:-1"},"canonical":"https:\/\/acoi.com.br\/conteudocorp\/construindo-o-futuro-projetos-de-construcao-em-itatiba-com-a-acoi-23\/","og_locale":"pt_BR","og_type":"article","og_title":"Projetos de Constru\u00e7\u00e3o em Itatiba com a Excellence da Acoi","og_description":"Descubra como a Acoi est\u00e1 transformando Itatiba com projetos de constru\u00e7\u00e3o inovadores, de alta qualidade e sustent\u00e1veis.","og_url":"https:\/\/acoi.com.br\/conteudocorp\/construindo-o-futuro-projetos-de-construcao-em-itatiba-com-a-acoi-23\/","og_site_name":"Acoi Corp","twitter_card":"summary_large_image","twitter_misc":{"Est. tempo de leitura":"1 minuto"},"schema":{"@context":"https:\/\/schema.org","@graph":[{"@type":"WebPage","@id":"https:\/\/acoi.com.br\/conteudocorp\/construindo-o-futuro-projetos-de-construcao-em-itatiba-com-a-acoi-23\/","url":"https:\/\/acoi.com.br\/conteudocorp\/construindo-o-futuro-projetos-de-construcao-em-itatiba-com-a-acoi-23\/","name":"Projetos de Constru\u00e7\u00e3o em Itatiba com a Excellence da Acoi","isPartOf":{"@id":"https:\/\/acoi.com.br\/conteudocorp\/#website"},"datePublished":"2025-09-27T21:22:33+00:00","dateModified":"2025-09-27T21:22:33+00:00","description":"Descubra como a Acoi est\u00e1 transformando Itatiba com projetos de constru\u00e7\u00e3o inovadores, de alta qualidade e sustent\u00e1veis.","breadcrumb":{"@id":"https:\/\/acoi.com.br\/conteudocorp\/construindo-o-futuro-projetos-de-construcao-em-itatiba-com-a-acoi-23\/#breadcrumb"},"inLanguage":"pt-BR","potentialAction":[{"@type":"ReadAction","target":["https:\/\/acoi.com.br\/conteudocorp\/construindo-o-futuro-projetos-de-construcao-em-itatiba-com-a-acoi-23\/"]}]},{"@type":"BreadcrumbList","@id":"https:\/\/acoi.com.br\/conteudocorp\/construindo-o-futuro-projetos-de-construcao-em-itatiba-com-a-acoi-23\/#breadcrumb","itemListElement":[{"@type":"ListItem","position":1,"name":"Home","item":"https:\/\/acoi.com.br\/conteudocorp\/"},{"@type":"ListItem","position":2,"name":"Construindo o Futuro: Projetos de Constru\u00e7\u00e3o em Itatiba com a Acoi"}]},{"@type":"WebSite","@id":"https:\/\/acoi.com.br\/conteudocorp\/#website","url":"https:\/\/acoi.com.br\/conteudocorp\/","name":"Acoi Corp","description":"","potentialAction":[{"@type":"SearchAction","target":{"@type":"EntryPoint","urlTemplate":"https:\/\/acoi.com.br\/conteudocorp\/?s={search_term_string}"},"query-input":{"@type":"PropertyValueSpecification","valueRequired":true,"valueName":"search_term_string"}}],"inLanguage":"pt-BR"}]}},"_links":{"self":[{"href":"https:\/\/acoi.com.br\/conteudocorp\/wp-json\/wp\/v2\/pages\/91433","targetHints":{"allow":["GET"]}}],"collection":[{"href":"https:\/\/acoi.com.br\/conteudocorp\/wp-json\/wp\/v2\/pages"}],"about":[{"href":"https:\/\/acoi.com.br\/conteudocorp\/wp-json\/wp\/v2\/types\/page"}],"author":[{"embeddable":true,"href":"https:\/\/acoi.com.br\/conteudocorp\/wp-json\/wp\/v2\/users\/3"}],"replies":[{"embeddable":true,"href":"https:\/\/acoi.com.br\/conteudocorp\/wp-json\/wp\/v2\/comments?post=91433"}],"version-history":[{"count":0,"href":"https:\/\/acoi.com.br\/conteudocorp\/wp-json\/wp\/v2\/pages\/91433\/revisions"}],"wp:attachment":[{"href":"https:\/\/acoi.com.br\/conteudocorp\/wp-json\/wp\/v2\/media?parent=91433"}],"curies":[{"name":"wp","href":"https:\/\/api.w.org\/{rel}","templated":true}]}}