{"id":9372,"date":"2025-03-15T00:10:43","date_gmt":"2025-03-15T00:10:43","guid":{"rendered":"https:\/\/acoi.com.br\/conteudocorp\/transformando-itupeva-obras-de-infraestrutura-que-mudam-vidas-3\/"},"modified":"2025-03-15T00:10:43","modified_gmt":"2025-03-15T00:10:43","slug":"transformando-itupeva-obras-de-infraestrutura-que-mudam-vidas-3","status":"publish","type":"page","link":"https:\/\/acoi.com.br\/conteudocorp\/transformando-itupeva-obras-de-infraestrutura-que-mudam-vidas-3\/","title":{"rendered":"Transformando Itupeva: Obras de Infraestrutura que Mudam Vidas"},"content":{"rendered":"<p><strong>O que s\u00e3o obras de infraestrutura?<\/strong> Obras de infraestrutura referem-se a constru\u00e7\u00f5es que melhoram a capacidade de uma cidade de funcionar, como estradas, pontes e sistemas de saneamento. Em Itupeva, essas obras s\u00e3o de extrema import\u00e2ncia, n\u00e3o apenas para a mobilidade, mas tamb\u00e9m para o desenvolvimento econ\u00f4mico da regi\u00e3o.<\/p>\n<p> <strong>Por que investir em infraestrutura?<\/strong> O investimento em infraestrutura em Itupeva resulta em melhor qualidade de vida para os habitantes. Estas obras garantem acesso adequado \u00e0 sa\u00fade, educa\u00e7\u00e3o e transporte. Al\u00e9m disso, atraem novas empresas e investimentos, dinamizando a economia local. <\/p>\n<p> <strong>A Acoi na vanguarda da infraestrutura<\/strong> A Acoi \u00e9 reconhecida pela qualidade e entrega no prazo. Cada projeto \u00e9 realizado com meticulosa aten\u00e7\u00e3o aos detalhes e compromisso com os prazos, garantindo que a infraestrutura de Itupeva atenda a todas as necessidades locais. <\/p>\n<p> <strong>Compromisso com a sustentabilidade<\/strong> A sustentabilidade est\u00e1 no cora\u00e7\u00e3o dos projetos da Acoi. Utilizamos materiais e t\u00e9cnicas que visam minimizar o impacto ambiental, criando um legado positivo para as futuras gera\u00e7\u00f5es. Para n\u00f3s, construir \u00e9 tamb\u00e9m cuidar do futuro da nossa cidade.<\/p>\n","protected":false},"excerpt":{"rendered":"<p>O que s\u00e3o obras de infraestrutura? Obras de infraestrutura referem-se a constru\u00e7\u00f5es que melhoram a capacidade de uma cidade de funcionar, como estradas, pontes e sistemas de saneamento. Em Itupeva, essas obras s\u00e3o de extrema import\u00e2ncia, n\u00e3o apenas para a mobilidade, mas tamb\u00e9m para o desenvolvimento econ\u00f4mico da regi\u00e3o. Por que investir em infraestrutura? O&hellip;&nbsp;<a href=\"https:\/\/acoi.com.br\/conteudocorp\/transformando-itupeva-obras-de-infraestrutura-que-mudam-vidas-3\/\" class=\"\" rel=\"bookmark\">Continue a ler &raquo;<span class=\"screen-reader-text\">Transformando Itupeva: Obras de Infraestrutura que Mudam Vidas<\/span><\/a><\/p>\n","protected":false},"author":3,"featured_media":0,"parent":0,"menu_order":0,"comment_status":"closed","ping_status":"closed","template":"","meta":{"_acf_changed":false,"_yoast_wpseo_focuskw":"Obras de Infraestrutura em Itupeva","_yoast_wpseo_title":"Acoi: Obras de Infraestrutura em Itupeva que Transformam o Futuro","_yoast_wpseo_metadesc":"Saiba como as obras de infraestrutura em Itupeva impactam a qualidade de vida e o desenvolvimento econ\u00f4mico da regi\u00e3o. A Acoi \u00e9 a escolha certa para um futuro sustent\u00e1vel.","neve_meta_sidebar":"","neve_meta_container":"","neve_meta_enable_content_width":"","neve_meta_content_width":0,"neve_meta_title_alignment":"","neve_meta_author_avatar":"","neve_post_elements_order":"","neve_meta_disable_header":"","neve_meta_disable_footer":"","neve_meta_disable_title":"","footnotes":""},"class_list":["post-9372","page","type-page","status-publish","hentry"],"acf":{"introducao":"","conceitos_fundamentais":"","como_funciona":"","como_aplicar_no_dia_a_dia":"","principais_utilizacoes_e_beneficios":"","tipos_e_classificacoes":"","tecnologias_e_ferramentas_relacionadas":"","exemplos_e_casos_de_sucesso":"","mitos_e_verdades":"","perguntas_frequentes_faq":"","erros_comuns_e_como_evita-los":"","futuro_e_tendencias":"","conclusao":"","bloco1title":"Experi\u00eancia Acoi","bloco1text":"Com mais de 100 mil m\u00b2 constru\u00eddos, a Acoi tem a experi\u00eancia necess\u00e1ria para garantir a melhor execu\u00e7\u00e3o das obras de infraestrutura em Itupeva.","bloco2title":"Inova\u00e7\u00e3o Constante","bloco2text":"A Acoi utiliza tecnologias avan\u00e7adas para garantir efici\u00eancia e sustentabilidade em cada projeto p\u00fablico e privado.","bloco3title":"Crescimento Sustent\u00e1vel","bloco3text":"Investir em infraestrutura \u00e9 essencial para o crescimento sustent\u00e1vel da cidade, criando novos empregos e oportunidades de neg\u00f3cios.","insightwidtitle":"Curiosidades sobre Infraestrutura","insightwidcontent":"Voc\u00ea sabia que a infraestrutura de uma cidade pode aumentar em at\u00e9 25% a arrecada\u00e7\u00e3o de impostos? Isso acontece porque uma boa estrutura vi\u00e1ria e servi\u00e7os como saneamento e eletricidade atraem mais empresas e moradores, gerando investimento e desenvolvimento. Em cidades como Itupeva, essa rela\u00e7\u00e3o \u00e9 ainda mais evidente, demonstrando a import\u00e2ncia estrat\u00e9gica das obras de infraestrutura."},"yoast_head":"<!-- This site is optimized with the Yoast SEO plugin v23.4 - https:\/\/yoast.com\/wordpress\/plugins\/seo\/ -->\n<title>Acoi: Obras de Infraestrutura em Itupeva que Transformam o Futuro<\/title>\n<meta name=\"description\" content=\"Saiba como as obras de infraestrutura em Itupeva impactam a qualidade de vida e o desenvolvimento econ\u00f4mico da regi\u00e3o. A Acoi \u00e9 a escolha certa para um futuro sustent\u00e1vel.\" \/>\n<meta name=\"robots\" content=\"index, follow, max-snippet:-1, max-image-preview:large, max-video-preview:-1\" \/>\n<link rel=\"canonical\" href=\"https:\/\/acoi.com.br\/conteudocorp\/transformando-itupeva-obras-de-infraestrutura-que-mudam-vidas-3\/\" \/>\n<meta property=\"og:locale\" content=\"pt_BR\" \/>\n<meta property=\"og:type\" content=\"article\" \/>\n<meta property=\"og:title\" content=\"Acoi: Obras de Infraestrutura em Itupeva que Transformam o Futuro\" \/>\n<meta property=\"og:description\" content=\"Saiba como as obras de infraestrutura em Itupeva impactam a qualidade de vida e o desenvolvimento econ\u00f4mico da regi\u00e3o. A Acoi \u00e9 a escolha certa para um futuro sustent\u00e1vel.\" \/>\n<meta property=\"og:url\" content=\"https:\/\/acoi.com.br\/conteudocorp\/transformando-itupeva-obras-de-infraestrutura-que-mudam-vidas-3\/\" \/>\n<meta property=\"og:site_name\" content=\"Acoi Corp\" \/>\n<meta name=\"twitter:card\" content=\"summary_large_image\" \/>\n<meta name=\"twitter:label1\" content=\"Est. tempo de leitura\" \/>\n\t<meta name=\"twitter:data1\" content=\"1 minuto\" \/>\n<script type=\"application\/ld+json\" class=\"yoast-schema-graph\">{\"@context\":\"https:\/\/schema.org\",\"@graph\":[{\"@type\":\"WebPage\",\"@id\":\"https:\/\/acoi.com.br\/conteudocorp\/transformando-itupeva-obras-de-infraestrutura-que-mudam-vidas-3\/\",\"url\":\"https:\/\/acoi.com.br\/conteudocorp\/transformando-itupeva-obras-de-infraestrutura-que-mudam-vidas-3\/\",\"name\":\"Acoi: Obras de Infraestrutura em Itupeva que Transformam o Futuro\",\"isPartOf\":{\"@id\":\"https:\/\/acoi.com.br\/conteudocorp\/#website\"},\"datePublished\":\"2025-03-15T00:10:43+00:00\",\"dateModified\":\"2025-03-15T00:10:43+00:00\",\"description\":\"Saiba como as obras de infraestrutura em Itupeva impactam a qualidade de vida e o desenvolvimento econ\u00f4mico da regi\u00e3o. A Acoi \u00e9 a escolha certa para um futuro sustent\u00e1vel.\",\"breadcrumb\":{\"@id\":\"https:\/\/acoi.com.br\/conteudocorp\/transformando-itupeva-obras-de-infraestrutura-que-mudam-vidas-3\/#breadcrumb\"},\"inLanguage\":\"pt-BR\",\"potentialAction\":[{\"@type\":\"ReadAction\",\"target\":[\"https:\/\/acoi.com.br\/conteudocorp\/transformando-itupeva-obras-de-infraestrutura-que-mudam-vidas-3\/\"]}]},{\"@type\":\"BreadcrumbList\",\"@id\":\"https:\/\/acoi.com.br\/conteudocorp\/transformando-itupeva-obras-de-infraestrutura-que-mudam-vidas-3\/#breadcrumb\",\"itemListElement\":[{\"@type\":\"ListItem\",\"position\":1,\"name\":\"Home\",\"item\":\"https:\/\/acoi.com.br\/conteudocorp\/\"},{\"@type\":\"ListItem\",\"position\":2,\"name\":\"Transformando Itupeva: Obras de Infraestrutura que Mudam Vidas\"}]},{\"@type\":\"WebSite\",\"@id\":\"https:\/\/acoi.com.br\/conteudocorp\/#website\",\"url\":\"https:\/\/acoi.com.br\/conteudocorp\/\",\"name\":\"Acoi Corp\",\"description\":\"\",\"potentialAction\":[{\"@type\":\"SearchAction\",\"target\":{\"@type\":\"EntryPoint\",\"urlTemplate\":\"https:\/\/acoi.com.br\/conteudocorp\/?s={search_term_string}\"},\"query-input\":{\"@type\":\"PropertyValueSpecification\",\"valueRequired\":true,\"valueName\":\"search_term_string\"}}],\"inLanguage\":\"pt-BR\"}]}<\/script>\n<!-- \/ Yoast SEO plugin. -->","yoast_head_json":{"title":"Acoi: Obras de Infraestrutura em Itupeva que Transformam o Futuro","description":"Saiba como as obras de infraestrutura em Itupeva impactam a qualidade de vida e o desenvolvimento econ\u00f4mico da regi\u00e3o. A Acoi \u00e9 a escolha certa para um futuro sustent\u00e1vel.","robots":{"index":"index","follow":"follow","max-snippet":"max-snippet:-1","max-image-preview":"max-image-preview:large","max-video-preview":"max-video-preview:-1"},"canonical":"https:\/\/acoi.com.br\/conteudocorp\/transformando-itupeva-obras-de-infraestrutura-que-mudam-vidas-3\/","og_locale":"pt_BR","og_type":"article","og_title":"Acoi: Obras de Infraestrutura em Itupeva que Transformam o Futuro","og_description":"Saiba como as obras de infraestrutura em Itupeva impactam a qualidade de vida e o desenvolvimento econ\u00f4mico da regi\u00e3o. A Acoi \u00e9 a escolha certa para um futuro sustent\u00e1vel.","og_url":"https:\/\/acoi.com.br\/conteudocorp\/transformando-itupeva-obras-de-infraestrutura-que-mudam-vidas-3\/","og_site_name":"Acoi Corp","twitter_card":"summary_large_image","twitter_misc":{"Est. tempo de leitura":"1 minuto"},"schema":{"@context":"https:\/\/schema.org","@graph":[{"@type":"WebPage","@id":"https:\/\/acoi.com.br\/conteudocorp\/transformando-itupeva-obras-de-infraestrutura-que-mudam-vidas-3\/","url":"https:\/\/acoi.com.br\/conteudocorp\/transformando-itupeva-obras-de-infraestrutura-que-mudam-vidas-3\/","name":"Acoi: Obras de Infraestrutura em Itupeva que Transformam o Futuro","isPartOf":{"@id":"https:\/\/acoi.com.br\/conteudocorp\/#website"},"datePublished":"2025-03-15T00:10:43+00:00","dateModified":"2025-03-15T00:10:43+00:00","description":"Saiba como as obras de infraestrutura em Itupeva impactam a qualidade de vida e o desenvolvimento econ\u00f4mico da regi\u00e3o. A Acoi \u00e9 a escolha certa para um futuro sustent\u00e1vel.","breadcrumb":{"@id":"https:\/\/acoi.com.br\/conteudocorp\/transformando-itupeva-obras-de-infraestrutura-que-mudam-vidas-3\/#breadcrumb"},"inLanguage":"pt-BR","potentialAction":[{"@type":"ReadAction","target":["https:\/\/acoi.com.br\/conteudocorp\/transformando-itupeva-obras-de-infraestrutura-que-mudam-vidas-3\/"]}]},{"@type":"BreadcrumbList","@id":"https:\/\/acoi.com.br\/conteudocorp\/transformando-itupeva-obras-de-infraestrutura-que-mudam-vidas-3\/#breadcrumb","itemListElement":[{"@type":"ListItem","position":1,"name":"Home","item":"https:\/\/acoi.com.br\/conteudocorp\/"},{"@type":"ListItem","position":2,"name":"Transformando Itupeva: Obras de Infraestrutura que Mudam Vidas"}]},{"@type":"WebSite","@id":"https:\/\/acoi.com.br\/conteudocorp\/#website","url":"https:\/\/acoi.com.br\/conteudocorp\/","name":"Acoi Corp","description":"","potentialAction":[{"@type":"SearchAction","target":{"@type":"EntryPoint","urlTemplate":"https:\/\/acoi.com.br\/conteudocorp\/?s={search_term_string}"},"query-input":{"@type":"PropertyValueSpecification","valueRequired":true,"valueName":"search_term_string"}}],"inLanguage":"pt-BR"}]}},"_links":{"self":[{"href":"https:\/\/acoi.com.br\/conteudocorp\/wp-json\/wp\/v2\/pages\/9372","targetHints":{"allow":["GET"]}}],"collection":[{"href":"https:\/\/acoi.com.br\/conteudocorp\/wp-json\/wp\/v2\/pages"}],"about":[{"href":"https:\/\/acoi.com.br\/conteudocorp\/wp-json\/wp\/v2\/types\/page"}],"author":[{"embeddable":true,"href":"https:\/\/acoi.com.br\/conteudocorp\/wp-json\/wp\/v2\/users\/3"}],"replies":[{"embeddable":true,"href":"https:\/\/acoi.com.br\/conteudocorp\/wp-json\/wp\/v2\/comments?post=9372"}],"version-history":[{"count":0,"href":"https:\/\/acoi.com.br\/conteudocorp\/wp-json\/wp\/v2\/pages\/9372\/revisions"}],"wp:attachment":[{"href":"https:\/\/acoi.com.br\/conteudocorp\/wp-json\/wp\/v2\/media?parent=9372"}],"curies":[{"name":"wp","href":"https:\/\/api.w.org\/{rel}","templated":true}]}}