{"id":95021,"date":"2025-10-07T21:11:33","date_gmt":"2025-10-07T21:11:33","guid":{"rendered":"https:\/\/acoi.com.br\/conteudocorp\/construindo-o-futuro-projetos-de-construcao-em-itatiba-pela-acoi\/"},"modified":"2025-10-07T21:11:33","modified_gmt":"2025-10-07T21:11:33","slug":"construindo-o-futuro-projetos-de-construcao-em-itatiba-pela-acoi","status":"publish","type":"page","link":"https:\/\/acoi.com.br\/conteudocorp\/construindo-o-futuro-projetos-de-construcao-em-itatiba-pela-acoi\/","title":{"rendered":"Construindo o Futuro: Projetos de Constru\u00e7\u00e3o em Itatiba pela Acoi"},"content":{"rendered":"<p><strong>Descubra os diferenciais da Acoi em projetos de constru\u00e7\u00e3o em Itatiba<\/strong>. Nossa trajet\u00f3ria \u00e9 marcada por um compromisso inabal\u00e1vel com a qualidade e a inova\u00e7\u00e3o, caracter\u00edsticas que nos tornam refer\u00eancia no setor. Com um portf\u00f3lio robusto, a Acoi constr\u00f3i desde instala\u00e7\u00f5es industriais at\u00e9 moradias modernas, sempre prezando pelo que h\u00e1 de melhor em tecnologia e sustentabilidade.<\/p>\n<p><strong>Planejamento e Transpar\u00eancia<\/strong>: Cada projeto \u00e9 desenvolvido com planejamento estrat\u00e9gico, garantindo seguran\u00e7a e efici\u00eancia. Nossa equipe de profissionais capacitados trabalha de forma colaborativa, garantindo que cada detalhe seja considerado e o resultado final atenda \u00e0s expectativas.<\/p>\n<p><strong>Engajamento com o Cliente<\/strong>: Na Acoi, n\u00e3o apenas constru\u00edmos, mas tamb\u00e9m cultivamos parcerias. Acreditamos que a confian\u00e7a \u00e9 a base para um relacionamento duradouro e estamos comprometidos em manter essa conex\u00e3o atrav\u00e9s de um atendimento personalizado.<\/p>\n<p>Escolher a Acoi para os seus projetos em Itatiba \u00e9 optar por inova\u00e7\u00e3o, experi\u00eancia e uma equipe disposta a transformar seu sonho em realidade, com \u00e9tica e responsabilidade sempre presentes.<\/p>\n","protected":false},"excerpt":{"rendered":"<p>Descubra os diferenciais da Acoi em projetos de constru\u00e7\u00e3o em Itatiba. Nossa trajet\u00f3ria \u00e9 marcada por um compromisso inabal\u00e1vel com a qualidade e a inova\u00e7\u00e3o, caracter\u00edsticas que nos tornam refer\u00eancia no setor. Com um portf\u00f3lio robusto, a Acoi constr\u00f3i desde instala\u00e7\u00f5es industriais at\u00e9 moradias modernas, sempre prezando pelo que h\u00e1 de melhor em tecnologia e&hellip;&nbsp;<a href=\"https:\/\/acoi.com.br\/conteudocorp\/construindo-o-futuro-projetos-de-construcao-em-itatiba-pela-acoi\/\" class=\"\" rel=\"bookmark\">Continue a ler &raquo;<span class=\"screen-reader-text\">Construindo o Futuro: Projetos de Constru\u00e7\u00e3o em Itatiba pela Acoi<\/span><\/a><\/p>\n","protected":false},"author":3,"featured_media":0,"parent":0,"menu_order":0,"comment_status":"closed","ping_status":"closed","template":"","meta":{"_acf_changed":false,"_yoast_wpseo_focuskw":"Projetos de Constru\u00e7\u00e3o em Itatiba","_yoast_wpseo_title":"Acoi: Projetos de Constru\u00e7\u00e3o de Excel\u00eancia em Itatiba","_yoast_wpseo_metadesc":"Descubra como a Acoi se destaca em projetos de constru\u00e7\u00e3o em Itatiba, oferecendo inova\u00e7\u00e3o, qualidade e confian\u00e7a.","neve_meta_sidebar":"","neve_meta_container":"","neve_meta_enable_content_width":"","neve_meta_content_width":0,"neve_meta_title_alignment":"","neve_meta_author_avatar":"","neve_post_elements_order":"","neve_meta_disable_header":"","neve_meta_disable_footer":"","neve_meta_disable_title":"","footnotes":""},"class_list":["post-95021","page","type-page","status-publish","hentry"],"acf":{"introducao":"","conceitos_fundamentais":"","como_funciona":"","como_aplicar_no_dia_a_dia":"","principais_utilizacoes_e_beneficios":"","tipos_e_classificacoes":"","tecnologias_e_ferramentas_relacionadas":"","exemplos_e_casos_de_sucesso":"","mitos_e_verdades":"","perguntas_frequentes_faq":"","erros_comuns_e_como_evita-los":"","futuro_e_tendencias":"","conclusao":"","bloco1title":"Experi\u00eancia Comprovada","bloco1text":"Com mais de 100 mil m\u00b2 constru\u00eddos, a Acoi garante expertise em cada projeto que executa, assegurando qualidade e efici\u00eancia na entrega.","bloco2title":"Inova\u00e7\u00e3o Constante","bloco2text":"Investimos em tecnologia para oferecer solu\u00e7\u00f5es modernas e sustent\u00e1veis que se adaptam \u00e0s necessidades de nossos clientes.","bloco3title":"Compromisso com a Qualidade","bloco3text":"Na Acoi, consideramos cada projeto uma nova oportunidade de construir n\u00e3o apenas estruturas, mas tamb\u00e9m rela\u00e7\u00f5es de confian\u00e7a com nossos clientes.","insightwidtitle":"Fatos Interessantes sobre Constru\u00e7\u00e3o em Itatiba","insightwidcontent":"Voc\u00ea sabia que Itatiba \u00e9 uma cidade com uma rica hist\u00f3ria na constru\u00e7\u00e3o civil? Desde a \u00e9poca da coloniza\u00e7\u00e3o, a cidade vem se desenvolvendo e se modernizando, atraindo investimentos e novos conceitos de arquitetura. A Acoi, com sua expertise, tem um papel fundamental nesse progresso, trazendo solu\u00e7\u00f5es inovadoras e sustent\u00e1veis para a regi\u00e3o."},"yoast_head":"<!-- This site is optimized with the Yoast SEO plugin v23.4 - https:\/\/yoast.com\/wordpress\/plugins\/seo\/ -->\n<title>Acoi: Projetos de Constru\u00e7\u00e3o de Excel\u00eancia em Itatiba<\/title>\n<meta name=\"description\" content=\"Descubra como a Acoi se destaca em projetos de constru\u00e7\u00e3o em Itatiba, oferecendo inova\u00e7\u00e3o, qualidade e confian\u00e7a.\" \/>\n<meta name=\"robots\" content=\"index, follow, max-snippet:-1, max-image-preview:large, max-video-preview:-1\" \/>\n<link rel=\"canonical\" href=\"https:\/\/acoi.com.br\/conteudocorp\/construindo-o-futuro-projetos-de-construcao-em-itatiba-pela-acoi\/\" \/>\n<meta property=\"og:locale\" content=\"pt_BR\" \/>\n<meta property=\"og:type\" content=\"article\" \/>\n<meta property=\"og:title\" content=\"Acoi: Projetos de Constru\u00e7\u00e3o de Excel\u00eancia em Itatiba\" \/>\n<meta property=\"og:description\" content=\"Descubra como a Acoi se destaca em projetos de constru\u00e7\u00e3o em Itatiba, oferecendo inova\u00e7\u00e3o, qualidade e confian\u00e7a.\" \/>\n<meta property=\"og:url\" content=\"https:\/\/acoi.com.br\/conteudocorp\/construindo-o-futuro-projetos-de-construcao-em-itatiba-pela-acoi\/\" \/>\n<meta property=\"og:site_name\" content=\"Acoi Corp\" \/>\n<meta name=\"twitter:card\" content=\"summary_large_image\" \/>\n<meta name=\"twitter:label1\" content=\"Est. tempo de leitura\" \/>\n\t<meta name=\"twitter:data1\" content=\"1 minuto\" \/>\n<script type=\"application\/ld+json\" class=\"yoast-schema-graph\">{\"@context\":\"https:\/\/schema.org\",\"@graph\":[{\"@type\":\"WebPage\",\"@id\":\"https:\/\/acoi.com.br\/conteudocorp\/construindo-o-futuro-projetos-de-construcao-em-itatiba-pela-acoi\/\",\"url\":\"https:\/\/acoi.com.br\/conteudocorp\/construindo-o-futuro-projetos-de-construcao-em-itatiba-pela-acoi\/\",\"name\":\"Acoi: Projetos de Constru\u00e7\u00e3o de Excel\u00eancia em Itatiba\",\"isPartOf\":{\"@id\":\"https:\/\/acoi.com.br\/conteudocorp\/#website\"},\"datePublished\":\"2025-10-07T21:11:33+00:00\",\"dateModified\":\"2025-10-07T21:11:33+00:00\",\"description\":\"Descubra como a Acoi se destaca em projetos de constru\u00e7\u00e3o em Itatiba, oferecendo inova\u00e7\u00e3o, qualidade e confian\u00e7a.\",\"breadcrumb\":{\"@id\":\"https:\/\/acoi.com.br\/conteudocorp\/construindo-o-futuro-projetos-de-construcao-em-itatiba-pela-acoi\/#breadcrumb\"},\"inLanguage\":\"pt-BR\",\"potentialAction\":[{\"@type\":\"ReadAction\",\"target\":[\"https:\/\/acoi.com.br\/conteudocorp\/construindo-o-futuro-projetos-de-construcao-em-itatiba-pela-acoi\/\"]}]},{\"@type\":\"BreadcrumbList\",\"@id\":\"https:\/\/acoi.com.br\/conteudocorp\/construindo-o-futuro-projetos-de-construcao-em-itatiba-pela-acoi\/#breadcrumb\",\"itemListElement\":[{\"@type\":\"ListItem\",\"position\":1,\"name\":\"Home\",\"item\":\"https:\/\/acoi.com.br\/conteudocorp\/\"},{\"@type\":\"ListItem\",\"position\":2,\"name\":\"Construindo o Futuro: Projetos de Constru\u00e7\u00e3o em Itatiba pela Acoi\"}]},{\"@type\":\"WebSite\",\"@id\":\"https:\/\/acoi.com.br\/conteudocorp\/#website\",\"url\":\"https:\/\/acoi.com.br\/conteudocorp\/\",\"name\":\"Acoi Corp\",\"description\":\"\",\"potentialAction\":[{\"@type\":\"SearchAction\",\"target\":{\"@type\":\"EntryPoint\",\"urlTemplate\":\"https:\/\/acoi.com.br\/conteudocorp\/?s={search_term_string}\"},\"query-input\":{\"@type\":\"PropertyValueSpecification\",\"valueRequired\":true,\"valueName\":\"search_term_string\"}}],\"inLanguage\":\"pt-BR\"}]}<\/script>\n<!-- \/ Yoast SEO plugin. -->","yoast_head_json":{"title":"Acoi: Projetos de Constru\u00e7\u00e3o de Excel\u00eancia em Itatiba","description":"Descubra como a Acoi se destaca em projetos de constru\u00e7\u00e3o em Itatiba, oferecendo inova\u00e7\u00e3o, qualidade e confian\u00e7a.","robots":{"index":"index","follow":"follow","max-snippet":"max-snippet:-1","max-image-preview":"max-image-preview:large","max-video-preview":"max-video-preview:-1"},"canonical":"https:\/\/acoi.com.br\/conteudocorp\/construindo-o-futuro-projetos-de-construcao-em-itatiba-pela-acoi\/","og_locale":"pt_BR","og_type":"article","og_title":"Acoi: Projetos de Constru\u00e7\u00e3o de Excel\u00eancia em Itatiba","og_description":"Descubra como a Acoi se destaca em projetos de constru\u00e7\u00e3o em Itatiba, oferecendo inova\u00e7\u00e3o, qualidade e confian\u00e7a.","og_url":"https:\/\/acoi.com.br\/conteudocorp\/construindo-o-futuro-projetos-de-construcao-em-itatiba-pela-acoi\/","og_site_name":"Acoi Corp","twitter_card":"summary_large_image","twitter_misc":{"Est. tempo de leitura":"1 minuto"},"schema":{"@context":"https:\/\/schema.org","@graph":[{"@type":"WebPage","@id":"https:\/\/acoi.com.br\/conteudocorp\/construindo-o-futuro-projetos-de-construcao-em-itatiba-pela-acoi\/","url":"https:\/\/acoi.com.br\/conteudocorp\/construindo-o-futuro-projetos-de-construcao-em-itatiba-pela-acoi\/","name":"Acoi: Projetos de Constru\u00e7\u00e3o de Excel\u00eancia em Itatiba","isPartOf":{"@id":"https:\/\/acoi.com.br\/conteudocorp\/#website"},"datePublished":"2025-10-07T21:11:33+00:00","dateModified":"2025-10-07T21:11:33+00:00","description":"Descubra como a Acoi se destaca em projetos de constru\u00e7\u00e3o em Itatiba, oferecendo inova\u00e7\u00e3o, qualidade e confian\u00e7a.","breadcrumb":{"@id":"https:\/\/acoi.com.br\/conteudocorp\/construindo-o-futuro-projetos-de-construcao-em-itatiba-pela-acoi\/#breadcrumb"},"inLanguage":"pt-BR","potentialAction":[{"@type":"ReadAction","target":["https:\/\/acoi.com.br\/conteudocorp\/construindo-o-futuro-projetos-de-construcao-em-itatiba-pela-acoi\/"]}]},{"@type":"BreadcrumbList","@id":"https:\/\/acoi.com.br\/conteudocorp\/construindo-o-futuro-projetos-de-construcao-em-itatiba-pela-acoi\/#breadcrumb","itemListElement":[{"@type":"ListItem","position":1,"name":"Home","item":"https:\/\/acoi.com.br\/conteudocorp\/"},{"@type":"ListItem","position":2,"name":"Construindo o Futuro: Projetos de Constru\u00e7\u00e3o em Itatiba pela Acoi"}]},{"@type":"WebSite","@id":"https:\/\/acoi.com.br\/conteudocorp\/#website","url":"https:\/\/acoi.com.br\/conteudocorp\/","name":"Acoi Corp","description":"","potentialAction":[{"@type":"SearchAction","target":{"@type":"EntryPoint","urlTemplate":"https:\/\/acoi.com.br\/conteudocorp\/?s={search_term_string}"},"query-input":{"@type":"PropertyValueSpecification","valueRequired":true,"valueName":"search_term_string"}}],"inLanguage":"pt-BR"}]}},"_links":{"self":[{"href":"https:\/\/acoi.com.br\/conteudocorp\/wp-json\/wp\/v2\/pages\/95021","targetHints":{"allow":["GET"]}}],"collection":[{"href":"https:\/\/acoi.com.br\/conteudocorp\/wp-json\/wp\/v2\/pages"}],"about":[{"href":"https:\/\/acoi.com.br\/conteudocorp\/wp-json\/wp\/v2\/types\/page"}],"author":[{"embeddable":true,"href":"https:\/\/acoi.com.br\/conteudocorp\/wp-json\/wp\/v2\/users\/3"}],"replies":[{"embeddable":true,"href":"https:\/\/acoi.com.br\/conteudocorp\/wp-json\/wp\/v2\/comments?post=95021"}],"version-history":[{"count":0,"href":"https:\/\/acoi.com.br\/conteudocorp\/wp-json\/wp\/v2\/pages\/95021\/revisions"}],"wp:attachment":[{"href":"https:\/\/acoi.com.br\/conteudocorp\/wp-json\/wp\/v2\/media?parent=95021"}],"curies":[{"name":"wp","href":"https:\/\/api.w.org\/{rel}","templated":true}]}}