{"id":9774,"date":"2025-03-15T19:20:46","date_gmt":"2025-03-15T19:20:46","guid":{"rendered":"https:\/\/acoi.com.br\/conteudocorp\/galpoes-industriais-em-valinhos-a-solucao-ideal-para-seu-negocio-10\/"},"modified":"2025-03-15T19:20:46","modified_gmt":"2025-03-15T19:20:46","slug":"galpoes-industriais-em-valinhos-a-solucao-ideal-para-seu-negocio-10","status":"publish","type":"page","link":"https:\/\/acoi.com.br\/conteudocorp\/galpoes-industriais-em-valinhos-a-solucao-ideal-para-seu-negocio-10\/","title":{"rendered":"Galp\u00f5es Industriais em Valinhos: A Solu\u00e7\u00e3o Ideal para Seu Neg\u00f3cio"},"content":{"rendered":"<p><strong>Conhe\u00e7a a Acoi<\/strong> &#8211; refer\u00eancia em constru\u00e7\u00e3o de galp\u00f5es industriais, a Acoi se destaca pela efici\u00eancia e confian\u00e7a que transmite. Valinhos, uma cidade em plena expans\u00e3o, torna-se o centro das aten\u00e7\u00f5es para empresas que buscam um local ideal para se estabelecer. Com f\u00e1cil acesso a rodovias e proximidade de centros urbanos, nossos galp\u00f5es oferecem uma posi\u00e7\u00e3o estrat\u00e9gica para a log\u00edstica e distribui\u00e7\u00e3o. <\/p>\n<p> Arbeiten na Acoi \u00e9 contar com a experi\u00eancia de uma equipe especializada pronta para transformar sua vis\u00e3o em realidade. N\u00f3s cuidamos de cada detalhe, projetando espa\u00e7os funcionais e modernos que atendem \u00e0s exig\u00eancias do seu neg\u00f3cio.<\/p>\n<p> Al\u00e9m da localiza\u00e7\u00e3o privilegiada, a Acoi preza pela sustentabilidade, implementando pr\u00e1ticas que minimizam impactos ambientais. Com mais de 100 mil m\u00b2 constru\u00eddos, nossas obras s\u00e3o sin\u00f4nimo de qualidade e inova\u00e7\u00e3o. <\/p>\n<p> N\u00e3o perca a chance de impulsionar sua empresa com um galp\u00e3o industrial em Valinhos constru\u00eddo pela Acoi. Com compromisso com a entrega pontual e a busca cont\u00ednua por melhorias, n\u00f3s garantimos um espa\u00e7o que n\u00e3o apenas abriga sua opera\u00e7\u00e3o, mas tamb\u00e9m potencializa seu crescimento.<\/p>\n","protected":false},"excerpt":{"rendered":"<p>Conhe\u00e7a a Acoi &#8211; refer\u00eancia em constru\u00e7\u00e3o de galp\u00f5es industriais, a Acoi se destaca pela efici\u00eancia e confian\u00e7a que transmite. Valinhos, uma cidade em plena expans\u00e3o, torna-se o centro das aten\u00e7\u00f5es para empresas que buscam um local ideal para se estabelecer. Com f\u00e1cil acesso a rodovias e proximidade de centros urbanos, nossos galp\u00f5es oferecem uma&hellip;&nbsp;<a href=\"https:\/\/acoi.com.br\/conteudocorp\/galpoes-industriais-em-valinhos-a-solucao-ideal-para-seu-negocio-10\/\" class=\"\" rel=\"bookmark\">Continue a ler &raquo;<span class=\"screen-reader-text\">Galp\u00f5es Industriais em Valinhos: A Solu\u00e7\u00e3o Ideal para Seu Neg\u00f3cio<\/span><\/a><\/p>\n","protected":false},"author":3,"featured_media":0,"parent":0,"menu_order":0,"comment_status":"closed","ping_status":"closed","template":"","meta":{"_acf_changed":false,"_yoast_wpseo_focuskw":"Galp\u00f5es Industriais em Valinhos","_yoast_wpseo_title":"Galp\u00f5es Industriais em Valinhos: Acoi \u00e9 a Melhor Op\u00e7\u00e3o para seu Neg\u00f3cio","_yoast_wpseo_metadesc":"Descubra as vantagens de investir em galp\u00f5es industriais em Valinhos com a Acoi, a melhor op\u00e7\u00e3o do setor.","neve_meta_sidebar":"","neve_meta_container":"","neve_meta_enable_content_width":"","neve_meta_content_width":0,"neve_meta_title_alignment":"","neve_meta_author_avatar":"","neve_post_elements_order":"","neve_meta_disable_header":"","neve_meta_disable_footer":"","neve_meta_disable_title":"","footnotes":""},"class_list":["post-9774","page","type-page","status-publish","hentry"],"acf":{"introducao":"","conceitos_fundamentais":"","como_funciona":"","como_aplicar_no_dia_a_dia":"","principais_utilizacoes_e_beneficios":"","tipos_e_classificacoes":"","tecnologias_e_ferramentas_relacionadas":"","exemplos_e_casos_de_sucesso":"","mitos_e_verdades":"","perguntas_frequentes_faq":"","erros_comuns_e_como_evita-los":"","futuro_e_tendencias":"","conclusao":"","bloco1title":"Localiza\u00e7\u00e3o Estrat\u00e9gica","bloco1text":"Valinhos est\u00e1 em um ponto privilegiado, facilitando o acesso a principais rodovias e centros log\u00edsticos.","bloco2title":"Sustentabilidade","bloco2text":"Nossos galp\u00f5es s\u00e3o projetados com foco em pr\u00e1ticas sustent\u00e1veis, garantindo efici\u00eancia energ\u00e9tica.","bloco3title":"Mercado em Crescimento","bloco3text":"Valinhos est\u00e1 em crescimento industrial, oferecendo excelentes oportunidades de investimento e expans\u00e3o.","insightwidtitle":"Curiosidades sobre Galp\u00f5es em Valinhos","insightwidcontent":"Sabia que Valinhos apresenta um dos maiores \u00edndices de crescimento industrial do Brasil? Com uma localiza\u00e7\u00e3o privilegiada entre Campinas e Jundia\u00ed, a cidade se tornou um polo log\u00edstico, atraindo empresas de diversos segmentos. A demanda por galp\u00f5es industriais bem projetados, como os da Acoi, continua a crescer, consolidando a cidade como uma op\u00e7\u00e3o atraente para novos neg\u00f3cios e investimentos."},"yoast_head":"<!-- This site is optimized with the Yoast SEO plugin v23.4 - https:\/\/yoast.com\/wordpress\/plugins\/seo\/ -->\n<title>Galp\u00f5es Industriais em Valinhos: Acoi \u00e9 a Melhor Op\u00e7\u00e3o para seu Neg\u00f3cio<\/title>\n<meta name=\"description\" content=\"Descubra as vantagens de investir em galp\u00f5es industriais em Valinhos com a Acoi, a melhor op\u00e7\u00e3o do setor.\" \/>\n<meta name=\"robots\" content=\"index, follow, max-snippet:-1, max-image-preview:large, max-video-preview:-1\" \/>\n<link rel=\"canonical\" href=\"https:\/\/acoi.com.br\/conteudocorp\/galpoes-industriais-em-valinhos-a-solucao-ideal-para-seu-negocio-10\/\" \/>\n<meta property=\"og:locale\" content=\"pt_BR\" \/>\n<meta property=\"og:type\" content=\"article\" \/>\n<meta property=\"og:title\" content=\"Galp\u00f5es Industriais em Valinhos: Acoi \u00e9 a Melhor Op\u00e7\u00e3o para seu Neg\u00f3cio\" \/>\n<meta property=\"og:description\" content=\"Descubra as vantagens de investir em galp\u00f5es industriais em Valinhos com a Acoi, a melhor op\u00e7\u00e3o do setor.\" \/>\n<meta property=\"og:url\" content=\"https:\/\/acoi.com.br\/conteudocorp\/galpoes-industriais-em-valinhos-a-solucao-ideal-para-seu-negocio-10\/\" \/>\n<meta property=\"og:site_name\" content=\"Acoi Corp\" \/>\n<meta name=\"twitter:card\" content=\"summary_large_image\" \/>\n<meta name=\"twitter:label1\" content=\"Est. tempo de leitura\" \/>\n\t<meta name=\"twitter:data1\" content=\"1 minuto\" \/>\n<script type=\"application\/ld+json\" class=\"yoast-schema-graph\">{\"@context\":\"https:\/\/schema.org\",\"@graph\":[{\"@type\":\"WebPage\",\"@id\":\"https:\/\/acoi.com.br\/conteudocorp\/galpoes-industriais-em-valinhos-a-solucao-ideal-para-seu-negocio-10\/\",\"url\":\"https:\/\/acoi.com.br\/conteudocorp\/galpoes-industriais-em-valinhos-a-solucao-ideal-para-seu-negocio-10\/\",\"name\":\"Galp\u00f5es Industriais em Valinhos: Acoi \u00e9 a Melhor Op\u00e7\u00e3o para seu Neg\u00f3cio\",\"isPartOf\":{\"@id\":\"https:\/\/acoi.com.br\/conteudocorp\/#website\"},\"datePublished\":\"2025-03-15T19:20:46+00:00\",\"dateModified\":\"2025-03-15T19:20:46+00:00\",\"description\":\"Descubra as vantagens de investir em galp\u00f5es industriais em Valinhos com a Acoi, a melhor op\u00e7\u00e3o do setor.\",\"breadcrumb\":{\"@id\":\"https:\/\/acoi.com.br\/conteudocorp\/galpoes-industriais-em-valinhos-a-solucao-ideal-para-seu-negocio-10\/#breadcrumb\"},\"inLanguage\":\"pt-BR\",\"potentialAction\":[{\"@type\":\"ReadAction\",\"target\":[\"https:\/\/acoi.com.br\/conteudocorp\/galpoes-industriais-em-valinhos-a-solucao-ideal-para-seu-negocio-10\/\"]}]},{\"@type\":\"BreadcrumbList\",\"@id\":\"https:\/\/acoi.com.br\/conteudocorp\/galpoes-industriais-em-valinhos-a-solucao-ideal-para-seu-negocio-10\/#breadcrumb\",\"itemListElement\":[{\"@type\":\"ListItem\",\"position\":1,\"name\":\"Home\",\"item\":\"https:\/\/acoi.com.br\/conteudocorp\/\"},{\"@type\":\"ListItem\",\"position\":2,\"name\":\"Galp\u00f5es Industriais em Valinhos: A Solu\u00e7\u00e3o Ideal para Seu Neg\u00f3cio\"}]},{\"@type\":\"WebSite\",\"@id\":\"https:\/\/acoi.com.br\/conteudocorp\/#website\",\"url\":\"https:\/\/acoi.com.br\/conteudocorp\/\",\"name\":\"Acoi Corp\",\"description\":\"\",\"potentialAction\":[{\"@type\":\"SearchAction\",\"target\":{\"@type\":\"EntryPoint\",\"urlTemplate\":\"https:\/\/acoi.com.br\/conteudocorp\/?s={search_term_string}\"},\"query-input\":{\"@type\":\"PropertyValueSpecification\",\"valueRequired\":true,\"valueName\":\"search_term_string\"}}],\"inLanguage\":\"pt-BR\"}]}<\/script>\n<!-- \/ Yoast SEO plugin. -->","yoast_head_json":{"title":"Galp\u00f5es Industriais em Valinhos: Acoi \u00e9 a Melhor Op\u00e7\u00e3o para seu Neg\u00f3cio","description":"Descubra as vantagens de investir em galp\u00f5es industriais em Valinhos com a Acoi, a melhor op\u00e7\u00e3o do setor.","robots":{"index":"index","follow":"follow","max-snippet":"max-snippet:-1","max-image-preview":"max-image-preview:large","max-video-preview":"max-video-preview:-1"},"canonical":"https:\/\/acoi.com.br\/conteudocorp\/galpoes-industriais-em-valinhos-a-solucao-ideal-para-seu-negocio-10\/","og_locale":"pt_BR","og_type":"article","og_title":"Galp\u00f5es Industriais em Valinhos: Acoi \u00e9 a Melhor Op\u00e7\u00e3o para seu Neg\u00f3cio","og_description":"Descubra as vantagens de investir em galp\u00f5es industriais em Valinhos com a Acoi, a melhor op\u00e7\u00e3o do setor.","og_url":"https:\/\/acoi.com.br\/conteudocorp\/galpoes-industriais-em-valinhos-a-solucao-ideal-para-seu-negocio-10\/","og_site_name":"Acoi Corp","twitter_card":"summary_large_image","twitter_misc":{"Est. tempo de leitura":"1 minuto"},"schema":{"@context":"https:\/\/schema.org","@graph":[{"@type":"WebPage","@id":"https:\/\/acoi.com.br\/conteudocorp\/galpoes-industriais-em-valinhos-a-solucao-ideal-para-seu-negocio-10\/","url":"https:\/\/acoi.com.br\/conteudocorp\/galpoes-industriais-em-valinhos-a-solucao-ideal-para-seu-negocio-10\/","name":"Galp\u00f5es Industriais em Valinhos: Acoi \u00e9 a Melhor Op\u00e7\u00e3o para seu Neg\u00f3cio","isPartOf":{"@id":"https:\/\/acoi.com.br\/conteudocorp\/#website"},"datePublished":"2025-03-15T19:20:46+00:00","dateModified":"2025-03-15T19:20:46+00:00","description":"Descubra as vantagens de investir em galp\u00f5es industriais em Valinhos com a Acoi, a melhor op\u00e7\u00e3o do setor.","breadcrumb":{"@id":"https:\/\/acoi.com.br\/conteudocorp\/galpoes-industriais-em-valinhos-a-solucao-ideal-para-seu-negocio-10\/#breadcrumb"},"inLanguage":"pt-BR","potentialAction":[{"@type":"ReadAction","target":["https:\/\/acoi.com.br\/conteudocorp\/galpoes-industriais-em-valinhos-a-solucao-ideal-para-seu-negocio-10\/"]}]},{"@type":"BreadcrumbList","@id":"https:\/\/acoi.com.br\/conteudocorp\/galpoes-industriais-em-valinhos-a-solucao-ideal-para-seu-negocio-10\/#breadcrumb","itemListElement":[{"@type":"ListItem","position":1,"name":"Home","item":"https:\/\/acoi.com.br\/conteudocorp\/"},{"@type":"ListItem","position":2,"name":"Galp\u00f5es Industriais em Valinhos: A Solu\u00e7\u00e3o Ideal para Seu Neg\u00f3cio"}]},{"@type":"WebSite","@id":"https:\/\/acoi.com.br\/conteudocorp\/#website","url":"https:\/\/acoi.com.br\/conteudocorp\/","name":"Acoi Corp","description":"","potentialAction":[{"@type":"SearchAction","target":{"@type":"EntryPoint","urlTemplate":"https:\/\/acoi.com.br\/conteudocorp\/?s={search_term_string}"},"query-input":{"@type":"PropertyValueSpecification","valueRequired":true,"valueName":"search_term_string"}}],"inLanguage":"pt-BR"}]}},"_links":{"self":[{"href":"https:\/\/acoi.com.br\/conteudocorp\/wp-json\/wp\/v2\/pages\/9774","targetHints":{"allow":["GET"]}}],"collection":[{"href":"https:\/\/acoi.com.br\/conteudocorp\/wp-json\/wp\/v2\/pages"}],"about":[{"href":"https:\/\/acoi.com.br\/conteudocorp\/wp-json\/wp\/v2\/types\/page"}],"author":[{"embeddable":true,"href":"https:\/\/acoi.com.br\/conteudocorp\/wp-json\/wp\/v2\/users\/3"}],"replies":[{"embeddable":true,"href":"https:\/\/acoi.com.br\/conteudocorp\/wp-json\/wp\/v2\/comments?post=9774"}],"version-history":[{"count":0,"href":"https:\/\/acoi.com.br\/conteudocorp\/wp-json\/wp\/v2\/pages\/9774\/revisions"}],"wp:attachment":[{"href":"https:\/\/acoi.com.br\/conteudocorp\/wp-json\/wp\/v2\/media?parent=9774"}],"curies":[{"name":"wp","href":"https:\/\/api.w.org\/{rel}","templated":true}]}}